757
CDUS46 KHNX 170823
CLIBFL


CLIMATE REPORT
NATIONAL WEATHER SERVICE SAN JOAQUIN VALLEY, CA
123 AM PDT TUE OCT 17 2017


...................................

...THE BAKERSFIELD CLIMATE SUMMARY FOR OCTOBER 16 2017...

CLIMATE NORMAL PERIOD 1981 TO 2010
CLIMATE RECORD PERIOD 1889 TO 2017


WEATHER ITEM   OBSERVED TIME   RECORD YEAR NORMAL DEPARTURE
                VALUE   (LST)  VALUE       VALUE  FROM
                                                  NORMAL
...............................................................
TEMPERATURE (F)
 YESTERDAY
  MAXIMUM         84    329 PM  98    1954  80      4
  MINIMUM         52    534 AM  35    1899  55     -3
  AVERAGE         68                        67      1

PRECIPITATION (IN)
  YESTERDAY        0.00          0.27 1963   0.01  -0.01
  MONTH TO DATE    T                         0.10  -0.10
  SINCE OCT 1      T                         0.10  -0.10
  SINCE JAN 1      5.31                      4.61   0.70

SNOWFALL (IN)
  YESTERDAY        0.0
  MONTH TO DATE    0.0
  SINCE SEP 1      0.0
  SINCE JUL 1      0.0
  SNOW DEPTH       0

DEGREE DAYS
 HEATING
  YESTERDAY        0                               -1
  MONTH TO DATE   10                                0
  SINCE SEP 1     11                               -1
  SINCE JUL 1     11                               -1

 COOLING
  YESTERDAY        3                               -1
  MONTH TO DATE   57                              -37
  SINCE SEP 1    492                               36
  SINCE JAN 1   2860                              636
...............................................................


WIND (MPH)
  HIGHEST WIND SPEED    12   HIGHEST WIND DIRECTION    NW (310)
  HIGHEST GUST SPEED    13   HIGHEST GUST DIRECTION     W (270)
  AVERAGE WIND SPEED     3.5




RELATIVE HUMIDITY (PERCENT)
 HIGHEST    47
 LOWEST     23
 AVERAGE    35

..........................................................


THE BAKERSFIELD CLIMATE NORMALS FOR TODAY
                         NORMAL    RECORD    YEAR
 MAXIMUM TEMPERATURE (F)   79       100      1959
 MINIMUM TEMPERATURE (F)   55        37      1908


SUNRISE AND SUNSET
OCTOBER 17 2017.......SUNRISE   704 AM PDT   SUNSET   618 PM PDT
OCTOBER 18 2017.......SUNRISE   705 AM PDT   SUNSET   617 PM PDT


-  INDICATES NEGATIVE NUMBERS.
R  INDICATES RECORD WAS SET OR TIED.
MM INDICATES DATA IS MISSING.
T  INDICATES TRACE AMOUNT.




$$
