000
CDUS46 KHNX 270821
CLIBFL


CLIMATE REPORT
NATIONAL WEATHER SERVICE SAN JOAQUIN VALLEY, CA
1221 AM PST SAT DEC 27 2014


...................................

...THE BAKERSFIELD CLIMATE SUMMARY FOR DECEMBER 26 2014...

CLIMATE NORMAL PERIOD 1981 TO 2010
CLIMATE RECORD PERIOD 1889 TO 2014


WEATHER ITEM   OBSERVED TIME   RECORD YEAR NORMAL DEPARTURE
                VALUE   (LST)  VALUE       VALUE  FROM
                                                  NORMAL
...............................................................
TEMPERATURE (F)
 YESTERDAY
  MAXIMUM         53    346 PM  71    1999  55     -2
                                      1921
  MINIMUM         37    732 AM  20    1905  39     -2
  AVERAGE         45                        47     -2

PRECIPITATION (IN)
  YESTERDAY        0.00          0.18 1968   0.04  -0.04
  MONTH TO DATE    1.91                      0.83   1.08
  SINCE JUL 1      2.57                      1.89   0.68
  SINCE JAN 1      3.91                      6.28  -2.37

SNOWFALL (IN)
  YESTERDAY        0.0
  MONTH TO DATE    0.0
  SINCE DEC 1      0.0
  SINCE JUL 1      0.0
  SNOW DEPTH       0

DEGREE DAYS
 HEATING
  YESTERDAY       20                                2
  MONTH TO DATE  234                             -208
  SINCE DEC 1    234                             -208
  SINCE JUL 1    408                             -392

 COOLING
  YESTERDAY        0                                0
  MONTH TO DATE    0                                0
  SINCE DEC 1      0                                0
  SINCE JAN 1   2983                              725
...............................................................


WIND (MPH)
  HIGHEST WIND SPEED     8   HIGHEST WIND DIRECTION    NE (40)
  HIGHEST GUST SPEED    10   HIGHEST GUST DIRECTION     E (110)
  AVERAGE WIND SPEED     3.7




RELATIVE HUMIDITY (PERCENT)
 HIGHEST    79
 LOWEST     46
 AVERAGE    63

..........................................................


THE BAKERSFIELD CLIMATE NORMALS FOR TODAY
                         NORMAL    RECORD    YEAR
 MAXIMUM TEMPERATURE (F)   55        72      1991
                                             1917
 MINIMUM TEMPERATURE (F)   39        23      1930
                                             1912
                                             1901


SUNRISE AND SUNSET
DECEMBER 27 2014......SUNRISE   704 AM PST   SUNSET   451 PM PST
DECEMBER 28 2014......SUNRISE   704 AM PST   SUNSET   451 PM PST


-  INDICATES NEGATIVE NUMBERS.
R  INDICATES RECORD WAS SET OR TIED.
MM INDICATES DATA IS MISSING.
T  INDICATES TRACE AMOUNT.




$$
