000
CDUS46 KHNX 290821
CLIBFL


CLIMATE REPORT
NATIONAL WEATHER SERVICE SAN JOAQUIN VALLEY, CA
121 AM PDT FRI AUG 29 2014


...................................

...THE BAKERSFIELD CLIMATE SUMMARY FOR AUGUST 28 2014...

CLIMATE NORMAL PERIOD 1981 TO 2010
CLIMATE RECORD PERIOD 1889 TO 2014


WEATHER ITEM   OBSERVED TIME   RECORD YEAR NORMAL DEPARTURE
                VALUE   (LST)  VALUE       VALUE  FROM
                                                  NORMAL
...............................................................
TEMPERATURE (F)
 YESTERDAY
  MAXIMUM        103    317 PM 109    1944  94      9
                                      1924
  MINIMUM         70    602 AM  48    1903  67      3
  AVERAGE         87                        81      6

PRECIPITATION (IN)
  YESTERDAY        0.00          0.03 1916   0.00   0.00
  MONTH TO DATE    T                         0.03  -0.03
  SINCE JUL 1      T                         0.03  -0.03
  SINCE JAN 1      1.34                      4.42  -3.08

SNOWFALL (IN)
  YESTERDAY        0.0
  MONTH TO DATE    0.0
  SINCE JUN 1      0.0
  SINCE JUL 1      0.0
  SNOW DEPTH       0

DEGREE DAYS
 HEATING
  YESTERDAY        0                                0
  MONTH TO DATE    0                                0
  SINCE JUN 1      0                               -2
  SINCE JUL 1      0                                0

 COOLING
  YESTERDAY       22                                6
  MONTH TO DATE  566                               73
  SINCE JUN 1   1769                              314
  SINCE JAN 1   2221                              499
...............................................................


WIND (MPH)
  HIGHEST WIND SPEED    16   HIGHEST WIND DIRECTION    NW (310)
  HIGHEST GUST SPEED    21   HIGHEST GUST DIRECTION     W (290)
  AVERAGE WIND SPEED     7.2




RELATIVE HUMIDITY (PERCENT)
 HIGHEST    33
 LOWEST     13
 AVERAGE    23

..........................................................


THE BAKERSFIELD CLIMATE NORMALS FOR TODAY
                         NORMAL    RECORD    YEAR
 MAXIMUM TEMPERATURE (F)   94       109      1915
 MINIMUM TEMPERATURE (F)   67        45      1903


SUNRISE AND SUNSET
AUGUST 29 2014........SUNRISE   626 AM PDT   SUNSET   727 PM PDT
AUGUST 30 2014........SUNRISE   627 AM PDT   SUNSET   726 PM PDT


-  INDICATES NEGATIVE NUMBERS.
R  INDICATES RECORD WAS SET OR TIED.
MM INDICATES DATA IS MISSING.
T  INDICATES TRACE AMOUNT.




$$
