868
CDUS46 KHNX 260823
CLIBFL


CLIMATE REPORT
NATIONAL WEATHER SERVICE SAN JOAQUIN VALLEY, CA
123 AM PDT WED APR 26 2017


...................................

...THE BAKERSFIELD CLIMATE SUMMARY FOR APRIL 25 2017...

CLIMATE NORMAL PERIOD 1981 TO 2010
CLIMATE RECORD PERIOD 1889 TO 2017


WEATHER ITEM   OBSERVED TIME   RECORD YEAR NORMAL DEPARTURE
                VALUE   (LST)  VALUE       VALUE  FROM
                                                  NORMAL
...............................................................
TEMPERATURE (F)
 YESTERDAY
  MAXIMUM         73    357 PM  97    1946  78     -5
  MINIMUM         52    523 AM  32    1893  52      0
  AVERAGE         63                        65     -2

PRECIPITATION (IN)
  YESTERDAY        0.00          0.53 1952   0.01  -0.01
  MONTH TO DATE    0.35                      0.46  -0.11
  SINCE OCT 1      7.76                      6.03   1.73
  SINCE JAN 1      4.73                      4.07   0.66

SNOWFALL (IN)
  YESTERDAY        0.0
  MONTH TO DATE    0.0
  SINCE MAR 1      0.0
  SINCE JUL 1      0.0
  SNOW DEPTH       0

DEGREE DAYS
 HEATING
  YESTERDAY        2                               -1
  MONTH TO DATE   50                              -68
  SINCE MAR 1    222                             -135
  SINCE JUL 1   1590                             -541

 COOLING
  YESTERDAY        0                               -3
  MONTH TO DATE   42                                0
  SINCE MAR 1     66                               15
  SINCE JAN 1     68                               17
...............................................................


WIND (MPH)
  HIGHEST WIND SPEED    17   HIGHEST WIND DIRECTION    NW (330)
  HIGHEST GUST SPEED    23   HIGHEST GUST DIRECTION    NW (330)
  AVERAGE WIND SPEED     8.8




RELATIVE HUMIDITY (PERCENT)
 HIGHEST    83
 LOWEST     33
 AVERAGE    58

..........................................................


THE BAKERSFIELD CLIMATE NORMALS FOR TODAY
                         NORMAL    RECORD    YEAR
 MAXIMUM TEMPERATURE (F)   78        98      1926
                                             1913
 MINIMUM TEMPERATURE (F)   53        32      1893


SUNRISE AND SUNSET
APRIL 26 2017.........SUNRISE   610 AM PDT   SUNSET   739 PM PDT
APRIL 27 2017.........SUNRISE   609 AM PDT   SUNSET   739 PM PDT


-  INDICATES NEGATIVE NUMBERS.
R  INDICATES RECORD WAS SET OR TIED.
MM INDICATES DATA IS MISSING.
T  INDICATES TRACE AMOUNT.




$$
