000
CDUS46 KHNX 240822
CLIBFL


CLIMATE REPORT
NATIONAL WEATHER SERVICE SAN JOAQUIN VALLEY, CA
121 AM PDT FRI OCT 24 2014


...................................

...THE BAKERSFIELD CLIMATE SUMMARY FOR OCTOBER 23 2014...

CLIMATE NORMAL PERIOD 1981 TO 2010
CLIMATE RECORD PERIOD 1889 TO 2014


WEATHER ITEM   OBSERVED TIME   RECORD YEAR NORMAL DEPARTURE
                VALUE   (LST)  VALUE       VALUE  FROM
                                                  NORMAL
...............................................................
TEMPERATURE (F)
 YESTERDAY
  MAXIMUM         78    232 PM  97    1929  76      2
  MINIMUM         55    608 AM  34    1906  53      2
  AVERAGE         67                        64      3

PRECIPITATION (IN)
  YESTERDAY        0.00          0.35 1902   0.01  -0.01
  MONTH TO DATE    0.00                      0.17  -0.17
  SINCE JUL 1      0.01                      0.29  -0.28
  SINCE JAN 1      1.35                      4.68  -3.33

SNOWFALL (IN)
  YESTERDAY        0.0
  MONTH TO DATE    0.0
  SINCE SEP 1      0.0
  SINCE JUL 1      0.0
  SNOW DEPTH       0

DEGREE DAYS
 HEATING
  YESTERDAY        0                               -3
  MONTH TO DATE    0                              -25
  SINCE SEP 1      0                              -27
  SINCE JUL 1      0                              -27

 COOLING
  YESTERDAY        2                                0
  MONTH TO DATE  199                               86
  SINCE SEP 1    684                              209
  SINCE JAN 1   2965                              722
...............................................................


WIND (MPH)
  HIGHEST WIND SPEED    10   HIGHEST WIND DIRECTION     W (290)
  HIGHEST GUST SPEED    14   HIGHEST GUST DIRECTION     W (290)
  AVERAGE WIND SPEED     4.2




RELATIVE HUMIDITY (PERCENT)
 HIGHEST    62
 LOWEST     33
 AVERAGE    48

..........................................................


THE BAKERSFIELD CLIMATE NORMALS FOR TODAY
                         NORMAL    RECORD    YEAR
 MAXIMUM TEMPERATURE (F)   76        95      1959
 MINIMUM TEMPERATURE (F)   52        32      1912


SUNRISE AND SUNSET
OCTOBER 24 2014.......SUNRISE   710 AM PDT   SUNSET   610 PM PDT
OCTOBER 25 2014.......SUNRISE   711 AM PDT   SUNSET   609 PM PDT


-  INDICATES NEGATIVE NUMBERS.
R  INDICATES RECORD WAS SET OR TIED.
MM INDICATES DATA IS MISSING.
T  INDICATES TRACE AMOUNT.




$$
