000
CDUS46 KHNX 160827
CLIBFL


CLIMATE REPORT
NATIONAL WEATHER SERVICE SAN JOAQUIN VALLEY, CA
127 AM PDT WED APR 16 2014


...................................

...THE BAKERSFIELD CLIMATE SUMMARY FOR APRIL 15 2014...

CLIMATE NORMAL PERIOD 1981 TO 2010
CLIMATE RECORD PERIOD 1889 TO 2014


WEATHER ITEM   OBSERVED TIME   RECORD YEAR NORMAL DEPARTURE
                VALUE   (LST)  VALUE       VALUE  FROM
                                                  NORMAL
...............................................................
TEMPERATURE (F)
 YESTERDAY
  MAXIMUM         88    351 PM  97    1994  75     13
                                      1947
  MINIMUM         61    552 AM  36    1921  50     11
                                      1918
                                      1893
  AVERAGE         75                        62     13

PRECIPITATION (IN)
  YESTERDAY        0.00          0.22 2007   0.01  -0.01
  MONTH TO DATE    0.14                      0.31  -0.17
  SINCE JUL 1      2.01                      6.00  -3.99
  SINCE JAN 1      0.94                      3.92  -2.98

SNOWFALL (IN)
  YESTERDAY        0.0
  MONTH TO DATE    0.0
  SINCE MAR 1      0.0
  SINCE JUL 1      0.0
  SNOW DEPTH       0

DEGREE DAYS
 HEATING
  YESTERDAY        0                               -5
  MONTH TO DATE   44                              -39
  SINCE MAR 1    144                             -178
  SINCE JUL 1   1472                             -624

 COOLING
  YESTERDAY       10                                8
  MONTH TO DATE   74                               55
  SINCE MAR 1     94                               66
  SINCE JAN 1    103                               75
...............................................................


WIND (MPH)
  HIGHEST WIND SPEED    17   HIGHEST WIND DIRECTION    NW (300)
  HIGHEST GUST SPEED    22   HIGHEST GUST DIRECTION    NW (300)
  AVERAGE WIND SPEED     5.6




RELATIVE HUMIDITY (PERCENT)
 HIGHEST    43
 LOWEST     16
 AVERAGE    30

..........................................................


THE BAKERSFIELD CLIMATE NORMALS FOR TODAY
                         NORMAL    RECORD    YEAR
 MAXIMUM TEMPERATURE (F)   75        97      1947
 MINIMUM TEMPERATURE (F)   50        34      1922


SUNRISE AND SUNSET
APRIL 16 2014.........SUNRISE   622 AM PDT   SUNSET   730 PM PDT
APRIL 17 2014.........SUNRISE   621 AM PDT   SUNSET   731 PM PDT


-  INDICATES NEGATIVE NUMBERS.
R  INDICATES RECORD WAS SET OR TIED.
MM INDICATES DATA IS MISSING.
T  INDICATES TRACE AMOUNT.




$$
