000
CDUS46 KHNX 200826
CLIBFL


CLIMATE REPORT
NATIONAL WEATHER SERVICE SAN JOAQUIN VALLEY, CA
1224 AM PST MON FEB 20 2017


...................................

...THE BAKERSFIELD CLIMATE SUMMARY FOR FEBRUARY 19 2017...

CLIMATE NORMAL PERIOD 1981 TO 2010
CLIMATE RECORD PERIOD 1889 TO 2017


WEATHER ITEM   OBSERVED TIME   RECORD YEAR NORMAL DEPARTURE
                VALUE   (LST)  VALUE       VALUE  FROM
                                                  NORMAL
...............................................................
TEMPERATURE (F)
 YESTERDAY
  MAXIMUM         62    315 PM  85    1977  64     -2
  MINIMUM         50    807 AM  28    1953  43      7
  AVERAGE         56                        54      2

PRECIPITATION (IN)
  YESTERDAY        0.24          0.96 1962   0.05   0.19
  MONTH TO DATE    1.42                      0.84   0.58
  SINCE OCT 1      7.21                      3.96   3.25
  SINCE JAN 1      4.18                      2.00   2.18

SNOWFALL (IN)
  YESTERDAY        0.0
  MONTH TO DATE    0.0
  SINCE DEC 1      0.0
  SINCE JUL 1      0.0
  SNOW DEPTH       0

DEGREE DAYS
 HEATING
  YESTERDAY        9                               -2
  MONTH TO DATE  121                             -133
  SINCE DEC 1   1036                             -286
  SINCE JUL 1   1241                             -439

 COOLING
  YESTERDAY        0                                0
  MONTH TO DATE    0                                0
  SINCE DEC 1      2                                2
  SINCE JAN 1      2                                2
...............................................................


WIND (MPH)
  HIGHEST WIND SPEED    15   HIGHEST WIND DIRECTION    NW (320)
  HIGHEST GUST SPEED    18   HIGHEST GUST DIRECTION    NW (320)
  AVERAGE WIND SPEED     4.3




RELATIVE HUMIDITY (PERCENT)
 HIGHEST    83
 LOWEST     51
 AVERAGE    67

..........................................................


THE BAKERSFIELD CLIMATE NORMALS FOR TODAY
                         NORMAL    RECORD    YEAR
 MAXIMUM TEMPERATURE (F)   64        81      1977
 MINIMUM TEMPERATURE (F)   43        26      1906


SUNRISE AND SUNSET
FEBRUARY 20 2017......SUNRISE   637 AM PST   SUNSET   544 PM PST
FEBRUARY 21 2017......SUNRISE   635 AM PST   SUNSET   545 PM PST


-  INDICATES NEGATIVE NUMBERS.
R  INDICATES RECORD WAS SET OR TIED.
MM INDICATES DATA IS MISSING.
T  INDICATES TRACE AMOUNT.




$$
