000
CDUS46 KHNX 010834
CLIBFL


CLIMATE REPORT
NATIONAL WEATHER SERVICE SAN JOAQUIN VALLEY, CA
1234 AM PST SUN FEB 1 2015


...................................

...THE BAKERSFIELD CLIMATE SUMMARY FOR JANUARY 31 2015...

CLIMATE NORMAL PERIOD 1981 TO 2010
CLIMATE RECORD PERIOD 1889 TO 2015


WEATHER ITEM   OBSERVED TIME   RECORD YEAR NORMAL DEPARTURE
                VALUE   (LST)  VALUE       VALUE  FROM
                                                  NORMAL
...............................................................
TEMPERATURE (F)
 YESTERDAY
  MAXIMUM         65    301 PM  82    1984  59      6
  MINIMUM         44    528 AM  23    1902  40      4
  AVERAGE         55                        50      5

PRECIPITATION (IN)
  YESTERDAY        0.00          0.76 1945   0.04  -0.04
  MONTH TO DATE    0.69                      1.16  -0.47
  SINCE OCT 1      3.36                      3.12   0.24
  SINCE JAN 1      0.69                      1.16  -0.47

SNOWFALL (IN)
  YESTERDAY        0.0
  MONTH TO DATE    0.0
  SINCE DEC 1      0.0
  SINCE JUL 1      0.0
  SNOW DEPTH       0

DEGREE DAYS
 HEATING
  YESTERDAY       10                               -5
  MONTH TO DATE  448                              -86
  SINCE DEC 1    793                             -275
  SINCE JUL 1    967                             -459

 COOLING
  YESTERDAY        0                                0
  MONTH TO DATE    0                                0
  SINCE DEC 1      0                                0
  SINCE JAN 1      0                                0
...............................................................


WIND (MPH)
  HIGHEST WIND SPEED    15   HIGHEST WIND DIRECTION    NW (310)
  HIGHEST GUST SPEED    17   HIGHEST GUST DIRECTION    NW (310)
  AVERAGE WIND SPEED     4.9




RELATIVE HUMIDITY (PERCENT)
 HIGHEST    89
 LOWEST     52
 AVERAGE    71

..........................................................


THE BAKERSFIELD CLIMATE NORMALS FOR TODAY
                         NORMAL    RECORD    YEAR
 MAXIMUM TEMPERATURE (F)   59        76      1928
 MINIMUM TEMPERATURE (F)   40        24      1902


SUNRISE AND SUNSET
FEBRUARY  1 2015......SUNRISE   656 AM PST   SUNSET   524 PM PST
FEBRUARY  2 2015......SUNRISE   655 AM PST   SUNSET   525 PM PST


-  INDICATES NEGATIVE NUMBERS.
R  INDICATES RECORD WAS SET OR TIED.
MM INDICATES DATA IS MISSING.
T  INDICATES TRACE AMOUNT.




$$
