000
CDUS46 KHNX 020821
CLIBFL


CLIMATE REPORT
NATIONAL WEATHER SERVICE SAN JOAQUIN VALLEY, CA
1221 AM PST MON MAR 2 2015


...................................

...THE BAKERSFIELD CLIMATE SUMMARY FOR MARCH 1 2015...

CLIMATE NORMAL PERIOD 1981 TO 2010
CLIMATE RECORD PERIOD 1889 TO 2015


WEATHER ITEM   OBSERVED TIME   RECORD YEAR NORMAL DEPARTURE
                VALUE   (LST)  VALUE       VALUE  FROM
                                                  NORMAL
...............................................................
TEMPERATURE (F)
 YESTERDAY
  MAXIMUM         61    339 PM  86    2009  66     -5
  MINIMUM         43    336 AM  26    1907  45     -2
                                      1906
  AVERAGE         52                        56     -4

PRECIPITATION (IN)
  YESTERDAY        0.06          0.47 1983   0.04   0.02
  MONTH TO DATE    0.06                      0.04   0.02
  SINCE OCT 1      4.32                      4.40  -0.08
  SINCE JAN 1      1.65                      2.44  -0.79

SNOWFALL (IN)
  YESTERDAY       MM
  MONTH TO DATE   MM
  SINCE MAR 1     MM
  SINCE JUL 1      0.0
  SNOW DEPTH       0

DEGREE DAYS
 HEATING
  YESTERDAY       13                                4
  MONTH TO DATE   13                                4
  SINCE MAR 1     13                                4
  SINCE JUL 1   1148                             -635

 COOLING
  YESTERDAY        0                                0
  MONTH TO DATE    0                                0
  SINCE MAR 1      0                                0
  SINCE JAN 1      4                                4
...............................................................


WIND (MPH)
  HIGHEST WIND SPEED    18   HIGHEST WIND DIRECTION     S (180)
  HIGHEST GUST SPEED    22   HIGHEST GUST DIRECTION     S (170)
  AVERAGE WIND SPEED     5.1




RELATIVE HUMIDITY (PERCENT)
 HIGHEST    93
 LOWEST     51
 AVERAGE    72

..........................................................


THE BAKERSFIELD CLIMATE NORMALS FOR TODAY
                         NORMAL    RECORD    YEAR
 MAXIMUM TEMPERATURE (F)   67        87      1926
 MINIMUM TEMPERATURE (F)   45        28      1907


SUNRISE AND SUNSET
MARCH  2 2015.........SUNRISE   625 AM PST   SUNSET   552 PM PST
MARCH  3 2015.........SUNRISE   624 AM PST   SUNSET   553 PM PST


-  INDICATES NEGATIVE NUMBERS.
R  INDICATES RECORD WAS SET OR TIED.
MM INDICATES DATA IS MISSING.
T  INDICATES TRACE AMOUNT.




$$
