000
CDUS46 KHNX 220829
CLIBFL


CLIMATE REPORT
NATIONAL WEATHER SERVICE SAN JOAQUIN VALLEY, CA
129 AM PDT THU JUN 22 2017


...................................

...THE BAKERSFIELD CLIMATE SUMMARY FOR JUNE 21 2017...

CLIMATE NORMAL PERIOD 1981 TO 2010
CLIMATE RECORD PERIOD 1889 TO 2017


WEATHER ITEM   OBSERVED TIME   RECORD YEAR NORMAL DEPARTURE
                VALUE   (LST)  VALUE       VALUE  FROM
                                                  NORMAL
...............................................................
TEMPERATURE (F)
 YESTERDAY
  MAXIMUM        110R       MM 110    2008  92     18
                                      1973
  MINIMUM         81        MM  46    1907  66     15
  AVERAGE         96                        79     17

PRECIPITATION (IN)
  YESTERDAY        0.00          0.00 2016   0.00   0.00
                                      2015
                                      2014
  MONTH TO DATE    0.00                      0.07  -0.07
  SINCE OCT 1      7.82                      6.34   1.48
  SINCE JAN 1      4.79                      4.38   0.41

SNOWFALL (IN)
  YESTERDAY        0.0
  MONTH TO DATE    0.0
  SINCE JUN 1      0.0
  SINCE JUL 1      0.0
  SNOW DEPTH       0

DEGREE DAYS
 HEATING
  YESTERDAY        0                                0
  MONTH TO DATE    1                                1
  SINCE JUN 1      1                                1
  SINCE JUL 1   1616                             -557

 COOLING
  YESTERDAY       31                               17
  MONTH TO DATE  331                               91
  SINCE JUN 1    331                               91
  SINCE JAN 1    680                              173
...............................................................


WIND (MPH)
  HIGHEST WIND SPEED    16   HIGHEST WIND DIRECTION    NW (320)
  HIGHEST GUST SPEED    MM   HIGHEST GUST DIRECTION    MM
  AVERAGE WIND SPEED     6.5




RELATIVE HUMIDITY (PERCENT)
 HIGHEST    47
 LOWEST     15
 AVERAGE    31

..........................................................


THE BAKERSFIELD CLIMATE NORMALS FOR TODAY
                         NORMAL    RECORD    YEAR
 MAXIMUM TEMPERATURE (F)   93       109      1970
                                             1954
                                             1921
 MINIMUM TEMPERATURE (F)   66        48      1923
                                             1893


SUNRISE AND SUNSET
JUNE 22 2017..........SUNRISE   542 AM PDT   SUNSET   815 PM PDT
JUNE 23 2017..........SUNRISE   542 AM PDT   SUNSET   815 PM PDT


-  INDICATES NEGATIVE NUMBERS.
R  INDICATES RECORD WAS SET OR TIED.
MM INDICATES DATA IS MISSING.
T  INDICATES TRACE AMOUNT.




$$
