000
CDUS44 KAMA 250726
CLIBGD


CLIMATE REPORT
NATIONAL WEATHER SERVICE AMARILLO TX
126 AM CST SAT FEB 25 2017


...................................

...THE BORGER CLIMATE SUMMARY FOR FEBRUARY 24 2017...

CLIMATE NORMAL PERIOD 1981 TO 2010
CLIMATE RECORD PERIOD 1949 TO 2017


WEATHER ITEM   OBSERVED TIME   RECORD YEAR NORMAL DEPARTURE LAST
                VALUE   (LST)  VALUE       VALUE  FROM      YEAR
                                                  NORMAL
..................................................................
TEMPERATURE (F)
 YESTERDAY
  MAXIMUM         47    438 PM  76    1998  56     -9       61
  MINIMUM         27    740 AM   4    1965  31     -4       29
  AVERAGE         37                        44     -7       45

PRECIPITATION (IN)
  YESTERDAY        0.00          0.25 1951   0.02  -0.02     0.00
  MONTH TO DATE    0.37                      0.55  -0.18     0.64
  SINCE DEC 1      3.70                      1.91   1.79     2.06
  SINCE JAN 1      3.48                      1.14   2.34     0.92

SNOWFALL (IN)
  YESTERDAY        0.0           2.6  1952                   0.0
  MONTH TO DATE    T                                          T
  SINCE DEC 1      0.1                                       5.4
  SINCE JUL 1      0.1                                       6.2
  SNOW DEPTH       0

DEGREE DAYS
 HEATING
  YESTERDAY       28                        21      7       20
  MONTH TO DATE  367                       560   -193      420
  SINCE DEC 1   1896                      2195   -299     1861
  SINCE JUL 1   2269                      2912   -643     2433

 COOLING
  YESTERDAY        0                         0      0        0
  MONTH TO DATE   14                         0     14        6
  SINCE DEC 1     14                         0     14        6
  SINCE JAN 1     14                         0     14        6
..................................................................


WIND (MPH)
  RESULTANT WIND SPEED  11   RESULTANT WIND DIRECTION   N (360)
  HIGHEST WIND SPEED    22   HIGHEST WIND DIRECTION     N (10)
  HIGHEST GUST SPEED    29   HIGHEST GUST DIRECTION     N (360)
  AVERAGE WIND SPEED    11.6


SKY COVER
  AVERAGE SKY COVER 0.3


WEATHER CONDITIONS
 THE FOLLOWING WEATHER WAS RECORDED YESTERDAY.
  NO SIGNIFICANT WEATHER WAS OBSERVED.


RELATIVE HUMIDITY (PERCENT)
 HIGHEST    75           100 AM
 LOWEST     26           400 PM
 AVERAGE    51

..........................................................


THE BORGER CLIMATE NORMALS FOR TODAY
                         NORMAL    RECORD    YEAR
 MAXIMUM TEMPERATURE (F)   57        81      1981
 MINIMUM TEMPERATURE (F)   31         5      1960


SUNRISE AND SUNSET
FEBRUARY 25 2017......SUNRISE   720 AM CST   SUNSET   637 PM CST
FEBRUARY 26 2017......SUNRISE   719 AM CST   SUNSET   638 PM CST


-  INDICATES NEGATIVE NUMBERS.
R  INDICATES RECORD WAS SET OR TIED.
MM INDICATES DATA IS MISSING.
T  INDICATES TRACE AMOUNT.




$$
