000
CDUS44 KAMA 191414
CLIBGD


CLIMATE REPORT
NATIONAL WEATHER SERVICE AMARILLO TX
914 AM CDT SAT APR 19 2014


...................................

...THE BORGER CLIMATE SUMMARY FOR APRIL 19 2014...
VALID AS OF 0900 AM LOCAL TIME.

CLIMATE NORMAL PERIOD 1981 TO 2013
CLIMATE RECORD PERIOD 1949 TO 2014


WEATHER ITEM   OBSERVED TIME   RECORD YEAR NORMAL DEPARTURE LAST
                VALUE   (LST)  VALUE       VALUE  FROM      YEAR
                                                  NORMAL
..................................................................
TEMPERATURE (F)
 TODAY
  MINIMUM         53    551 AM  28    2013  46      7       28

PRECIPITATION (IN)
  TODAY            0.00          0.71 1949   0.06  -0.06     0.00
  MONTH TO DATE    0.10                      1.07  -0.97     0.05
  SINCE MAR 1      0.17                      2.48  -2.31     0.34
  SINCE JAN 1      0.55                      3.69  -3.14     3.39

SNOWFALL (IN)
  TODAY            0.0           T    1976                   0.0
  MONTH TO DATE    1.1                                        T
  SINCE MAR 1      2.1                                       0.3
  SINCE JUL 1     14.7                                      27.5
  SNOW DEPTH       0

..................................................................


WIND (MPH)
  RESULTANT WIND SPEED  17   RESULTANT WIND DIRECTION   S (180)
  HIGHEST WIND SPEED    23   HIGHEST WIND DIRECTION     S (170)
  HIGHEST GUST SPEED    31   HIGHEST GUST DIRECTION     S (170)
  AVERAGE WIND SPEED    16.7


SKY COVER
  AVERAGE SKY COVER 0.0


WEATHER CONDITIONS
 THE FOLLOWING WEATHER WAS RECORDED TODAY.
  NO SIGNIFICANT WEATHER WAS OBSERVED.


RELATIVE HUMIDITY (PERCENT)
 HIGHEST    66           500 AM
 LOWEST     61           300 AM
 AVERAGE    64

..........................................................


THE BORGER CLIMATE NORMALS FOR TOMORROW
                         NORMAL    RECORD    YEAR
 MAXIMUM TEMPERATURE (F)   74        91      1989
 MINIMUM TEMPERATURE (F)   46        25      1966


SUNRISE AND SUNSET
APRIL 19 2014.........SUNRISE   708 AM CDT   SUNSET   822 PM CDT
APRIL 20 2014.........SUNRISE   706 AM CDT   SUNSET   823 PM CDT


-  INDICATES NEGATIVE NUMBERS.
R  INDICATES RECORD WAS SET OR TIED.
MM INDICATES DATA IS MISSING.
T  INDICATES TRACE AMOUNT.




$$
