000
CDUS44 KAMA 012232
CLIBGD


CLIMATE REPORT
NATIONAL WEATHER SERVICE AMARILLO TX
431 PM CST SUN MAR 1 2015


...................................

...THE BORGER CLIMATE SUMMARY FOR MARCH 1 2015...
VALID TODAY AS OF 0400 PM LOCAL TIME.

CLIMATE NORMAL PERIOD 1981 TO 2013
CLIMATE RECORD PERIOD 1949 TO 2015


WEATHER ITEM   OBSERVED TIME   RECORD YEAR NORMAL DEPARTURE LAST
                VALUE   (LST)  VALUE       VALUE  FROM      YEAR
                                                  NORMAL
..................................................................
TEMPERATURE (F)
 TODAY
  MAXIMUM         34    259 PM  81    2008  58    -24       47
                                      2006
  MINIMUM         25    619 AM   5    1980  32     -7       16
  AVERAGE         30                        45    -15       32

PRECIPITATION (IN)
  TODAY            0.00          0.36 1995   0.04  -0.04      T
  MONTH TO DATE    0.00                      0.04  -0.04      T
  SINCE MAR 1      0.00                      0.04  -0.04      T
  SINCE JAN 1      1.85                      1.25   0.60     0.38

SNOWFALL (IN)
  TODAY            0.0           4.0  1995                    T
  MONTH TO DATE    0.0                                        T
  SINCE MAR 1      0.0                                        T
  SINCE JUL 1     17.5                                      12.6
  SNOW DEPTH       T

DEGREE DAYS
 HEATING
  TODAY           35                        20     15       33
  MONTH TO DATE   35                        20     15       33
  SINCE MAR 1     35                        20     15       33
  SINCE JUL 1   2907                      3013   -106     3111

 COOLING
  TODAY            0                         0      0        0
  MONTH TO DATE    0                         0      0        0
  SINCE MAR 1      0                         0      0        0
  SINCE JAN 1      0                         0      0        0
..................................................................


WIND (MPH)
  RESULTANT WIND SPEED   2   RESULTANT WIND DIRECTION   S (170)
  HIGHEST WIND SPEED    15   HIGHEST WIND DIRECTION     S (190)
  HIGHEST GUST SPEED    19   HIGHEST GUST DIRECTION     S (200)
  AVERAGE WIND SPEED     5.1


SKY COVER
  AVERAGE SKY COVER 1.0


WEATHER CONDITIONS
 THE FOLLOWING WEATHER WAS RECORDED TODAY.
  FOG


RELATIVE HUMIDITY (PERCENT)
 HIGHEST    88           200 AM
 LOWEST     69           100 PM
 AVERAGE    79

..........................................................


THE BORGER CLIMATE NORMALS FOR TOMORROW
                         NORMAL    RECORD    YEAR
 MAXIMUM TEMPERATURE (F)   58        85      1967
 MINIMUM TEMPERATURE (F)   33         7      2014
                                             2002


SUNRISE AND SUNSET
MARCH  1 2015.........SUNRISE   716 AM CST   SUNSET   641 PM CST
MARCH  2 2015.........SUNRISE   714 AM CST   SUNSET   641 PM CST


-  INDICATES NEGATIVE NUMBERS.
R  INDICATES RECORD WAS SET OR TIED.
MM INDICATES DATA IS MISSING.
T  INDICATES TRACE AMOUNT.




$$
