000
CDUS44 KAMA 180631
CLIBGD


CLIMATE REPORT
NATIONAL WEATHER SERVICE AMARILLO TX
129 AM CDT THU SEP 18 2014


...................................

...THE BORGER CLIMATE SUMMARY FOR SEPTEMBER 17 2014...

CLIMATE NORMAL PERIOD 1981 TO 2013
CLIMATE RECORD PERIOD 1949 TO 2014


WEATHER ITEM   OBSERVED TIME   RECORD YEAR NORMAL DEPARTURE LAST
                VALUE   (LST)  VALUE       VALUE  FROM      YEAR
                                                  NORMAL
..................................................................
TEMPERATURE (F)
 YESTERDAY
  MAXIMUM         83    200 PM  99    2004  84     -1       85
  MINIMUM         67    700 AM  40    1965  60      7       65
  AVERAGE         75                        72      3       75

PRECIPITATION (IN)
  YESTERDAY        0.00          1.43 1986   0.07  -0.07     0.00
  MONTH TO DATE    1.79                      1.43   0.36     1.55
  SINCE SEP 1      1.79                      1.43   0.36     1.55
  SINCE JAN 1      9.53                     17.44  -7.91    13.11

SNOWFALL (IN)
  YESTERDAY        0.0           0.0  2013                   0.0
                                      2012
                                      2011
  MONTH TO DATE    0.0                                       0.0
  SINCE SEP 1      0.0                                       0.0
  SINCE JUL 1      0.0                                       0.0
  SNOW DEPTH       0

DEGREE DAYS
 HEATING
  YESTERDAY        0                         1     -1        0
  MONTH TO DATE   17                         3     14        0
  SINCE SEP 1     17                         3     14        0
  SINCE JUL 1     18                         4     14        0

 COOLING
  YESTERDAY       10                         7      3       10
  MONTH TO DATE  144                       163    -19      257
  SINCE SEP 1    144                       163    -19      257
  SINCE JAN 1   1878                      1713    165     2068
..................................................................


WIND (MPH)
  RESULTANT WIND SPEED   9   RESULTANT WIND DIRECTION  SW (230)
  HIGHEST WIND SPEED    21   HIGHEST WIND DIRECTION     W (250)
  HIGHEST GUST SPEED    26   HIGHEST GUST DIRECTION    SW (240)
  AVERAGE WIND SPEED     9.5


SKY COVER
  AVERAGE SKY COVER 0.0


WEATHER CONDITIONS
 THE FOLLOWING WEATHER WAS RECORDED YESTERDAY.
  NO SIGNIFICANT WEATHER WAS OBSERVED.


RELATIVE HUMIDITY (PERCENT)
 HIGHEST    81           400 AM
 LOWEST     51           100 PM
 AVERAGE    66

..........................................................


THE BORGER CLIMATE NORMALS FOR TODAY
                         NORMAL    RECORD    YEAR
 MAXIMUM TEMPERATURE (F)   83       100      2005
 MINIMUM TEMPERATURE (F)   59        40      1971


SUNRISE AND SUNSET
SEPTEMBER 18 2014.....SUNRISE   730 AM CDT   SUNSET   748 PM CDT
SEPTEMBER 19 2014.....SUNRISE   731 AM CDT   SUNSET   747 PM CDT


-  INDICATES NEGATIVE NUMBERS.
R  INDICATES RECORD WAS SET OR TIED.
MM INDICATES DATA IS MISSING.
T  INDICATES TRACE AMOUNT.




$$
