000
CDUS44 KAMA 170801
CLIBGD


CLIMATE REPORT
NATIONAL WEATHER SERVICE AMARILLO TX
201 AM CST TUE JAN 17 2017


...................................

...THE BORGER CLIMATE SUMMARY FOR JANUARY 16 2017...

CLIMATE NORMAL PERIOD 1981 TO 2010
CLIMATE RECORD PERIOD 1949 TO 2017


WEATHER ITEM   OBSERVED TIME   RECORD YEAR NORMAL DEPARTURE LAST
                VALUE   (LST)  VALUE       VALUE  FROM      YEAR
                                                  NORMAL
..................................................................
TEMPERATURE (F)
 YESTERDAY
  MAXIMUM         42    234 PM  71    2012  51     -9       46
                                      1952
  MINIMUM         29    542 AM   5    1982  26      3       32
  AVERAGE         36                        39     -3       39

PRECIPITATION (IN)
  YESTERDAY        0.14          0.26 1987   0.03   0.11     0.10
  MONTH TO DATE    2.56                      0.26   2.30     0.28
  SINCE DEC 1      2.78                      1.03   1.75     1.42
  SINCE JAN 1      2.56                      0.26   2.30     0.28

SNOWFALL (IN)
  YESTERDAY       MM             5.0  1987                   1.4
  MONTH TO DATE    0.0                                       2.5
  SINCE DEC 1      0.1                                       5.4
  SINCE JUL 1      0.1                                       6.2
  SNOW DEPTH      MM

DEGREE DAYS
 HEATING
  YESTERDAY       29                        26      3       26
  MONTH TO DATE  457                       434     23      454
  SINCE DEC 1   1228                      1254    -26     1134
  SINCE JUL 1   1601                      1971   -370     1706

 COOLING
  YESTERDAY        0                         0      0        0
  MONTH TO DATE    0                         0      0        0
  SINCE DEC 1      0                         0      0        0
  SINCE JAN 1      0                         0      0        0
..................................................................


WIND (MPH)
  RESULTANT WIND SPEED   7   RESULTANT WIND DIRECTION  NW (300)
  HIGHEST WIND SPEED    21   HIGHEST WIND DIRECTION    NW (330)
  HIGHEST GUST SPEED    28   HIGHEST GUST DIRECTION    NW (330)
  AVERAGE WIND SPEED     7.6


SKY COVER
  AVERAGE SKY COVER 0.9


WEATHER CONDITIONS
 THE FOLLOWING WEATHER WAS RECORDED YESTERDAY.
  LIGHT SNOW
  FOG


RELATIVE HUMIDITY (PERCENT)
 HIGHEST   100          1200 AM
 LOWEST     73           200 PM
 AVERAGE    87

..........................................................


THE BORGER CLIMATE NORMALS FOR TODAY
                         NORMAL    RECORD    YEAR
 MAXIMUM TEMPERATURE (F)   52        75      1950
 MINIMUM TEMPERATURE (F)   26         4      1978


SUNRISE AND SUNSET
JANUARY 17 2017.......SUNRISE   754 AM CST   SUNSET   558 PM CST
JANUARY 18 2017.......SUNRISE   754 AM CST   SUNSET   559 PM CST


-  INDICATES NEGATIVE NUMBERS.
R  INDICATES RECORD WAS SET OR TIED.
MM INDICATES DATA IS MISSING.
T  INDICATES TRACE AMOUNT.




$$
