000
CDUS44 KAMA 250625
CLIBGD


CLIMATE REPORT
NATIONAL WEATHER SERVICE AMARILLO TX
125 AM CDT SUN SEP 25 2016


...................................

...THE BORGER CLIMATE SUMMARY FOR SEPTEMBER 24 2016...

CLIMATE NORMAL PERIOD 1981 TO 2010
CLIMATE RECORD PERIOD 1949 TO 2016


WEATHER ITEM   OBSERVED TIME   RECORD YEAR NORMAL DEPARTURE LAST
                VALUE   (LST)  VALUE       VALUE  FROM      YEAR
                                                  NORMAL
..................................................................
TEMPERATURE (F)
 YESTERDAY
  MAXIMUM         86    503 PM  97    1998  81      5       76
  MINIMUM         67   1159 PM  37    1994  57     10       62
  AVERAGE         77                        69      8       69

PRECIPITATION (IN)
  YESTERDAY        0.00          2.39 1955   0.07  -0.07     0.04
  MONTH TO DATE    1.02                      1.94  -0.92     0.59
  SINCE SEP 1      1.02                      1.94  -0.92     0.59
  SINCE JAN 1     15.36                     17.95  -2.59    35.55

SNOWFALL (IN)
  YESTERDAY        0.0           0.0  2013                   0.0
                                      2012
                                      2011
  MONTH TO DATE    0.0                                       0.0
  SINCE SEP 1      0.0                                       0.0
  SINCE JUL 1      0.0                                       0.0
  SNOW DEPTH       0

DEGREE DAYS
 HEATING
  YESTERDAY        0                         2     -2        0
  MONTH TO DATE    0                        11    -11        0
  SINCE SEP 1      0                        11    -11        0
  SINCE JUL 1      0                        12    -12        0

 COOLING
  YESTERDAY       12                         5      7        4
  MONTH TO DATE  279                       207     72      340
  SINCE SEP 1    279                       207     72      340
  SINCE JAN 1   1997                      1757    240     1838
..................................................................


WIND (MPH)
  RESULTANT WIND SPEED   9   RESULTANT WIND DIRECTION   S (180)
  HIGHEST WIND SPEED    23   HIGHEST WIND DIRECTION     S (160)
  HIGHEST GUST SPEED    33   HIGHEST GUST DIRECTION     S (160)
  AVERAGE WIND SPEED     9.9


SKY COVER
  AVERAGE SKY COVER 0.1


WEATHER CONDITIONS
 THE FOLLOWING WEATHER WAS RECORDED YESTERDAY.
  THUNDERSTORM


RELATIVE HUMIDITY (PERCENT)
 HIGHEST    93          1100 PM
 LOWEST     20           400 PM
 AVERAGE    57

..........................................................


THE BORGER CLIMATE NORMALS FOR TODAY
                         NORMAL    RECORD    YEAR
 MAXIMUM TEMPERATURE (F)   80        93      2012
 MINIMUM TEMPERATURE (F)   57        35      2000


SUNRISE AND SUNSET
SEPTEMBER 25 2016.....SUNRISE   736 AM CDT   SUNSET   737 PM CDT
SEPTEMBER 26 2016.....SUNRISE   737 AM CDT   SUNSET   736 PM CDT


-  INDICATES NEGATIVE NUMBERS.
R  INDICATES RECORD WAS SET OR TIED.
MM INDICATES DATA IS MISSING.
T  INDICATES TRACE AMOUNT.




$$
