000
CDUS44 KAMA 252132
CLIBGD


CLIMATE REPORT
NATIONAL WEATHER SERVICE AMARILLO TX
432 PM CDT TUE JUL 25 2017


...................................

...THE BORGER CLIMATE SUMMARY FOR JULY 25 2017...
VALID TODAY AS OF 0400 PM LOCAL TIME.

CLIMATE NORMAL PERIOD 1981 TO 2010
CLIMATE RECORD PERIOD 1949 TO 2017


WEATHER ITEM   OBSERVED TIME   RECORD YEAR NORMAL DEPARTURE LAST
                VALUE   (LST)  VALUE       VALUE  FROM      YEAR
                                                  NORMAL
..................................................................
TEMPERATURE (F)
 TODAY
  MAXIMUM        100    259 PM 104    2014  95      5       93
                                      2006
  MINIMUM         73    640 AM  58    1991  70      3       71
  AVERAGE         87                        82      5       82

PRECIPITATION (IN)
  TODAY            0.00          0.53 1957   0.09  -0.09      T
  MONTH TO DATE    1.39                      1.92  -0.53     0.74
  SINCE JUN 1      1.83                      5.09  -3.26     2.09
  SINCE JAN 1     12.98                     12.14   0.84    10.96

SNOWFALL (IN)
  TODAY            0.0           0.0  2013                   0.0
                                      2012
                                      2011
  MONTH TO DATE    0.0                                       0.0
  SINCE JUN 1      0.0                                       0.0
  SINCE JUL 1      0.0                                       0.0
  SNOW DEPTH       0

DEGREE DAYS
 HEATING
  TODAY            0                         0      0        0
  MONTH TO DATE    0                         0      0        0
  SINCE JUN 1      0                         3     -3        0
  SINCE JUL 1      0                         0      0        0

 COOLING
  TODAY           22                        17      5       17
  MONTH TO DATE  504                       420     84      529
  SINCE JUN 1    968                       778    190      982
  SINCE JAN 1   1208                       975    233     1169
..................................................................


WIND (MPH)
  RESULTANT WIND SPEED   8   RESULTANT WIND DIRECTION   S (180)
  HIGHEST WIND SPEED    20   HIGHEST WIND DIRECTION     S (180)
  HIGHEST GUST SPEED    27   HIGHEST GUST DIRECTION     S (160)
  AVERAGE WIND SPEED     9.1


SKY COVER
  AVERAGE SKY COVER 0.1


WEATHER CONDITIONS
 THE FOLLOWING WEATHER WAS RECORDED TODAY.
  NO SIGNIFICANT WEATHER WAS OBSERVED.


RELATIVE HUMIDITY (PERCENT)
 HIGHEST    84           400 AM
 LOWEST     26           300 PM
 AVERAGE    55

..........................................................


THE BORGER CLIMATE NORMALS FOR TOMORROW
                         NORMAL    RECORD    YEAR
 MAXIMUM TEMPERATURE (F)   95       105      2011
 MINIMUM TEMPERATURE (F)   70        57      2004
                                             1959


SUNRISE AND SUNSET
JULY 25 2017..........SUNRISE   648 AM CDT   SUNSET   855 PM CDT
JULY 26 2017..........SUNRISE   649 AM CDT   SUNSET   855 PM CDT


-  INDICATES NEGATIVE NUMBERS.
R  INDICATES RECORD WAS SET OR TIED.
MM INDICATES DATA IS MISSING.
T  INDICATES TRACE AMOUNT.




$$
