000
CDUS41 KBGM 240715
CLIBGM


CLIMATE REPORT
NATIONAL WEATHER SERVICE BINGHAMTON NY
314 AM EDT THU JUL 24 2014


...................................

...THE BINGHAMTON NY CLIMATE SUMMARY FOR JULY 23 2014...

CLIMATE NORMAL PERIOD 1981 TO 2010
CLIMATE RECORD PERIOD 1951 TO 2014


WEATHER ITEM   OBSERVED TIME   RECORD YEAR NORMAL DEPARTURE LAST
                VALUE   (LST)  VALUE       VALUE  FROM      YEAR
                                                  NORMAL
..................................................................
TEMPERATURE (F)
 YESTERDAY
  MAXIMUM         85    107 PM  92    1972  78      7       80
  MINIMUM         62   1159 PM  48    1981  60      2       64
  AVERAGE         74                        69      5       72

PRECIPITATION (IN)
  YESTERDAY        0.76          1.67 2007   0.12   0.64     0.53
  MONTH TO DATE    3.76                      2.76   1.00     5.90
  SINCE JUN 1      8.13                      7.07   1.06    11.14
  SINCE JAN 1     23.49                     21.82   1.67    24.30

SNOWFALL (IN)
  YESTERDAY        0.0           0.0  2002   0.0    0.0      0.0
                                      2000
                                      2001
  MONTH TO DATE    0.0                       0.0    0.0      0.0
  SINCE JUN 1      0.0                       0.0    0.0      0.0
  SINCE JUL 1      0.0                       0.0    0.0      0.0
  SNOW DEPTH       0

DEGREE DAYS
 HEATING
  YESTERDAY        0                         1     -1        0
  MONTH TO DATE    8                        23    -15        0
  SINCE JUN 1     53                       114    -61       87
  SINCE JUL 1      8                        23    -15        0

 COOLING
  YESTERDAY        9                         5      4        7
  MONTH TO DATE  113                       106      7      217
  SINCE JUN 1    198                       180     18      300
  SINCE JAN 1    223                       203     20      343
..................................................................


WIND (MPH)
  HIGHEST WIND SPEED    24   HIGHEST WIND DIRECTION    NW (310)
  HIGHEST GUST SPEED    33   HIGHEST GUST DIRECTION    NW (300)
  AVERAGE WIND SPEED     9.2


SKY COVER
  AVERAGE SKY COVER 0.5


WEATHER CONDITIONS
 THE FOLLOWING WEATHER WAS RECORDED YESTERDAY.
  THUNDERSTORM
  HEAVY RAIN
  RAIN
  LIGHT RAIN
  FOG
  FOG W/VISIBILITY <= 1/4 MILE
  HAZE


RELATIVE HUMIDITY (PERCENT)
 HIGHEST   100           800 PM
 LOWEST     58           300 PM
 AVERAGE    79

..........................................................


THE BINGHAMTON NY CLIMATE NORMALS FOR TODAY
                         NORMAL    RECORD    YEAR
 MAXIMUM TEMPERATURE (F)   78        88      2001
                                             1987
 MINIMUM TEMPERATURE (F)   60        49      1985
                                             1981


SUNRISE AND SUNSET
JULY 24 2014..........SUNRISE   549 AM EDT   SUNSET   831 PM EDT
JULY 25 2014..........SUNRISE   550 AM EDT   SUNSET   830 PM EDT


-  INDICATES NEGATIVE NUMBERS.
R  INDICATES RECORD WAS SET OR TIED.
MM INDICATES DATA IS MISSING.
T  INDICATES TRACE AMOUNT.

$$
