000
CDUS41 KBGM 220552
CLIBGM


CLIMATE REPORT
NATIONAL WEATHER SERVICE BINGHAMTON NY
1251 AM EST SUN JAN 22 2017


...................................

...THE BINGHAMTON NY CLIMATE SUMMARY FOR JANUARY 21 2017...

CLIMATE NORMAL PERIOD 1981 TO 2010
CLIMATE RECORD PERIOD 1951 TO 2017


WEATHER ITEM   OBSERVED TIME   RECORD YEAR NORMAL DEPARTURE LAST
                VALUE   (LST)  VALUE       VALUE  FROM      YEAR
                                                  NORMAL
..................................................................
TEMPERATURE (F)
 YESTERDAY
  MAXIMUM         51    241 PM  58    1959  29     22       23
  MINIMUM         35   1242 AM -15    1985  15     20       11
  AVERAGE         43                        22     21       17

PRECIPITATION (IN)
  YESTERDAY        T             0.88 1959   0.08  -0.08     0.02
  MONTH TO DATE    2.32                      1.67   0.65     1.31
  SINCE DEC 1      5.91                      4.50   1.41     4.92
  SINCE JAN 1      2.32                      1.67   0.65     1.31

SNOWFALL (IN)
  YESTERDAY        0.0           4.4  1953   0.7   -0.7      1.7
  MONTH TO DATE    1.1                      15.3  -14.2     10.2
  SINCE DEC 1     30.9                      33.1   -2.2     12.4
  SINCE JUL 1     59.5                      39.9   19.6     13.5
  SNOW DEPTH       0

DEGREE DAYS
 HEATING
  YESTERDAY       22                        43    -21       48
  MONTH TO DATE  799                       897    -98      876
  SINCE DEC 1   1975                      2067    -92     1631
  SINCE JUL 1   3324                      3642   -318     2901

 COOLING
  YESTERDAY        0                         0      0        0
  MONTH TO DATE    0                         0      0        0
  SINCE DEC 1      0                         0      0        0
  SINCE JAN 1      0                         0      0        0
..................................................................


WIND (MPH)
  HIGHEST WIND SPEED    10   HIGHEST WIND DIRECTION    SW (230)
  HIGHEST GUST SPEED    15   HIGHEST GUST DIRECTION    SW (210)
  AVERAGE WIND SPEED     5.9


SKY COVER
  AVERAGE SKY COVER 0.9


WEATHER CONDITIONS
 THE FOLLOWING WEATHER WAS RECORDED YESTERDAY.
  FOG
  FOG W/VISIBILITY <= 1/4 MILE


RELATIVE HUMIDITY (PERCENT)
 HIGHEST   100          1200 AM
 LOWEST     80           200 PM
 AVERAGE    90

..........................................................


THE BINGHAMTON NY CLIMATE NORMALS FOR TODAY
                         NORMAL    RECORD    YEAR
 MAXIMUM TEMPERATURE (F)   29        58      1959
 MINIMUM TEMPERATURE (F)   15       -13      2005


SUNRISE AND SUNSET
JANUARY 22 2017.......SUNRISE   726 AM EST   SUNSET   506 PM EST
JANUARY 23 2017.......SUNRISE   725 AM EST   SUNSET   507 PM EST


-  INDICATES NEGATIVE NUMBERS.
R  INDICATES RECORD WAS SET OR TIED.
MM INDICATES DATA IS MISSING.
T  INDICATES TRACE AMOUNT.




$$
