000
CDUS41 KBGM 220649
CLIBGM


CLIMATE REPORT
NATIONAL WEATHER SERVICE BINGHAMTON NY
147 AM EST MON DEC 22 2014


...................................

...THE BINGHAMTON NY CLIMATE SUMMARY FOR DECEMBER 21 2014...

CLIMATE NORMAL PERIOD 1981 TO 2010
CLIMATE RECORD PERIOD 1951 TO 2014


WEATHER ITEM   OBSERVED TIME   RECORD YEAR NORMAL DEPARTURE LAST
                VALUE   (LST)  VALUE       VALUE  FROM      YEAR
                                                  NORMAL
..................................................................
TEMPERATURE (F)
 YESTERDAY
  MAXIMUM         28    206 PM  53    2013  32     -4       53
  MINIMUM         24    859 AM  -8    1962  20      4       45
  AVERAGE         26                        26      0       49

PRECIPITATION (IN)
  YESTERDAY        0.00          1.01 2012   0.08  -0.08     0.50
  MONTH TO DATE    2.20                      2.00   0.20     1.96
  SINCE DEC 1      2.20                      2.00   0.20     1.96
  SINCE JAN 1     38.53                     38.47   0.06    41.47

SNOWFALL (IN)
  YESTERDAY        0.0          14.1  1993   0.6   -0.6      0.0
  MONTH TO DATE   11.6                      11.4    0.2     16.2
  SINCE DEC 1     11.6                      11.4    0.2     16.2
  SINCE JUL 1     25.3                      18.2    7.1     24.4
  SNOW DEPTH       T

DEGREE DAYS
 HEATING
  YESTERDAY       39                        39      0       16
  MONTH TO DATE  761                       761      0      780
  SINCE DEC 1    761                       761      0      780
  SINCE JUL 1   2296                      2336    -40     2371

 COOLING
  YESTERDAY        0                         0      0        0
  MONTH TO DATE    0                         0      0        0
  SINCE DEC 1      0                         0      0        0
  SINCE JAN 1    341                       381    -40      480
..................................................................


WIND (MPH)
  HIGHEST WIND SPEED     7   HIGHEST WIND DIRECTION    SE (140)
  HIGHEST GUST SPEED    10   HIGHEST GUST DIRECTION    SE (130)
  AVERAGE WIND SPEED     2.1


SKY COVER
  AVERAGE SKY COVER 1.0


WEATHER CONDITIONS
 THE FOLLOWING WEATHER WAS RECORDED YESTERDAY.
  NO SIGNIFICANT WEATHER WAS OBSERVED.


RELATIVE HUMIDITY (PERCENT)
 HIGHEST    81          1200 AM
 LOWEST     75          1000 AM
 AVERAGE    78

..........................................................


THE BINGHAMTON NY CLIMATE NORMALS FOR TODAY
                         NORMAL    RECORD    YEAR
 MAXIMUM TEMPERATURE (F)   31        62      2013
 MINIMUM TEMPERATURE (F)   19        -4      1989


SUNRISE AND SUNSET
DECEMBER 22 2014......SUNRISE   730 AM EST   SUNSET   435 PM EST
DECEMBER 23 2014......SUNRISE   730 AM EST   SUNSET   436 PM EST


-  INDICATES NEGATIVE NUMBERS.
R  INDICATES RECORD WAS SET OR TIED.
MM INDICATES DATA IS MISSING.
T  INDICATES TRACE AMOUNT.




$$
