000
CDUS41 KBGM 030545
CLIBGM


CLIMATE REPORT
NATIONAL WEATHER SERVICE BINGHAMTON NY
143 AM EDT WED SEP 3 2014


...................................

...THE BINGHAMTON NY CLIMATE SUMMARY FOR SEPTEMBER 2 2014...

CLIMATE NORMAL PERIOD 1981 TO 2010
CLIMATE RECORD PERIOD 1951 TO 2014


WEATHER ITEM   OBSERVED TIME   RECORD YEAR NORMAL DEPARTURE LAST
                VALUE   (LST)  VALUE       VALUE  FROM      YEAR
                                                  NORMAL
..................................................................
TEMPERATURE (F)
 YESTERDAY
  MAXIMUM         83    245 PM  96    1953  73     10       80
  MINIMUM         63   1121 PM  39    2001  55      8       65
  AVERAGE         73                        64      9       73

PRECIPITATION (IN)
  YESTERDAY        0.66          1.65 1979   0.12   0.54     0.76
  MONTH TO DATE    0.66                      0.23   0.43     0.76
  SINCE SEP 1      0.66                      0.23   0.43     0.76
  SINCE JAN 1     29.69                     26.44   3.25    31.05

SNOWFALL (IN)
  YESTERDAY        0.0           0.0  2002   0.0    0.0      0.0
                                      2001
                                      2000
  MONTH TO DATE    0.0                       0.0    0.0      0.0
  SINCE SEP 1      0.0                       0.0    0.0      0.0
  SINCE JUL 1      T                         0.0    0.0      0.0
  SNOW DEPTH       0

DEGREE DAYS
 HEATING
  YESTERDAY        0                         3     -3        0
  MONTH TO DATE    0                         6     -6        0
  SINCE SEP 1      0                         6     -6        0
  SINCE JUL 1     66                        69     -3       51

 COOLING
  YESTERDAY        8                         2      6        8
  MONTH TO DATE   16                         4     12       17
  SINCE SEP 1     16                         4     12       17
  SINCE JAN 1    318                       352    -34      444
..................................................................


WIND (MPH)
  HIGHEST WIND SPEED    31   HIGHEST WIND DIRECTION     W (290)
  HIGHEST GUST SPEED    45   HIGHEST GUST DIRECTION     W (290)
  AVERAGE WIND SPEED     8.5


SKY COVER
  AVERAGE SKY COVER 0.5


WEATHER CONDITIONS
 THE FOLLOWING WEATHER WAS RECORDED YESTERDAY.
  THUNDERSTORM
  HEAVY RAIN
  RAIN
  LIGHT RAIN
  FOG


RELATIVE HUMIDITY (PERCENT)
 HIGHEST   100           800 PM
 LOWEST     58           200 PM
 AVERAGE    79

..........................................................


THE BINGHAMTON NY CLIMATE NORMALS FOR TODAY
                         NORMAL    RECORD    YEAR
 MAXIMUM TEMPERATURE (F)   73        96      1953
 MINIMUM TEMPERATURE (F)   55        38      1994


SUNRISE AND SUNSET
SEPTEMBER  3 2014.....SUNRISE   631 AM EDT   SUNSET   734 PM EDT
SEPTEMBER  4 2014.....SUNRISE   632 AM EDT   SUNSET   733 PM EDT


-  INDICATES NEGATIVE NUMBERS.
R  INDICATES RECORD WAS SET OR TIED.
MM INDICATES DATA IS MISSING.
T  INDICATES TRACE AMOUNT.

$$
