000
CDUS41 KBGM 100604
CLIBGM


CLIMATE REPORT
NATIONAL WEATHER SERVICE BINGHAMTON NY
103 AM EST SAT DEC 10 2016


...................................

...THE BINGHAMTON NY CLIMATE SUMMARY FOR DECEMBER 9 2016...

CLIMATE NORMAL PERIOD 1981 TO 2010
CLIMATE RECORD PERIOD 1951 TO 2016


WEATHER ITEM   OBSERVED TIME   RECORD YEAR NORMAL DEPARTURE LAST
                VALUE   (LST)  VALUE       VALUE  FROM      YEAR
                                                  NORMAL
..................................................................
TEMPERATURE (F)
 YESTERDAY
  MAXIMUM         25        MM  61    1966  35    -10       48
  MINIMUM         19   1100 PM   1    1968  23     -4       30
  AVERAGE         22                        29     -7       39

PRECIPITATION (IN)
  YESTERDAY        0.09          1.26 1973   0.10  -0.01     0.00
  MONTH TO DATE    1.27                      0.93   0.34     1.00
  SINCE DEC 1      1.27                      0.93   0.34     1.00
  SINCE JAN 1     33.79                     37.40  -3.61    40.10

SNOWFALL (IN)
  YESTERDAY        3.2           6.4  2009   0.6    2.6      0.0
  MONTH TO DATE   10.1                       4.5    5.6       T
  SINCE DEC 1     10.1                       4.5    5.6       T
  SINCE JUL 1     38.7                      11.3   27.4      1.1
  SNOW DEPTH       4

DEGREE DAYS
 HEATING
  YESTERDAY       43                        36      7       26
  MONTH TO DATE  298                       308    -10      250
  SINCE DEC 1    298                       308    -10      250
  SINCE JUL 1   1647                      1883   -236     1520

 COOLING
  YESTERDAY        0                         0      0        0
  MONTH TO DATE    0                         0      0        0
  SINCE DEC 1      0                         0      0        0
  SINCE JAN 1    563                       381    182      443
..................................................................


WIND (MPH)
  HIGHEST WIND SPEED    17   HIGHEST WIND DIRECTION     N (340)
  HIGHEST GUST SPEED    24   HIGHEST GUST DIRECTION     N (340)
  AVERAGE WIND SPEED    11.1


SKY COVER
  AVERAGE SKY COVER 0.9


WEATHER CONDITIONS
 THE FOLLOWING WEATHER WAS RECORDED YESTERDAY.
  HEAVY SNOW
  SNOW
  LIGHT SNOW
  FOG


RELATIVE HUMIDITY (PERCENT)
 HIGHEST    96           500 AM
 LOWEST     68           300 PM
 AVERAGE    82

..........................................................


THE BINGHAMTON NY CLIMATE NORMALS FOR TODAY
                         NORMAL    RECORD    YEAR
 MAXIMUM TEMPERATURE (F)   35        64      1966
 MINIMUM TEMPERATURE (F)   23         1      1995
                                             1982
                                             1968


SUNRISE AND SUNSET
DECEMBER 10 2016......SUNRISE   722 AM EST   SUNSET   432 PM EST
DECEMBER 11 2016......SUNRISE   723 AM EST   SUNSET   432 PM EST


-  INDICATES NEGATIVE NUMBERS.
R  INDICATES RECORD WAS SET OR TIED.
MM INDICATES DATA IS MISSING.
T  INDICATES TRACE AMOUNT.




$$
