000
CDUS41 KCAR 200526
CLIBGR


CLIMATE REPORT
NATIONAL WEATHER SERVICE CARIBOU, ME
1226 AM EST FRI JAN 20 2017


...................................

...THE BANGOR ME CLIMATE SUMMARY FOR JANUARY 19 2017...

CLIMATE NORMAL PERIOD 1981 TO 2010
CLIMATE RECORD PERIOD 1925 TO 2017


WEATHER ITEM   OBSERVED TIME   RECORD YEAR NORMAL DEPARTURE LAST
                VALUE   (LST)  VALUE       VALUE  FROM      YEAR
                                                  NORMAL
..................................................................
TEMPERATURE (F)
 YESTERDAY
  MAXIMUM         35    840 PM  50    1929  27      8       19
  MINIMUM         23    807 AM -28    1971   6     17        9
  AVERAGE         29                        16     13       14

PRECIPITATION (IN)
  YESTERDAY        0.10          1.39 1960   0.09   0.01      T
  MONTH TO DATE    1.91                      1.78   0.13     2.35
  SINCE DEC 1      5.68                      5.26   0.42     6.41
  SINCE JAN 1      1.91                      1.78   0.13     2.35

SNOWFALL (IN)
  YESTERDAY        1.4          13.9  1960   0.6              T
  MONTH TO DATE    4.8                      11.9             5.1
  SINCE DEC 1     23.2                      26.3            16.2
  SINCE JUL 1     24.7                      28.7            18.7
  SNOW DEPTH       2

DEGREE DAYS
 HEATING
  YESTERDAY       36                        49    -13       51
  MONTH TO DATE  830                       908    -78      813
  SINCE DEC 1   2149                      2160    -11     1766
  SINCE JUL 1   3568                      3829   -261     3267

 COOLING
  YESTERDAY        0                         0      0        0
  MONTH TO DATE    0                         0      0        0
  SINCE DEC 1      0                         0      0        0
  SINCE JAN 1      0                         0      0        0
..................................................................


WIND (MPH)
  RESULTANT WIND SPEED   2   RESULTANT WIND DIRECTION  NW (310)
  HIGHEST WIND SPEED     9   HIGHEST WIND DIRECTION    NW (310)
  HIGHEST GUST SPEED    14   HIGHEST GUST DIRECTION     W (270)


SKY COVER
  POSSIBLE SUNSHINE  MM
  AVERAGE SKY COVER 0.9


WEATHER CONDITIONS
 THE FOLLOWING WEATHER WAS RECORDED YESTERDAY.
  LIGHT SNOW
  FOG


RELATIVE HUMIDITY (PERCENT)
 HIGHEST    96
 LOWEST     81
 AVERAGE    89

..........................................................


THE BANGOR ME CLIMATE NORMALS FOR TODAY
                         NORMAL    RECORD    YEAR
 MAXIMUM TEMPERATURE (F)   27        54      1929
 MINIMUM TEMPERATURE (F)    6       -25      1971


SUNRISE AND SUNSET
JANUARY 20 2017.......SUNRISE   706 AM EST   SUNSET   427 PM EST
JANUARY 21 2017.......SUNRISE   705 AM EST   SUNSET   429 PM EST


-  INDICATES NEGATIVE NUMBERS.
R  INDICATES RECORD WAS SET OR TIED.
MM INDICATES DATA IS MISSING.
T  INDICATES TRACE AMOUNT.




$$
