000
CDUS41 KCAR 040546
CLIBGR


CLIMATE REPORT
NATIONAL WEATHER SERVICE CARIBOU, ME
145 AM EDT SAT JUL 4 2015


...................................

...THE BANGOR ME CLIMATE SUMMARY FOR JULY 3 2015...

CLIMATE NORMAL PERIOD 1981 TO 2010
CLIMATE RECORD PERIOD 1925 TO 2015


WEATHER ITEM   OBSERVED TIME   RECORD YEAR NORMAL DEPARTURE LAST
                VALUE   (LST)  VALUE       VALUE  FROM      YEAR
                                                  NORMAL
..................................................................
TEMPERATURE (F)
 YESTERDAY
  MAXIMUM         79    259 PM  97    1949  78      1       84
  MINIMUM         49    447 AM  40    1929  57     -8       66
  AVERAGE         64                        67     -3       75

PRECIPITATION (IN)
  YESTERDAY        0.00          0.79 1942   0.11  -0.11      T
  MONTH TO DATE    0.07                      0.32  -0.25     0.17
  SINCE JUN 1      4.97                      4.08   0.89     3.76
  SINCE JAN 1     16.02                     20.13  -4.11    18.17

SNOWFALL (IN)
  YESTERDAY        0.0           0.0  2002   0.0             0.0
                                      2001
  MONTH TO DATE    0.0                       0.0             0.0
  SINCE JUN 1      0.0                       0.0             0.0
  SINCE JUL 1      0.0                       0.0             0.0
  SNOW DEPTH       0

DEGREE DAYS
 HEATING
  YESTERDAY        1                         1      0        0
  MONTH TO DATE    6                         3      3        0
  SINCE JUN 1    185                       110     75       71
  SINCE JUL 1      6                         3      3        0

 COOLING
  YESTERDAY        0                         4     -4       10
  MONTH TO DATE    0                        10    -10       36
  SINCE JUN 1     24                        62    -38       82
  SINCE JAN 1     47                        68    -21       82
..................................................................


WIND (MPH)
  RESULTANT WIND SPEED   6   RESULTANT WIND DIRECTION   W (270)
  HIGHEST WIND SPEED    18   HIGHEST WIND DIRECTION    NW (320)
  HIGHEST GUST SPEED    24   HIGHEST GUST DIRECTION    NW (300)


SKY COVER
  POSSIBLE SUNSHINE  MM
  AVERAGE SKY COVER 0.3


WEATHER CONDITIONS
 THE FOLLOWING WEATHER WAS RECORDED YESTERDAY.
  NO SIGNIFICANT WEATHER WAS OBSERVED.


RELATIVE HUMIDITY (PERCENT)
 HIGHEST    89
 LOWEST     26
 AVERAGE    58

..........................................................


THE BANGOR ME CLIMATE NORMALS FOR TODAY
                         NORMAL    RECORD    YEAR
 MAXIMUM TEMPERATURE (F)   78        99      1949
 MINIMUM TEMPERATURE (F)   57        43      1929


SUNRISE AND SUNSET
JULY  4 2015..........SUNRISE   455 AM EDT   SUNSET   824 PM EDT
JULY  5 2015..........SUNRISE   455 AM EDT   SUNSET   824 PM EDT


-  INDICATES NEGATIVE NUMBERS.
R  INDICATES RECORD WAS SET OR TIED.
MM INDICATES DATA IS MISSING.
T  INDICATES TRACE AMOUNT.




$$
