000
CDUS41 KCAR 230528
CLIBGR


CLIMATE REPORT
NATIONAL WEATHER SERVICE CARIBOU, ME
127 AM EDT WED JUL 23 2014


...................................

...THE BANGOR ME CLIMATE SUMMARY FOR JULY 22 2014...

CLIMATE NORMAL PERIOD 1981 TO 2010
CLIMATE RECORD PERIOD 1925 TO 2014


WEATHER ITEM   OBSERVED TIME   RECORD YEAR NORMAL DEPARTURE LAST
                VALUE   (LST)  VALUE       VALUE  FROM      YEAR
                                                  NORMAL
..................................................................
TEMPERATURE (F)
 YESTERDAY
  MAXIMUM         85    151 PM  97    2011  80      5       76
  MINIMUM         59    433 AM  46    1944  58      1       55
  AVERAGE         72                        69      3       66

PRECIPITATION (IN)
  YESTERDAY        0.00          2.36 1980   0.11  -0.11     0.00
  MONTH TO DATE    5.61                      2.40   3.21     1.45
  SINCE JUN 1      9.20                      6.16   3.04     6.91
  SINCE JAN 1     23.61                     22.21   1.40    18.20

SNOWFALL (IN)
  YESTERDAY        0.0           0.0  2002   0.0             0.0
                                      2001
  MONTH TO DATE    0.0                       0.0             0.0
  SINCE JUN 1      0.0                       0.0             0.0
  SINCE JUL 1      0.0                       0.0             0.0
  SNOW DEPTH       0

DEGREE DAYS
 HEATING
  YESTERDAY        0                         1     -1        0
  MONTH TO DATE    5                        22    -17        3
  SINCE JUN 1     76                       129    -53      103
  SINCE JUL 1      5                        22    -17        3

 COOLING
  YESTERDAY        7                         5      2        1
  MONTH TO DATE  137                        91     46      160
  SINCE JUN 1    183                       143     40      217
  SINCE JAN 1    183                       149     34      225
..................................................................


WIND (MPH)
  RESULTANT WIND SPEED   7   RESULTANT WIND DIRECTION   S (180)
  HIGHEST WIND SPEED    17   HIGHEST WIND DIRECTION     S (190)
  HIGHEST GUST SPEED    23   HIGHEST GUST DIRECTION     S (190)


SKY COVER
  POSSIBLE SUNSHINE  MM
  AVERAGE SKY COVER 0.3


WEATHER CONDITIONS
 THE FOLLOWING WEATHER WAS RECORDED YESTERDAY.
  FOG


RELATIVE HUMIDITY (PERCENT)
 HIGHEST    97
 LOWEST     51
 AVERAGE    74

..........................................................


THE BANGOR ME CLIMATE NORMALS FOR TODAY
                         NORMAL    RECORD    YEAR
 MAXIMUM TEMPERATURE (F)   80        94      1955
 MINIMUM TEMPERATURE (F)   58        50      1992
                                             1939


SUNRISE AND SUNSET
JULY 23 2014..........SUNRISE   511 AM EDT   SUNSET   812 PM EDT
JULY 24 2014..........SUNRISE   512 AM EDT   SUNSET   811 PM EDT


-  INDICATES NEGATIVE NUMBERS.
R  INDICATES RECORD WAS SET OR TIED.
MM INDICATES DATA IS MISSING.
T  INDICATES TRACE AMOUNT.




$$
