000
CDUS41 KCAR 200527
CLIBGR


CLIMATE REPORT
NATIONAL WEATHER SERVICE CARIBOU, ME
126 AM EDT MON OCT 20 2014


...................................

...THE BANGOR ME CLIMATE SUMMARY FOR OCTOBER 19 2014...

CLIMATE NORMAL PERIOD 1981 TO 2010
CLIMATE RECORD PERIOD 1925 TO 2014


WEATHER ITEM   OBSERVED TIME   RECORD YEAR NORMAL DEPARTURE LAST
                VALUE   (LST)  VALUE       VALUE  FROM      YEAR
                                                  NORMAL
..................................................................
TEMPERATURE (F)
 YESTERDAY
  MAXIMUM         51        MM  82    1963  56     -5       63
  MINIMUM         41        MM  17    1939  36      5       39
  AVERAGE         46                        46      0       51

PRECIPITATION (IN)
  YESTERDAY        0.00          1.10 1927   0.14  -0.14     0.00
  MONTH TO DATE    3.67                      2.58   1.09     0.68
  SINCE SEP 1      4.56                      6.41  -1.85     7.85
  SINCE JAN 1     32.30                     32.66  -0.36    33.03

SNOWFALL (IN)
  YESTERDAY        0.0           T    2009   0.0             0.0
  MONTH TO DATE    0.0                       0.0             0.0
  SINCE SEP 1      0.0                       0.0             0.0
  SINCE JUL 1      0.0                       0.0             0.0
  SNOW DEPTH       0

DEGREE DAYS
 HEATING
  YESTERDAY       19                        19      0       14
  MONTH TO DATE  195                       300   -105      189
  SINCE SEP 1    409                       509   -100      391
  SINCE JUL 1    430                       572   -142      423

 COOLING
  YESTERDAY        0                         0      0        0
  MONTH TO DATE    2                         0      2        0
  SINCE SEP 1     49                        23     26       33
  SINCE JAN 1    363                       317     46      355
..................................................................


WIND (MPH)
  RESULTANT WIND SPEED  11   RESULTANT WIND DIRECTION  NW (320)
  HIGHEST WIND SPEED    18   HIGHEST WIND DIRECTION     N (340)
  HIGHEST GUST SPEED    27   HIGHEST GUST DIRECTION     N (340)


SKY COVER
  POSSIBLE SUNSHINE  MM
  AVERAGE SKY COVER 0.7


WEATHER CONDITIONS
 THE FOLLOWING WEATHER WAS RECORDED YESTERDAY.
  NO SIGNIFICANT WEATHER WAS OBSERVED.


RELATIVE HUMIDITY (PERCENT)
 HIGHEST    96
 LOWEST     46
 AVERAGE    71

..........................................................


THE BANGOR ME CLIMATE NORMALS FOR TODAY
                         NORMAL    RECORD    YEAR
 MAXIMUM TEMPERATURE (F)   56        76      1949
 MINIMUM TEMPERATURE (F)   35        21      2008


SUNRISE AND SUNSET
OCTOBER 20 2014.......SUNRISE   657 AM EDT   SUNSET   542 PM EDT
OCTOBER 21 2014.......SUNRISE   658 AM EDT   SUNSET   541 PM EDT


-  INDICATES NEGATIVE NUMBERS.
R  INDICATES RECORD WAS SET OR TIED.
MM INDICATES DATA IS MISSING.
T  INDICATES TRACE AMOUNT.




$$
