249
CDUS41 KCAR 010526
CLIBGR


CLIMATE REPORT
NATIONAL WEATHER SERVICE CARIBOU, ME
126 AM EDT SAT OCT 1 2016


...................................

...THE BANGOR ME CLIMATE SUMMARY FOR SEPTEMBER 30 2016...

CLIMATE NORMAL PERIOD 1981 TO 2010
CLIMATE RECORD PERIOD 1925 TO 2016


WEATHER ITEM   OBSERVED TIME   RECORD YEAR NORMAL DEPARTURE LAST
                VALUE   (LST)  VALUE       VALUE  FROM      YEAR
                                                  NORMAL
..................................................................
TEMPERATURE (F)
 YESTERDAY
  MAXIMUM         66    220 PM  86    1948  64      2       67
  MINIMUM         34    558 AM  27    1942  42     -8       53
                                      1941
  AVERAGE         50                        53     -3       60

PRECIPITATION (IN)
  YESTERDAY        0.00          5.27 2015   0.15  -0.15     5.27
  MONTH TO DATE    1.23                      3.83  -2.60     6.89
  SINCE SEP 1      1.23                      3.83  -2.60     6.89
  SINCE JAN 1     23.22                     30.08  -6.86    26.63

SNOWFALL (IN)
  YESTERDAY        0.0           0.0  2002   0.0             0.0
                                      2001
  MONTH TO DATE    0.0                       0.0             0.0
  SINCE SEP 1      0.0                       0.0             0.0
  SINCE JUL 1      0.0                       0.0             0.0
  SNOW DEPTH       0

DEGREE DAYS
 HEATING
  YESTERDAY       15                        12      3        5
  MONTH TO DATE  147                       209    -62      103
  SINCE SEP 1    147                       209    -62      103
  SINCE JUL 1    174                       272    -98      132

 COOLING
  YESTERDAY        0                         0      0        0
  MONTH TO DATE   59                        23     36       97
  SINCE SEP 1     59                        23     36       97
  SINCE JAN 1    448                       317    131      406
..................................................................


WIND (MPH)
  RESULTANT WIND SPEED   1   RESULTANT WIND DIRECTION   E (80)
  HIGHEST WIND SPEED     8   HIGHEST WIND DIRECTION     S (190)
  HIGHEST GUST SPEED    12   HIGHEST GUST DIRECTION    SE (120)


SKY COVER
  POSSIBLE SUNSHINE  MM
  AVERAGE SKY COVER 0.7


WEATHER CONDITIONS
 THE FOLLOWING WEATHER WAS RECORDED YESTERDAY.
  FOG


RELATIVE HUMIDITY (PERCENT)
 HIGHEST   100
 LOWEST     40
 AVERAGE    70

..........................................................


THE BANGOR ME CLIMATE NORMALS FOR TODAY
                         NORMAL    RECORD    YEAR
 MAXIMUM TEMPERATURE (F)   64        85      1948
 MINIMUM TEMPERATURE (F)   42        26      1928


SUNRISE AND SUNSET
OCTOBER  1 2016.......SUNRISE   634 AM EDT   SUNSET   615 PM EDT
OCTOBER  2 2016.......SUNRISE   635 AM EDT   SUNSET   613 PM EDT


-  INDICATES NEGATIVE NUMBERS.
R  INDICATES RECORD WAS SET OR TIED.
MM INDICATES DATA IS MISSING.
T  INDICATES TRACE AMOUNT.




$$
