000
CDUS41 KCAR 300526
CLIBGR


CLIMATE REPORT
NATIONAL WEATHER SERVICE CARIBOU, ME
125 AM EDT TUE SEP 30 2014


...................................

...THE BANGOR ME CLIMATE SUMMARY FOR SEPTEMBER 29 2014...

CLIMATE NORMAL PERIOD 1981 TO 2010
CLIMATE RECORD PERIOD 1925 TO 2014


WEATHER ITEM   OBSERVED TIME   RECORD YEAR NORMAL DEPARTURE LAST
                VALUE   (LST)  VALUE       VALUE  FROM      YEAR
                                                  NORMAL
..................................................................
TEMPERATURE (F)
 YESTERDAY
  MAXIMUM         67    947 AM  82    1948  64      3       70
  MINIMUM         50   1159 PM  23    2000  43      7       41
  AVERAGE         59                        54      5       56

PRECIPITATION (IN)
  YESTERDAY        T             2.08 1967   0.16  -0.16     0.00
  MONTH TO DATE    0.88                      3.68  -2.80     7.17
  SINCE SEP 1      0.88                      3.68  -2.80     7.17
  SINCE JAN 1     28.62                     29.93  -1.31    32.35

SNOWFALL (IN)
  YESTERDAY        0.0           0.0  2002   0.0             0.0
                                      2001
  MONTH TO DATE    0.0                       0.0             0.0
  SINCE SEP 1      0.0                       0.0             0.0
  SINCE JUL 1      0.0                       0.0             0.0
  SNOW DEPTH       0

DEGREE DAYS
 HEATING
  YESTERDAY        6                        12     -6        9
  MONTH TO DATE  203                       197      6      191
  SINCE SEP 1    203                       197      6      191
  SINCE JUL 1    224                       260    -36      223

 COOLING
  YESTERDAY        0                         0      0        0
  MONTH TO DATE   47                        21     26       33
  SINCE SEP 1     47                        21     26       33
  SINCE JAN 1    361                       315     46      355
..................................................................


WIND (MPH)
  RESULTANT WIND SPEED   7   RESULTANT WIND DIRECTION  NE (50)
  HIGHEST WIND SPEED    20   HIGHEST WIND DIRECTION    NE (40)
  HIGHEST GUST SPEED    24   HIGHEST GUST DIRECTION    NE (50)


SKY COVER
  POSSIBLE SUNSHINE  MM
  AVERAGE SKY COVER 0.8


WEATHER CONDITIONS
 THE FOLLOWING WEATHER WAS RECORDED YESTERDAY.
  LIGHT RAIN
  FOG


RELATIVE HUMIDITY (PERCENT)
 HIGHEST   100
 LOWEST     67
 AVERAGE    84

..........................................................


THE BANGOR ME CLIMATE NORMALS FOR TODAY
                         NORMAL    RECORD    YEAR
 MAXIMUM TEMPERATURE (F)   64        86      1948
 MINIMUM TEMPERATURE (F)   42        27      1942
                                             1941


SUNRISE AND SUNSET
SEPTEMBER 30 2014.....SUNRISE   632 AM EDT   SUNSET   618 PM EDT
OCTOBER  1 2014.......SUNRISE   633 AM EDT   SUNSET   616 PM EDT


-  INDICATES NEGATIVE NUMBERS.
R  INDICATES RECORD WAS SET OR TIED.
MM INDICATES DATA IS MISSING.
T  INDICATES TRACE AMOUNT.




$$
