000
CDUS44 KBMX 282106
CLIBHM


CLIMATE REPORT
NATIONAL WEATHER SERVICE BIRMINGHAM, AL
406 PM CDT THU MAY 28 2015


...................................

...THE BIRMINGHAM CLIMATE SUMMARY FOR MAY 28 2015...
VALID AS OF 0400 PM LOCAL TIME.

CLIMATE NORMAL PERIOD 1981 TO 2010
CLIMATE RECORD PERIOD 2014 TO 2015


WEATHER ITEM   OBSERVED TIME   RECORD YEAR NORMAL DEPARTURE LAST
                VALUE   (LST)  VALUE       VALUE  FROM      YEAR
                                                  NORMAL
..................................................................
TEMPERATURE (F)
 TODAY
  MAXIMUM         80    120 PM  99    1962  84     -4       83
  MINIMUM         67    603 AM  44    1907  63      4       68
  AVERAGE         74                        74      0       76

PRECIPITATION (IN)
  TODAY            0.39          2.28 1991   0.16   0.23     0.42
  MONTH TO DATE    1.96                      4.53  -2.57     2.00
  SINCE MAR 1     16.43                     14.14   2.29    15.61
  SINCE JAN 1     25.13                     23.51   1.62    22.54

DEGREE DAYS
 COOLING
  TODAY            9                         9      0       11
  MONTH TO DATE  221                       171     50      201
  SINCE MAR 1    303                       251     52      257
  SINCE JAN 1    303                       255     48      260
..................................................................


WIND (MPH)
  HIGHEST WIND SPEED    20   HIGHEST WIND DIRECTION     W (260)
  HIGHEST GUST SPEED    22   HIGHEST GUST DIRECTION     W (260)
  AVERAGE WIND SPEED     2.5


SKY COVER
  AVERAGE SKY COVER 0.7


WEATHER CONDITIONS
 THE FOLLOWING WEATHER WAS RECORDED TODAY.
  THUNDERSTORM
  RAIN
  FOG


RELATIVE HUMIDITY (PERCENT)
 HIGHEST   100          1200 AM
 LOWEST     69           100 PM
 AVERAGE    85

..........................................................


THE BIRMINGHAM CLIMATE NORMALS FOR TOMORROW
                         NORMAL    RECORD    YEAR
 MAXIMUM TEMPERATURE (F)   84        99      1898
 MINIMUM TEMPERATURE (F)   64        44      1984


SUNRISE AND SUNSET
MAY 28 2015...........SUNRISE   539 AM CDT   SUNSET   749 PM CDT
MAY 29 2015...........SUNRISE   539 AM CDT   SUNSET   750 PM CDT


-  INDICATES NEGATIVE NUMBERS.
R  INDICATES RECORD WAS SET OR TIED.
MM INDICATES DATA IS MISSING.
T  INDICATES TRACE AMOUNT.




$$
