000
CDUS44 KBMX 022155
CLIBHM


CLIMATE REPORT
NATIONAL WEATHER SERVICE BIRMINGHAM, AL
455 PM CDT MON MAY 2 2016


...................................

...THE BIRMINGHAM CLIMATE SUMMARY FOR MAY 2 2016...
VALID AS OF 0400 PM LOCAL TIME.

CLIMATE NORMAL PERIOD 1981 TO 2010
CLIMATE RECORD PERIOD 1895 TO 2016


WEATHER ITEM   OBSERVED TIME   RECORD YEAR NORMAL DEPARTURE LAST
                VALUE   (LST)  VALUE       VALUE  FROM      YEAR
                                                  NORMAL
..................................................................
TEMPERATURE (F)
 TODAY
  MAXIMUM         80    223 PM  92    1901  78      2       77
  MINIMUM         63    522 AM  38    1963  55      8       47
  AVERAGE         72                        67      5       62

PRECIPITATION (IN)
  TODAY            T             1.95 1964   0.16  -0.16     0.00
  MONTH TO DATE    0.22                      0.32  -0.10     0.00
  SINCE MAR 1      9.67                      9.93  -0.26    14.47
  SINCE JAN 1     20.41                     19.30   1.11    23.17

DEGREE DAYS
 COOLING
  TODAY            7                         4      3        0
  MONTH TO DATE   12                         8      4        0
  SINCE MAR 1    120                        88     32       82
  SINCE JAN 1    127                        92     35       82
..................................................................


WIND (MPH)
  HIGHEST WIND SPEED    15   HIGHEST WIND DIRECTION    SW (230)
  HIGHEST GUST SPEED    19   HIGHEST GUST DIRECTION     S (190)
  AVERAGE WIND SPEED     4.9


SKY COVER
  AVERAGE SKY COVER 0.6


WEATHER CONDITIONS
 THE FOLLOWING WEATHER WAS RECORDED TODAY.
  FOG


RELATIVE HUMIDITY (PERCENT)
 HIGHEST   100           500 AM
 LOWEST     58           200 PM
 AVERAGE    79

..........................................................


THE BIRMINGHAM CLIMATE NORMALS FOR TOMORROW
                         NORMAL    RECORD    YEAR
 MAXIMUM TEMPERATURE (F)   79        93      1902
 MINIMUM TEMPERATURE (F)   56        40      1971
                                             1967


SUNRISE AND SUNSET
MAY  2 2016...........SUNRISE   557 AM CDT   SUNSET   731 PM CDT
MAY  3 2016...........SUNRISE   556 AM CDT   SUNSET   732 PM CDT


-  INDICATES NEGATIVE NUMBERS.
R  INDICATES RECORD WAS SET OR TIED.
MM INDICATES DATA IS MISSING.
T  INDICATES TRACE AMOUNT.




$$
