000
CDUS44 KBMX 270746
CLIBHM


CLIMATE REPORT
NATIONAL WEATHER SERVICE BIRMINGHAM, AL
246 AM CDT SAT MAY 27 2017


...................................

...THE BIRMINGHAM CLIMATE SUMMARY FOR MAY 26 2017...

CLIMATE NORMAL PERIOD 1981 TO 2010
CLIMATE RECORD PERIOD 1895 TO 2017


WEATHER ITEM   OBSERVED TIME   RECORD YEAR NORMAL DEPARTURE LAST
                VALUE   (LST)  VALUE       VALUE  FROM      YEAR
                                                  NORMAL
..................................................................
TEMPERATURE (F)
 YESTERDAY
  MAXIMUM         87    347 PM  97    1962  84      3       90
  MINIMUM         56    221 AM  41    1979  63     -7       65
  AVERAGE         72                        73     -1       78

PRECIPITATION (IN)
  YESTERDAY        0.00          2.07 1974   0.15  -0.15     0.00
  MONTH TO DATE    6.43                      4.22   2.21     1.38
  SINCE MAR 1     17.76                     13.83   3.93    10.83
  SINCE JAN 1     27.42                     23.20   4.22    21.57

DEGREE DAYS
 COOLING
  YESTERDAY        7                         8     -1       13
  MONTH TO DATE  166                       153     13      137
  SINCE MAR 1    390                       233    157      245
  SINCE JAN 1    405                       237    168      252
..................................................................


WIND (MPH)
  HIGHEST WIND SPEED    20   HIGHEST WIND DIRECTION    SW (220)
  HIGHEST GUST SPEED    24   HIGHEST GUST DIRECTION    SW (220)
  AVERAGE WIND SPEED     8.4


SKY COVER
  AVERAGE SKY COVER 0.1


WEATHER CONDITIONS
 THE FOLLOWING WEATHER WAS RECORDED YESTERDAY.
  NO SIGNIFICANT WEATHER WAS OBSERVED.


RELATIVE HUMIDITY (PERCENT)
 HIGHEST    93          1200 AM
 LOWEST     37           400 PM
 AVERAGE    65

..........................................................


THE BIRMINGHAM CLIMATE NORMALS FOR TODAY
                         NORMAL    RECORD    YEAR
 MAXIMUM TEMPERATURE (F)   84        98      1962
 MINIMUM TEMPERATURE (F)   63        42      1961


SUNRISE AND SUNSET
MAY 27 2017...........SUNRISE   540 AM CDT   SUNSET   749 PM CDT
MAY 28 2017...........SUNRISE   539 AM CDT   SUNSET   750 PM CDT


-  INDICATES NEGATIVE NUMBERS.
R  INDICATES RECORD WAS SET OR TIED.
MM INDICATES DATA IS MISSING.
T  INDICATES TRACE AMOUNT.




$$
