000
CDUS44 KBMX 052252
CLIBHM


CLIMATE REPORT
NATIONAL WEATHER SERVICE BIRMINGHAM, AL
451 PM CST THU MAR 5 2015


...................................

...THE BIRMINGHAM CLIMATE SUMMARY FOR MARCH 5 2015...
VALID AS OF 0400 PM LOCAL TIME.

CLIMATE NORMAL PERIOD 1981 TO 2010
CLIMATE RECORD PERIOD 2014 TO 2015


WEATHER ITEM   OBSERVED TIME   RECORD YEAR NORMAL DEPARTURE LAST
                VALUE   (LST)  VALUE       VALUE  FROM      YEAR
                                                  NORMAL
..................................................................
TEMPERATURE (F)
 TODAY
  MAXIMUM         46   1214 AM  83    1974  64    -18       63
                                      1955
  MINIMUM         29    259 PM  14    1960  41    -12       34
  AVERAGE         38                        52    -14       49

PRECIPITATION (IN)
  TODAY            0.41          2.55 1935   0.17   0.24     0.00
  MONTH TO DATE    1.49                      0.86   0.63     0.28
  SINCE MAR 1      1.49                      0.86   0.63     0.28
  SINCE JAN 1     10.19                     10.23  -0.04     7.21

SNOWFALL (IN)
  TODAY            0.1                       0.0    0.1      0.0
  MONTH TO DATE    0.1                       0.1    0.0      0.0
  SINCE MAR 1      0.1                       0.1    0.0      0.0
  SINCE JUL 1      0.8                       0.9   -0.1      5.0
  SNOW DEPTH       0

DEGREE DAYS

 COOLING
  TODAY            0                         0      0        0
  MONTH TO DATE    0                         0      0        0
  SINCE MAR 1      0                         0      0        0
  SINCE JAN 1      0                         4     -4        3
..................................................................


WIND (MPH)
  HIGHEST WIND SPEED    23   HIGHEST WIND DIRECTION    NW (330)
  HIGHEST GUST SPEED    28   HIGHEST GUST DIRECTION    NW (330)
  AVERAGE WIND SPEED    14.5


SKY COVER
  AVERAGE SKY COVER 0.9


WEATHER CONDITIONS
 THE FOLLOWING WEATHER WAS RECORDED TODAY.
  MIXED PRECIP
  RAIN
  LIGHT RAIN
  LT FREEZING RAIN
  SNOW
  SLEET
  FOG


RELATIVE HUMIDITY (PERCENT)
 HIGHEST    96           200 AM
 LOWEST     78           400 PM
 AVERAGE    87

..........................................................


THE BIRMINGHAM CLIMATE NORMALS FOR TOMORROW
                         NORMAL    RECORD    YEAR
 MAXIMUM TEMPERATURE (F)   64        83      1974
 MINIMUM TEMPERATURE (F)   42        19      1960


SUNRISE AND SUNSET
MARCH  5 2015.........SUNRISE   611 AM CST   SUNSET   547 PM CST
MARCH  6 2015.........SUNRISE   609 AM CST   SUNSET   548 PM CST


-  INDICATES NEGATIVE NUMBERS.
R  INDICATES RECORD WAS SET OR TIED.
MM INDICATES DATA IS MISSING.
T  INDICATES TRACE AMOUNT.




$$
