000
CDUS44 KBMX 260755
CLIBHM


CLIMATE REPORT
NATIONAL WEATHER SERVICE BIRMINGHAM, AL
153 AM CST WED NOV 26 2014


...................................

...THE BIRMINGHAM CLIMATE SUMMARY FOR NOVEMBER 25 2014...

CLIMATE NORMAL PERIOD 1981 TO 2010
CLIMATE RECORD PERIOD 1895 TO 2014


WEATHER ITEM   OBSERVED TIME   RECORD YEAR NORMAL DEPARTURE LAST
                VALUE   (LST)  VALUE       VALUE  FROM      YEAR
                                                  NORMAL
..................................................................
TEMPERATURE (F)
 YESTERDAY
  MAXIMUM         59    245 PM  78    1921  62     -3       46
  MINIMUM         41    725 AM   5    1950  41      0       32
  AVERAGE         50                        51     -1       39

PRECIPITATION (IN)
  YESTERDAY        0.00          2.50 1932   0.17  -0.17     0.84
  MONTH TO DATE    4.46                      3.95   0.51     1.89
  SINCE SEP 1      9.76                     11.29  -1.53     6.32
  SINCE JAN 1     42.62                     48.37  -5.75    58.58

SNOWFALL (IN)
  YESTERDAY        0.0                       0.0    0.0      0.0
  MONTH TO DATE    0.0                       0.0    0.0      0.0
  SINCE SEP 1      0.0                       0.0    0.0      0.0
  SINCE JUL 1      0.0                       0.0    0.0      0.0
  SNOW DEPTH       0

DEGREE DAYS
 HEATING
  YESTERDAY       15                        14      1       26
  MONTH TO DATE  389                       258    131      300
  SINCE SEP 1    476                       385     91      397
  SINCE JUL 1    476                       385     91      397
..................................................................


WIND (MPH)
  HIGHEST WIND SPEED    14   HIGHEST WIND DIRECTION    NW (300)
  HIGHEST GUST SPEED    18   HIGHEST GUST DIRECTION    NW (310)
  AVERAGE WIND SPEED     6.4


SKY COVER
  AVERAGE SKY COVER 0.7


WEATHER CONDITIONS
 THE FOLLOWING WEATHER WAS RECORDED YESTERDAY.
  NO SIGNIFICANT WEATHER WAS OBSERVED.


RELATIVE HUMIDITY (PERCENT)
 HIGHEST    82           600 AM
 LOWEST     30           100 PM
 AVERAGE    56

..........................................................


THE BIRMINGHAM CLIMATE NORMALS FOR TODAY
                         NORMAL    RECORD    YEAR
 MAXIMUM TEMPERATURE (F)   62        80      1973
 MINIMUM TEMPERATURE (F)   41        23      1950


SUNRISE AND SUNSET
NOVEMBER 26 2014......SUNRISE   629 AM CST   SUNSET   440 PM CST
NOVEMBER 27 2014......SUNRISE   630 AM CST   SUNSET   439 PM CST


-  INDICATES NEGATIVE NUMBERS.
R  INDICATES RECORD WAS SET OR TIED.
MM INDICATES DATA IS MISSING.
T  INDICATES TRACE AMOUNT.




$$
