000
CDUS44 KBMX 290726
CLIBHM


CLIMATE REPORT
NATIONAL WEATHER SERVICE BIRMINGHAM, AL
125 AM CST THU JAN 29 2015


...................................

...THE BIRMINGHAM CLIMATE SUMMARY FOR JANUARY 28 2015...

CLIMATE NORMAL PERIOD 1981 TO 2010
CLIMATE RECORD PERIOD 2014 TO 2015


WEATHER ITEM   OBSERVED TIME   RECORD YEAR NORMAL DEPARTURE LAST
                VALUE   (LST)  VALUE       VALUE  FROM      YEAR
                                                  NORMAL
..................................................................
TEMPERATURE (F)
 YESTERDAY
  MAXIMUM         58    400 PM  74    1975  55      3       24
                                      1916
  MINIMUM         26    556 AM   5    1940  34     -8       16
  AVERAGE         42                        44     -2       20

PRECIPITATION (IN)
  YESTERDAY        0.00          2.06 1912   0.16  -0.16     0.08
  MONTH TO DATE    4.38                      4.34   0.04     1.56
  SINCE DEC 1     11.53                      8.79   2.74     8.62
  SINCE JAN 1      4.38                      4.34   0.04     1.56

SNOWFALL (IN)
  YESTERDAY        0.0                       0.0    0.0      2.0
  MONTH TO DATE    T                         0.5   -0.5      2.0
  SINCE DEC 1      T                         0.6   -0.6      2.0
  SINCE JUL 1      T                         0.6   -0.6      2.0
  SNOW DEPTH       0

DEGREE DAYS
 HEATING
  YESTERDAY       23                        21      2       45
  MONTH TO DATE  639                       597     42      781
  SINCE DEC 1   1135                      1186    -51     1336
  SINCE JUL 1   1697                      1644     53     1864
..................................................................


WIND (MPH)
  HIGHEST WIND SPEED    10   HIGHEST WIND DIRECTION     E (70)
  HIGHEST GUST SPEED    14   HIGHEST GUST DIRECTION     E (80)
  AVERAGE WIND SPEED     2.9


SKY COVER
  AVERAGE SKY COVER 0.0


WEATHER CONDITIONS
 THE FOLLOWING WEATHER WAS RECORDED YESTERDAY.
  FOG


RELATIVE HUMIDITY (PERCENT)
 HIGHEST    92           500 AM
 LOWEST     28           300 PM
 AVERAGE    60

..........................................................


THE BIRMINGHAM CLIMATE NORMALS FOR TODAY
                         NORMAL    RECORD    YEAR
 MAXIMUM TEMPERATURE (F)   55        78      2002
 MINIMUM TEMPERATURE (F)   34         2      1966


SUNRISE AND SUNSET
JANUARY 29 2015.......SUNRISE   645 AM CST   SUNSET   515 PM CST
JANUARY 30 2015.......SUNRISE   645 AM CST   SUNSET   516 PM CST


-  INDICATES NEGATIVE NUMBERS.
R  INDICATES RECORD WAS SET OR TIED.
MM INDICATES DATA IS MISSING.
T  INDICATES TRACE AMOUNT.




$$
