000
CDUS45 KVEF 160826
CLIBIH


CLIMATE REPORT
NATIONAL WEATHER SERVICE LAS VEGAS, NV
1226 AM PST SAT DEC 16 2017


...................................

...THE BISHOP CA CLIMATE SUMMARY FOR DECEMBER 15 2017...

CLIMATE NORMAL PERIOD 1981 TO 2010
CLIMATE RECORD PERIOD 1943 TO 2017


WEATHER ITEM   OBSERVED TIME   RECORD YEAR NORMAL DEPARTURE LAST
                VALUE   (LST)  VALUE       VALUE  FROM      YEAR
                                                  NORMAL
..................................................................
TEMPERATURE (F)
 YESTERDAY
  MAXIMUM         63    208 PM  73    2016  53     10       73
  MINIMUM         20    704 AM   7    1948  22     -2       35
  AVERAGE         42                        37      5       54

PRECIPITATION (IN)
  YESTERDAY        0.00          0.80 1957   0.02  -0.02      T
  MONTH TO DATE    0.00                      0.30  -0.30      T
  SINCE OCT 1      0.16                      1.12  -0.96     0.09
  SINCE JAN 1      8.98                      4.67   4.31     3.16

SNOWFALL (IN)
  YESTERDAY        0.0           6.0  1967   0.0    0.0      0.0
  MONTH TO DATE    0.0                       0.3   -0.3       T
  SINCE DEC 1      0.0                       0.3   -0.3       T
  SINCE JUL 1      0.0                       0.6   -0.6       T
  SNOW DEPTH       0

DEGREE DAYS
 HEATING
  YESTERDAY       23                        28     -5       11
  MONTH TO DATE  324                       401    -77      323
  SINCE DEC 1    324                       401    -77      323
  SINCE JUL 1   1124                      1302   -178     1066

 COOLING
  YESTERDAY        0                         0      0        0
  MONTH TO DATE    0                         0      0        0
  SINCE DEC 1      0                         0      0        0
  SINCE JAN 1   1407                      1104    303     1361
..................................................................


WIND (MPH)
  RESULTANT WIND SPEED   2   RESULTANT WIND DIRECTION  NW (330)
  HIGHEST WIND SPEED    10   HIGHEST WIND DIRECTION     W (280)
  HIGHEST GUST SPEED    12   HIGHEST GUST DIRECTION     W (270)
  AVERAGE WIND SPEED     4.2


SKY COVER
  POSSIBLE SUNSHINE  MM
  AVERAGE SKY COVER 0.0


WEATHER CONDITIONS
 THE FOLLOWING WEATHER WAS RECORDED YESTERDAY.
  NO SIGNIFICANT WEATHER WAS OBSERVED.


RELATIVE HUMIDITY (PERCENT)
 HIGHEST    62           700 AM
 LOWEST     10           100 PM
 AVERAGE    36

..........................................................


THE BISHOP CA CLIMATE NORMALS FOR TODAY
                         NORMAL    RECORD    YEAR
 MAXIMUM TEMPERATURE (F)   53        72      1980
 MINIMUM TEMPERATURE (F)   22         6      1984


SUNRISE AND SUNSET
DECEMBER 16 2017......SUNRISE   701 AM PST   SUNSET   437 PM PST
DECEMBER 17 2017......SUNRISE   702 AM PST   SUNSET   438 PM PST


-  INDICATES NEGATIVE NUMBERS.
R  INDICATES RECORD WAS SET OR TIED.
MM INDICATES DATA IS MISSING.
T  INDICATES TRACE AMOUNT.




$$
