000
CDUS45 KVEF 300827
CLIBIH


CLIMATE REPORT
NATIONAL WEATHER SERVICE LAS VEGAS, NV
127 AM PDT SAT AUG 30 2014


...................................

...THE BISHOP CA CLIMATE SUMMARY FOR AUGUST 29 2014...

CLIMATE NORMAL PERIOD 1981 TO 2010
CLIMATE RECORD PERIOD 1943 TO 2014


WEATHER ITEM   OBSERVED TIME   RECORD YEAR NORMAL DEPARTURE LAST
                VALUE   (LST)  VALUE       VALUE  FROM      YEAR
                                                  NORMAL
..................................................................
TEMPERATURE (F)
 YESTERDAY
  MAXIMUM        100    308 PM 105    1950  94      6       98
  MINIMUM         55    551 AM  40    1946  51      4       53
  AVERAGE         78                        73      5       76

PRECIPITATION (IN)
  YESTERDAY        0.00          0.20 2000   0.00   0.00     0.00
  MONTH TO DATE    0.20                      0.12   0.08     0.16
  SINCE OCT 1      2.83                      4.98  -2.15     2.34
  SINCE JAN 1      2.61                      3.36  -0.75     1.11

SNOWFALL (IN)
  YESTERDAY        0.0          MM      MM   0.0    0.0      0.0
  MONTH TO DATE    0.0                       0.0    0.0      0.0
  SINCE JUN 1      0.0                       0.0    0.0      0.0
  SINCE JUL 1      0.0                       0.0    0.0      0.0
  SNOW DEPTH       0

DEGREE DAYS
 HEATING
  YESTERDAY        0                         0      0        0
  MONTH TO DATE    0                         0      0        0
  SINCE JUN 1      0                        20    -20        0
  SINCE JUL 1      0                         1     -1        0

 COOLING
  YESTERDAY       13                         8      5       11
  MONTH TO DATE  275                       298    -23      267
  SINCE JUN 1   1035                       894    141     1052
  SINCE JAN 1   1120                       962    158     1138
..................................................................


WIND (MPH)
  RESULTANT WIND SPEED   5   RESULTANT WIND DIRECTION   S (170)
  HIGHEST WIND SPEED    22   HIGHEST WIND DIRECTION    SE (150)
  HIGHEST GUST SPEED    29   HIGHEST GUST DIRECTION    SE (150)
  AVERAGE WIND SPEED     8.7


SKY COVER
  POSSIBLE SUNSHINE  MM
  AVERAGE SKY COVER 0.0


WEATHER CONDITIONS
 THE FOLLOWING WEATHER WAS RECORDED YESTERDAY.
  NO SIGNIFICANT WEATHER WAS OBSERVED.


RELATIVE HUMIDITY (PERCENT)
 HIGHEST    36           600 AM
 LOWEST      6          1200 PM
 AVERAGE    21

..........................................................


THE BISHOP CA CLIMATE NORMALS FOR TODAY
                         NORMAL    RECORD    YEAR
 MAXIMUM TEMPERATURE (F)   94       103      1998
                                             1996
                                             1950
 MINIMUM TEMPERATURE (F)   51        40      2010


SUNRISE AND SUNSET
AUGUST 30 2014........SUNRISE   622 AM PDT   SUNSET   725 PM PDT
AUGUST 31 2014........SUNRISE   623 AM PDT   SUNSET   724 PM PDT


-  INDICATES NEGATIVE NUMBERS.
R  INDICATES RECORD WAS SET OR TIED.
MM INDICATES DATA IS MISSING.
T  INDICATES TRACE AMOUNT.




$$
