000
CDUS45 KVEF 010832
CLIBIH


CLIMATE REPORT
NATIONAL WEATHER SERVICE LAS VEGAS, NV
131 AM PDT TUE SEP 1 2015


...................................

...THE BISHOP CA CLIMATE SUMMARY FOR AUGUST 31 2015...

CLIMATE NORMAL PERIOD 1981 TO 2010
CLIMATE RECORD PERIOD 1943 TO 2015


WEATHER ITEM   OBSERVED TIME   RECORD YEAR NORMAL DEPARTURE LAST
                VALUE   (LST)  VALUE       VALUE  FROM      YEAR
                                                  NORMAL
..................................................................
TEMPERATURE (F)
 YESTERDAY
  MAXIMUM         96    129 PM 103    1976  93      3       99
                                      1955
                                      1950
  MINIMUM         55    546 AM  40    1946  51      4       54
  AVERAGE         76                        72      4       77

PRECIPITATION (IN)
  YESTERDAY        0.00          0.02 1998   0.00   0.00     0.00
  MONTH TO DATE    0.02                      0.13  -0.11     0.20
  SINCE OCT 1      3.01                      4.98  -1.97     2.83
  SINCE JAN 1      2.55                      3.36  -0.81     2.61

SNOWFALL (IN)
  YESTERDAY        0.0          MM      MM   0.0    0.0      0.0
  MONTH TO DATE    0.0                       0.0    0.0      0.0
  SINCE JUN 1      0.0                       0.0    0.0      0.0
  SINCE JUL 1      0.0                       0.0    0.0      0.0
  SNOW DEPTH       0

DEGREE DAYS
 HEATING
  YESTERDAY        0                         0      0        0
  MONTH TO DATE    0                         0      0        0
  SINCE JUN 1      0                        21    -21        0
  SINCE JUL 1      0                         2     -2        0

 COOLING
  YESTERDAY       11                         7      4       12
  MONTH TO DATE  403                       313     90      302
  SINCE JUN 1   1099                       909    190     1062
  SINCE JAN 1   1150                       977    173     1147
..................................................................


WIND (MPH)
  RESULTANT WIND SPEED   5   RESULTANT WIND DIRECTION   S (170)
  HIGHEST WIND SPEED    23   HIGHEST WIND DIRECTION    SE (150)
  HIGHEST GUST SPEED    29   HIGHEST GUST DIRECTION    SE (150)
  AVERAGE WIND SPEED    10.6


SKY COVER
  POSSIBLE SUNSHINE  MM
  AVERAGE SKY COVER 0.0


WEATHER CONDITIONS
 THE FOLLOWING WEATHER WAS RECORDED YESTERDAY.
  NO SIGNIFICANT WEATHER WAS OBSERVED.


RELATIVE HUMIDITY (PERCENT)
 HIGHEST    43           500 AM
 LOWEST      8           300 PM
 AVERAGE    26

..........................................................


THE BISHOP CA CLIMATE NORMALS FOR TODAY
                         NORMAL    RECORD    YEAR
 MAXIMUM TEMPERATURE (F)   93       104      1950
 MINIMUM TEMPERATURE (F)   51        39      1999


SUNRISE AND SUNSET
SEPTEMBER  1 2015.....SUNRISE   624 AM PDT   SUNSET   723 PM PDT
SEPTEMBER  2 2015.....SUNRISE   625 AM PDT   SUNSET   721 PM PDT


-  INDICATES NEGATIVE NUMBERS.
R  INDICATES RECORD WAS SET OR TIED.
MM INDICATES DATA IS MISSING.
T  INDICATES TRACE AMOUNT.




$$
