000
CDUS45 KVEF 280830
CLIBIH


CLIMATE REPORT
NATIONAL WEATHER SERVICE LAS VEGAS, NV
128 AM PDT SAT MAY 28 2016


...................................

...THE BISHOP CA CLIMATE SUMMARY FOR MAY 27 2016...

CLIMATE NORMAL PERIOD 1981 TO 2010
CLIMATE RECORD PERIOD 1943 TO 2016


WEATHER ITEM   OBSERVED TIME   RECORD YEAR NORMAL DEPARTURE LAST
                VALUE   (LST)  VALUE       VALUE  FROM      YEAR
                                                  NORMAL
..................................................................
TEMPERATURE (F)
 YESTERDAY
  MAXIMUM         84    320 PM 100    2003  86     -2       90
  MINIMUM         42    459 AM  27    1998  47     -5       50
  AVERAGE         63                        66     -3       70

PRECIPITATION (IN)
  YESTERDAY        0.00          0.34 1962   0.00   0.00     0.00
  MONTH TO DATE    0.34                      0.16   0.18     1.39
  SINCE OCT 1      3.38                      4.47  -1.09     2.13
  SINCE JAN 1      2.57                      2.85  -0.28     1.67

SNOWFALL (IN)
  YESTERDAY        0.0          MM      MM   0.0    0.0      0.0
  MONTH TO DATE    0.0                       0.0    0.0       T
  SINCE MAR 1      T                         0.6   -0.6       T
  SINCE JUL 1      2.0                       8.0   -6.0       T
  SNOW DEPTH       0

DEGREE DAYS
 HEATING
  YESTERDAY        2                         2      0        0
  MONTH TO DATE   96                       109    -13      127
  SINCE MAR 1    698                       944   -246      677
  SINCE JUL 1   3754                      4151   -397     3118

 COOLING
  YESTERDAY        0                         3     -3        5
  MONTH TO DATE   28                        47    -19       14
  SINCE MAR 1     28                        51    -23       18
  SINCE JAN 1     28                        51    -23       18
..................................................................


WIND (MPH)
  RESULTANT WIND SPEED   3   RESULTANT WIND DIRECTION   N (340)
  HIGHEST WIND SPEED    21   HIGHEST WIND DIRECTION    SW (230)
  HIGHEST GUST SPEED    29   HIGHEST GUST DIRECTION     W (270)
  AVERAGE WIND SPEED     5.5


SKY COVER
  POSSIBLE SUNSHINE  MM
  AVERAGE SKY COVER 0.1


WEATHER CONDITIONS
 THE FOLLOWING WEATHER WAS RECORDED YESTERDAY.
  NO SIGNIFICANT WEATHER WAS OBSERVED.


RELATIVE HUMIDITY (PERCENT)
 HIGHEST    62           500 AM
 LOWEST     13           100 PM
 AVERAGE    38

..........................................................


THE BISHOP CA CLIMATE NORMALS FOR TODAY
                         NORMAL    RECORD    YEAR
 MAXIMUM TEMPERATURE (F)   86       102      2003
 MINIMUM TEMPERATURE (F)   47        33      2006


SUNRISE AND SUNSET
MAY 28 2016...........SUNRISE   536 AM PDT   SUNSET   806 PM PDT
MAY 29 2016...........SUNRISE   535 AM PDT   SUNSET   807 PM PDT


-  INDICATES NEGATIVE NUMBERS.
R  INDICATES RECORD WAS SET OR TIED.
MM INDICATES DATA IS MISSING.
T  INDICATES TRACE AMOUNT.




$$
