000
CDUS45 KVEF 260830
CLIBIH


CLIMATE REPORT
NATIONAL WEATHER SERVICE LAS VEGAS, NV
130 AM PDT MON JUN 26 2017


...................................

...THE BISHOP CA CLIMATE SUMMARY FOR JUNE 25 2017...

CLIMATE NORMAL PERIOD 1981 TO 2010
CLIMATE RECORD PERIOD 1943 TO 2017


WEATHER ITEM   OBSERVED TIME   RECORD YEAR NORMAL DEPARTURE LAST
                VALUE   (LST)  VALUE       VALUE  FROM      YEAR
                                                  NORMAL
..................................................................
TEMPERATURE (F)
 YESTERDAY
  MAXIMUM        104    224 PM 107    2006  95      9      100
  MINIMUM         59    423 AM  41    1975  53      6       62
  AVERAGE         82                        74      8       81

PRECIPITATION (IN)
  YESTERDAY        0.00          0.15 1948   0.00   0.00     0.00
  MONTH TO DATE    T                         0.16  -0.16     0.50
  SINCE OCT 1      9.16                      4.66   4.50     3.88
  SINCE JAN 1      8.80                      3.04   5.76     3.07

SNOWFALL (IN)
  YESTERDAY        0.0          MM      MM   0.0    0.0      0.0
  MONTH TO DATE    0.0                       0.0    0.0      0.0
  SINCE JUN 1      0.0                       0.0    0.0      0.0
  SINCE JUL 1      8.6                       8.0    0.6      2.0
  SNOW DEPTH       0

DEGREE DAYS
 HEATING
  YESTERDAY        0                         0      0        0
  MONTH TO DATE   14                        17     -3        3
  SINCE JUN 1     14                        17     -3        3
  SINCE JUL 1   3797                      4175   -378     3757

 COOLING
  YESTERDAY       17                         9      8       16
  MONTH TO DATE  270                       163    107      273
  SINCE JUN 1    270                       163    107      273
  SINCE JAN 1    327                       231     96      320
..................................................................


WIND (MPH)
  RESULTANT WIND SPEED   3   RESULTANT WIND DIRECTION  NW (310)
  HIGHEST WIND SPEED    20   HIGHEST WIND DIRECTION     W (270)
  HIGHEST GUST SPEED    26   HIGHEST GUST DIRECTION     W (260)
  AVERAGE WIND SPEED     7.0


SKY COVER
  POSSIBLE SUNSHINE  MM
  AVERAGE SKY COVER 0.0


WEATHER CONDITIONS
 THE FOLLOWING WEATHER WAS RECORDED YESTERDAY.
  NO SIGNIFICANT WEATHER WAS OBSERVED.


RELATIVE HUMIDITY (PERCENT)
 HIGHEST    48           300 AM
 LOWEST      6           300 PM
 AVERAGE    27

..........................................................


THE BISHOP CA CLIMATE NORMALS FOR TODAY
                         NORMAL    RECORD    YEAR
 MAXIMUM TEMPERATURE (F)   95       104      1973
                                             1968
                                             1957
 MINIMUM TEMPERATURE (F)   53        42      1998
                                             1975


SUNRISE AND SUNSET
JUNE 26 2017..........SUNRISE   535 AM PDT   SUNSET   818 PM PDT
JUNE 27 2017..........SUNRISE   535 AM PDT   SUNSET   818 PM PDT


-  INDICATES NEGATIVE NUMBERS.
R  INDICATES RECORD WAS SET OR TIED.
MM INDICATES DATA IS MISSING.
T  INDICATES TRACE AMOUNT.




$$
