000
CDUS45 KVEF 310830
CLIBIH


CLIMATE REPORT
NATIONAL WEATHER SERVICE LAS VEGAS, NV
130 AM PDT FRI JUL 31 2015


...................................

...THE BISHOP CA CLIMATE SUMMARY FOR JULY 30 2015...

CLIMATE NORMAL PERIOD 1981 TO 2010
CLIMATE RECORD PERIOD 1943 TO 2015


WEATHER ITEM   OBSERVED TIME   RECORD YEAR NORMAL DEPARTURE LAST
                VALUE   (LST)  VALUE       VALUE  FROM      YEAR
                                                  NORMAL
..................................................................
TEMPERATURE (F)
 YESTERDAY
  MAXIMUM         97    128 PM 105    1977  99     -2       88
  MINIMUM         60    541 AM  47    1975  56      4       59
  AVERAGE         79                        78      1       74

PRECIPITATION (IN)
  YESTERDAY        T             0.40 1968   0.01  -0.01     0.04
  MONTH TO DATE    0.46                      0.16   0.30     0.15
  SINCE OCT 1      2.98                      4.85  -1.87     2.63
  SINCE JAN 1      2.52                      3.23  -0.71     2.41

SNOWFALL (IN)
  YESTERDAY        0.0          MM      MM   0.0    0.0      0.0
  MONTH TO DATE    0.0                       0.0    0.0      0.0
  SINCE JUN 1      0.0                       0.0    0.0      0.0
  SINCE JUL 1      0.0                       0.0    0.0      0.0
  SNOW DEPTH       0

DEGREE DAYS
 HEATING
  YESTERDAY        0                         0      0        0
  MONTH TO DATE    0                         0      0        0
  SINCE JUN 1      0                        19    -19        0
  SINCE JUL 1      0                         0      0        0

 COOLING
  YESTERDAY       14                        13      1        9
  MONTH TO DATE  347                       373    -26      452
  SINCE JUN 1    681                       587     94      748
  SINCE JAN 1    732                       655     77      833
..................................................................


WIND (MPH)
  RESULTANT WIND SPEED   1   RESULTANT WIND DIRECTION   E (90)
  HIGHEST WIND SPEED    30   HIGHEST WIND DIRECTION    NE (50)
  HIGHEST GUST SPEED    41   HIGHEST GUST DIRECTION    NE (50)
  AVERAGE WIND SPEED     7.2


SKY COVER
  POSSIBLE SUNSHINE  MM
  AVERAGE SKY COVER 0.1


WEATHER CONDITIONS
 THE FOLLOWING WEATHER WAS RECORDED YESTERDAY.
  THUNDERSTORM
  LIGHT RAIN


RELATIVE HUMIDITY (PERCENT)
 HIGHEST    52           600 AM
 LOWEST     16           100 PM
 AVERAGE    34

..........................................................


THE BISHOP CA CLIMATE NORMALS FOR TODAY
                         NORMAL    RECORD    YEAR
 MAXIMUM TEMPERATURE (F)   99       109      2000
 MINIMUM TEMPERATURE (F)   56        47      1985


SUNRISE AND SUNSET
JULY 31 2015..........SUNRISE   557 AM PDT   SUNSET   802 PM PDT
AUGUST  1 2015........SUNRISE   558 AM PDT   SUNSET   801 PM PDT


-  INDICATES NEGATIVE NUMBERS.
R  INDICATES RECORD WAS SET OR TIED.
MM INDICATES DATA IS MISSING.
T  INDICATES TRACE AMOUNT.




$$
