000
CDUS45 KVEF 070031
CLIBIH


CLIMATE REPORT
NATIONAL WEATHER SERVICE LAS VEGAS, NV
431 PM PST FRI MAR 6 2015


...................................

...THE BISHOP CA CLIMATE SUMMARY FOR MARCH 6 2015...
VALID TODAY AS OF 0400 PM LOCAL TIME.

CLIMATE NORMAL PERIOD 1981 TO 2010
CLIMATE RECORD PERIOD 1943 TO 2015


WEATHER ITEM   OBSERVED RECORD YEAR NORMAL DEPARTURE LAST
                VALUE   VALUE       VALUE  FROM      YEAR
                                           NORMAL
...........................................................
TEMPERATURE (F)
 TODAY
  MAXIMUM         73     85    1972  63     10       74
  MINIMUM         24     14    1971  30     -6       40
  AVERAGE         49

PRECIPITATION (IN)
  TODAY            0.00   0.19 1962   0.03  -0.03      T
  MONTH TO DATE    0.01               0.14  -0.13      T
  SINCE OCT 1      0.73               3.66  -2.93     2.13
  SINCE JAN 1      0.27               2.04  -1.77     1.91

SNOWFALL (IN)
  TODAY            0.0    0.1  1998   0.1   -0.1      0.0
  MONTH TO DATE    T                  0.2   -0.2      0.0
  SINCE MAR 1      T                  0.2   -0.2      0.0
  SINCE JUL 1      T                  6.1   -6.1      0.5
  SNOW DEPTH      MM

DEGREE DAYS
 HEATING
  TODAY           16                 19     -3        8
  MONTH TO DATE  137                115     22       95
  SINCE MAR 1    137                115     22       95
  SINCE JUL 1   2578               3322   -744     3045

 COOLING
  TODAY            0                  0      0        0
  MONTH TO DATE    0                  0      0        0
  SINCE MAR 1      0                  0      0        0
  SINCE JAN 1      0                  0      0        0
...........................................................


WIND (MPH)
  RESULTANT WIND SPEED   4   RESULTANT WIND DIRECTION  NW (330)
  HIGHEST WIND SPEED    13   HIGHEST WIND DIRECTION    NW (300)
  HIGHEST GUST SPEED    14   HIGHEST GUST DIRECTION    NW (300)
  AVERAGE WIND SPEED     6.0


SKY COVER
  POSSIBLE SUNSHINE  MM
  AVERAGE SKY COVER 0.0


WEATHER CONDITIONS
 THE FOLLOWING WEATHER WAS RECORDED TODAY.
  NO SIGNIFICANT WEATHER WAS OBSERVED.


RELATIVE HUMIDITY (PERCENT)
 HIGHEST    40           400 AM
 LOWEST      5           100 PM
 AVERAGE    23

..........................................................


THE BISHOP CA CLIMATE NORMALS FOR TOMORROW
                         NORMAL    RECORD    YEAR
 MAXIMUM TEMPERATURE (F)   63        82      1972
 MINIMUM TEMPERATURE (F)   30        16      1956


SUNRISE AND SUNSET
MARCH  6 2015.........SUNRISE   618 AM PST   SUNSET   552 PM PST
MARCH  7 2015.........SUNRISE   616 AM PST   SUNSET   553 PM PST


-  INDICATES NEGATIVE NUMBERS.
R  INDICATES RECORD WAS SET OR TIED.
MM INDICATES DATA IS MISSING.
T  INDICATES TRACE AMOUNT.




$$
