000
CDUS45 KBYZ 261703
CLIBIL


CLIMATE REPORT
NATIONAL WEATHER SERVICE BILLINGS MT
1103 AM MDT WED APR 26 2017


...................................

...THE BILLINGS MT CLIMATE SUMMARY FOR APRIL 26 2017...
VALID AS OF 1100 AM LOCAL TIME.

CLIMATE NORMAL PERIOD 1981 TO 2010
CLIMATE RECORD PERIOD 1934 TO 2017


WEATHER ITEM   OBSERVED RECORD YEAR NORMAL DEPARTURE LAST
                VALUE   VALUE       VALUE  FROM      YEAR
                                           NORMAL
...........................................................
TEMPERATURE (F)
 TODAY
  MAXIMUM         37     85    1946  61    -24
  MINIMUM         33     23    1994  38     -5
  AVERAGE         35

PRECIPITATION (IN)
  TODAY            0.02   0.85 1986   0.06  -0.04     0.02
  MONTH TO DATE    2.39               1.40   0.99     0.86
  SINCE OCT 1     11.63               5.73   5.90     5.79
  SINCE JAN 1      6.07               3.42   2.65     2.94

...........................................................










-  INDICATES NEGATIVE NUMBERS.
R  INDICATES RECORD WAS SET OR TIED.
MM INDICATES DATA IS MISSING.
T  INDICATES TRACE AMOUNT.




$$
