000
CDUS45 KBYZ 290933
CLIBIL


CLIMATE REPORT
NATIONAL WEATHER SERVICE BILLINGS MT
332 AM MDT FRI APR 29 2016


...................................

...THE BILLINGS MT CLIMATE SUMMARY FOR APRIL 28 2016...

CLIMATE NORMAL PERIOD 1981 TO 2010
CLIMATE RECORD PERIOD 1934 TO 2016


WEATHER ITEM   OBSERVED TIME   RECORD YEAR NORMAL DEPARTURE LAST
                VALUE   (LST)  VALUE       VALUE  FROM      YEAR
                                                  NORMAL
..................................................................
TEMPERATURE (F)
 YESTERDAY
  MAXIMUM         41    449 PM  88    1987  62    -21       72
  MINIMUM         31    814 AM  18    1954  38     -7       37
  AVERAGE         36                        50    -14       55

PRECIPITATION (IN)
  YESTERDAY        0.23          2.53 1978   0.07   0.16     0.00
  MONTH TO DATE    1.28                      1.53  -0.25     1.50
  SINCE OCT 1      6.21                      5.86   0.35     4.74
  SINCE JAN 1      3.36                      3.55  -0.19     3.17

SNOWFALL (IN)
  YESTERDAY        1.8           8.3  1970   0.2    1.6      0.0
  MONTH TO DATE    1.8                       7.9   -6.1      5.9
  SINCE MAR 1      3.7                      18.1  -14.4     11.3
  SINCE JUL 1     28.1                      52.6  -24.5     55.4
  SNOW DEPTH       T

DEGREE DAYS
 HEATING
  YESTERDAY       29                        15     14       10
  MONTH TO DATE  419                       537   -118      500
  SINCE MAR 1   1093                      1382   -289     1056
  SINCE JUL 1   5354                      6347   -993     5697

 COOLING
  YESTERDAY        0                         0      0        0
  MONTH TO DATE    3                         0      3        0
  SINCE MAR 1      3                         0      3        0
  SINCE JAN 1      3                         0      3        0
..................................................................


WIND (MPH)
  HIGHEST WIND SPEED    13   HIGHEST WIND DIRECTION    NE (30)
  HIGHEST GUST SPEED    16   HIGHEST GUST DIRECTION    NE (30)
  AVERAGE WIND SPEED     7.9


SKY COVER
  POSSIBLE SUNSHINE  MM
  AVERAGE SKY COVER 0.9


WEATHER CONDITIONS
 THE FOLLOWING WEATHER WAS RECORDED YESTERDAY.
  LIGHT RAIN
  SNOW
  LIGHT SNOW
  SLEET
  FOG


RELATIVE HUMIDITY (PERCENT)
 HIGHEST   100          1200 AM
 LOWEST     79           300 PM
 AVERAGE    90

..........................................................


THE BILLINGS MT CLIMATE NORMALS FOR TODAY
                         NORMAL    RECORD    YEAR
 MAXIMUM TEMPERATURE (F)   62        90      1939
 MINIMUM TEMPERATURE (F)   38        19      1966


SUNRISE AND SUNSET
APRIL 29 2016.........SUNRISE   604 AM MDT   SUNSET   820 PM MDT
APRIL 30 2016.........SUNRISE   602 AM MDT   SUNSET   821 PM MDT


-  INDICATES NEGATIVE NUMBERS.
R  INDICATES RECORD WAS SET OR TIED.
MM INDICATES DATA IS MISSING.
T  INDICATES TRACE AMOUNT.





&&

...THE CLIMATE SUMMARY FOR SOUTHWEST BILLINGS FOR 28 APRIL 2016...

HIGH TEMPERATURE........................44
LOW TEMPERATURE.........................32

PRECIPITATION...........................0.12
MONTHLY PRECIPITATION TOTAL.............1.13
YEARLY PRECIPITATION TOTAL..............3.00

SNOWFALL................................0.7
MONTHLY SNOWFALL TOTAL..................0.7
TOTAL SNOWFALL SINCE JULY 1.............25.8

SNOW DEPTH AT MIDNIGHT..................0

$$
