000
CDUS45 KBYZ 290934
CLIBIL


CLIMATE REPORT
NATIONAL WEATHER SERVICE BILLINGS MT
333 AM MDT SAT AUG 29 2015


...................................

...THE BILLINGS MT CLIMATE SUMMARY FOR AUGUST 28 2015...

CLIMATE NORMAL PERIOD 1981 TO 2010
CLIMATE RECORD PERIOD 1934 TO 2015


WEATHER ITEM   OBSERVED TIME   RECORD YEAR NORMAL DEPARTURE LAST
                VALUE   (LST)  VALUE       VALUE  FROM      YEAR
                                                  NORMAL
..................................................................
TEMPERATURE (F)
 YESTERDAY
  MAXIMUM         89    445 PM  99    2012  82      7       89
                                      1983
  MINIMUM         63    723 AM  42    1960  54      9       59
  AVERAGE         76                        68      8       74

PRECIPITATION (IN)
  YESTERDAY        0.00          0.26 1964   0.03  -0.03     0.14
  MONTH TO DATE    0.91                      0.67   0.24     1.95
  SINCE OCT 1     11.41                     12.28  -0.87    16.76
  SINCE JAN 1      9.84                      9.97  -0.13    11.87

SNOWFALL (IN)
  YESTERDAY        0.0           0.0  2002   0.0    0.0      0.0
                                      2000
  MONTH TO DATE    0.0                       0.0    0.0      0.0
  SINCE JUN 1      T                         0.0    0.0       T
  SINCE JUL 1      T                         0.0    0.0      0.0
  SNOW DEPTH       0

DEGREE DAYS
 HEATING
  YESTERDAY        0                         2     -2        0
  MONTH TO DATE   42                        14     28       45
  SINCE JUN 1     61                       125    -64      135
  SINCE JUL 1     43                        29     14       46

 COOLING
  YESTERDAY       11                         5      6        9
  MONTH TO DATE  210                       209      1      211
  SINCE JUN 1    624                       550     74      534
  SINCE JAN 1    627                       567     60      550
..................................................................


WIND (MPH)
  HIGHEST WIND SPEED    23   HIGHEST WIND DIRECTION    SW (240)
  HIGHEST GUST SPEED    29   HIGHEST GUST DIRECTION    SW (240)
  AVERAGE WIND SPEED    11.3


SKY COVER
  POSSIBLE SUNSHINE  MM
  AVERAGE SKY COVER 0.6


WEATHER CONDITIONS
 THE FOLLOWING WEATHER WAS RECORDED YESTERDAY.
  HAZE


RELATIVE HUMIDITY (PERCENT)
 HIGHEST    56           800 AM
 LOWEST     17           400 PM
 AVERAGE    37

..........................................................


THE BILLINGS MT CLIMATE NORMALS FOR TODAY
                         NORMAL    RECORD    YEAR
 MAXIMUM TEMPERATURE (F)   82        97      2012
                                             2005
 MINIMUM TEMPERATURE (F)   54        44      1992
                                             1965


SUNRISE AND SUNSET
AUGUST 29 2015........SUNRISE   631 AM MDT   SUNSET   758 PM MDT
AUGUST 30 2015........SUNRISE   632 AM MDT   SUNSET   756 PM MDT


-  INDICATES NEGATIVE NUMBERS.
R  INDICATES RECORD WAS SET OR TIED.
MM INDICATES DATA IS MISSING.
T  INDICATES TRACE AMOUNT.





&&

...THE CLIMATE SUMMARY FOR SOUTHWEST BILLINGS FOR 28 AUGUST 2015...

HIGH TEMPERATURE........................89
LOW TEMPERATURE.........................64

PRECIPITATION...........................0.00
MONTHLY PRECIPITATION TOTAL.............0.95
YEARLY PRECIPITATION TOTAL..............11.56

SNOWFALL................................0.0
MONTHLY SNOWFALL TOTAL..................0.0
TOTAL SNOWFALL SINCE JULY 1.............0.0

SNOW DEPTH AT MIDNIGHT..................0

$$
