000
CDUS45 KBYZ 211039
CLIBIL


CLIMATE REPORT
NATIONAL WEATHER SERVICE BILLINGS MT
338 AM MST TUE FEB 21 2017


...................................

...THE BILLINGS MT CLIMATE SUMMARY FOR FEBRUARY 20 2017...

CLIMATE NORMAL PERIOD 1981 TO 2010
CLIMATE RECORD PERIOD 1934 TO 2017


WEATHER ITEM   OBSERVED TIME   RECORD YEAR NORMAL DEPARTURE LAST
                VALUE   (LST)  VALUE       VALUE  FROM      YEAR
                                                  NORMAL
..................................................................
TEMPERATURE (F)
 YESTERDAY
  MAXIMUM         56    131 PM  69    1995  41     15       49
  MINIMUM         33    314 AM -11    1949  21     12       34
  AVERAGE         45                        31     14       42

PRECIPITATION (IN)
  YESTERDAY        0.00          0.45 1965   0.01  -0.01     0.00
  MONTH TO DATE    0.55                      0.32   0.23     0.09
  SINCE OCT 1      6.74                      3.11   3.63     3.38
  SINCE JAN 1      1.18                      0.80   0.38     0.53

SNOWFALL (IN)
  YESTERDAY        0.0           5.2  1965   0.3   -0.3      0.0
  MONTH TO DATE   10.7                       4.2    6.5      0.2
  SINCE DEC 1     53.3                      20.8   32.5     20.3
  SINCE JUL 1     58.6                      32.5   26.1     24.4
  SNOW DEPTH       0

DEGREE DAYS
 HEATING
  YESTERDAY       20                        34    -14       23
  MONTH TO DATE  712                       709      3      480
  SINCE DEC 1   3558                      3077    481     2663
  SINCE JUL 1   4817                      4705    112     4051

 COOLING
  YESTERDAY        0                         0      0        0
  MONTH TO DATE    0                         0      0        0
  SINCE DEC 1      0                         0      0        0
  SINCE JAN 1      0                         0      0        0
..................................................................


WIND (MPH)
  HIGHEST WIND SPEED    23   HIGHEST WIND DIRECTION    SW (220)
  HIGHEST GUST SPEED    31   HIGHEST GUST DIRECTION     S (200)
  AVERAGE WIND SPEED    13.9


SKY COVER
  POSSIBLE SUNSHINE  MM
  AVERAGE SKY COVER 0.5


WEATHER CONDITIONS
 THE FOLLOWING WEATHER WAS RECORDED YESTERDAY.
  NO SIGNIFICANT WEATHER WAS OBSERVED.


RELATIVE HUMIDITY (PERCENT)
 HIGHEST    70           100 AM
 LOWEST     26           100 PM
 AVERAGE    48

..........................................................


THE BILLINGS MT CLIMATE NORMALS FOR TODAY
                         NORMAL    RECORD    YEAR
 MAXIMUM TEMPERATURE (F)   42        71      1982
 MINIMUM TEMPERATURE (F)   21        -9      1957


SUNRISE AND SUNSET
FEBRUARY 21 2017......SUNRISE   706 AM MST   SUNSET   550 PM MST
FEBRUARY 22 2017......SUNRISE   704 AM MST   SUNSET   551 PM MST


-  INDICATES NEGATIVE NUMBERS.
R  INDICATES RECORD WAS SET OR TIED.
MM INDICATES DATA IS MISSING.
T  INDICATES TRACE AMOUNT.





&&

...THE CLIMATE SUMMARY FOR SOUTHWEST BILLINGS FOR 20 FEBRUARY 2017...

HIGH TEMPERATURE........................59
LOW TEMPERATURE.........................28

PRECIPITATION...........................0.00
MONTHLY PRECIPITATION TOTAL.............0.48
YEARLY PRECIPITATION TOTAL..............1.15

SNOWFALL................................0.0
MONTHLY SNOWFALL TOTAL..................7.3
TOTAL SNOWFALL SINCE JULY 1.............45.8

SNOW DEPTH AT MIDNIGHT..................0

$$
