000
CDUS45 KBYZ 280937
CLIBIL


CLIMATE REPORT
NATIONAL WEATHER SERVICE BILLINGS MT
336 AM MDT SAT MAY 28 2016


...................................

...THE BILLINGS MT CLIMATE SUMMARY FOR MAY 27 2016...

CLIMATE NORMAL PERIOD 1981 TO 2010
CLIMATE RECORD PERIOD 1934 TO 2016


WEATHER ITEM   OBSERVED TIME   RECORD YEAR NORMAL DEPARTURE LAST
                VALUE   (LST)  VALUE       VALUE  FROM      YEAR
                                                  NORMAL
..................................................................
TEMPERATURE (F)
 YESTERDAY
  MAXIMUM         72    144 PM  91    1969  71      1       67
                                      1936
  MINIMUM         46    457 AM  35    1954  47     -1       51
  AVERAGE         59                        59      0       59

PRECIPITATION (IN)
  YESTERDAY        0.04          1.50 1987   0.07  -0.03     0.05
  MONTH TO DATE    1.87                      1.88  -0.01     2.01
  SINCE OCT 1      8.08                      7.87   0.21     6.82
  SINCE JAN 1      5.23                      5.56  -0.33     5.25

SNOWFALL (IN)
  YESTERDAY        0.0           T    2013   0.0    0.0      0.0
                                      1955
  MONTH TO DATE    T                         2.0   -2.0       T
  SINCE MAR 1      3.7                      20.5  -16.8     11.3
  SINCE JUL 1     28.1                      55.0  -26.9     55.4
  SNOW DEPTH       0

DEGREE DAYS
 HEATING
  YESTERDAY        6                         7     -1        6
  MONTH TO DATE  254                       283    -29      324
  SINCE MAR 1   1387                      1695   -308     1390
  SINCE JUL 1   5648                      6660  -1012     6031

 COOLING
  YESTERDAY        0                         1     -1        0
  MONTH TO DATE    8                         9     -1        0
  SINCE MAR 1     11                        10      1        0
  SINCE JAN 1     11                        10      1        0
..................................................................


WIND (MPH)
  HIGHEST WIND SPEED    29   HIGHEST WIND DIRECTION     N (10)
  HIGHEST GUST SPEED    34   HIGHEST GUST DIRECTION     N (360)
  AVERAGE WIND SPEED     7.7


SKY COVER
  POSSIBLE SUNSHINE  MM
  AVERAGE SKY COVER 0.5


WEATHER CONDITIONS
 THE FOLLOWING WEATHER WAS RECORDED YESTERDAY.
  THUNDERSTORM
  LIGHT RAIN


RELATIVE HUMIDITY (PERCENT)
 HIGHEST    93           500 AM
 LOWEST     33           200 PM
 AVERAGE    63

..........................................................


THE BILLINGS MT CLIMATE NORMALS FOR TODAY
                         NORMAL    RECORD    YEAR
 MAXIMUM TEMPERATURE (F)   71        91      1958
 MINIMUM TEMPERATURE (F)   47        27      1947


SUNRISE AND SUNSET
MAY 28 2016...........SUNRISE   530 AM MDT   SUNSET   854 PM MDT
MAY 29 2016...........SUNRISE   529 AM MDT   SUNSET   855 PM MDT


-  INDICATES NEGATIVE NUMBERS.
R  INDICATES RECORD WAS SET OR TIED.
MM INDICATES DATA IS MISSING.
T  INDICATES TRACE AMOUNT.





&&

...THE CLIMATE SUMMARY FOR SOUTHWEST BILLINGS FOR 27 MAY 2016...

HIGH TEMPERATURE........................73
LOW TEMPERATURE.........................43

PRECIPITATION...........................0.07
MONTHLY PRECIPITATION TOTAL.............2.72
YEARLY PRECIPITATION TOTAL..............5.72

SNOWFALL................................0.0
MONTHLY SNOWFALL TOTAL..................0.0
TOTAL SNOWFALL SINCE JULY 1.............25.8

SNOW DEPTH AT MIDNIGHT..................0

$$
