000
CDUS45 KBYZ 230935
CLIBIL


CLIMATE REPORT
NATIONAL WEATHER SERVICE BILLINGS MT
333 AM MDT WED JUL 23 2014


...................................

...THE BILLINGS MT CLIMATE SUMMARY FOR JULY 22 2014...

CLIMATE NORMAL PERIOD 1981 TO 2010
CLIMATE RECORD PERIOD 1934 TO 2014


WEATHER ITEM   OBSERVED TIME   RECORD YEAR NORMAL DEPARTURE LAST
                VALUE   (LST)  VALUE       VALUE  FROM      YEAR
                                                  NORMAL
..................................................................
TEMPERATURE (F)
 YESTERDAY
  MAXIMUM         92    339 PM 103    1936  88      4       97
  MINIMUM         59    424 AM  45    1939  60     -1       61
  AVERAGE         76                        74      2       79

PRECIPITATION (IN)
  YESTERDAY        0.22          0.42 1944   0.04   0.18     0.00
  MONTH TO DATE    0.34                      0.99  -0.65     0.51
  SINCE OCT 1     14.81                     11.28   3.53     9.88
  SINCE JAN 1      9.92                      8.97   0.95     7.83

SNOWFALL (IN)
  YESTERDAY        0.0           T    2002   0.0    0.0      0.0
  MONTH TO DATE    0.0                       0.0    0.0      0.0
  SINCE JUN 1      T                         0.0    0.0      0.0
  SINCE JUL 1      0.0                       0.0    0.0      0.0
  SNOW DEPTH       0

DEGREE DAYS
 HEATING
  YESTERDAY        0                         0      0        0
  MONTH TO DATE    1                        12    -11        0
  SINCE JUN 1     90                       108    -18       73
  SINCE JUL 1      1                        12    -11        0

 COOLING
  YESTERDAY       11                         9      2       14
  MONTH TO DATE  205                       171     34      236
  SINCE JUN 1    224                       256    -32      332
  SINCE JAN 1    240                       273    -33      359
..................................................................


WIND (MPH)
  HIGHEST WIND SPEED    43   HIGHEST WIND DIRECTION     W (250)
  HIGHEST GUST SPEED    56   HIGHEST GUST DIRECTION    SW (240)
  AVERAGE WIND SPEED     5.9


SKY COVER
  POSSIBLE SUNSHINE  MM
  AVERAGE SKY COVER 0.5


WEATHER CONDITIONS
 THE FOLLOWING WEATHER WAS RECORDED YESTERDAY.
  THUNDERSTORM
  HEAVY RAIN
  LIGHT RAIN


RELATIVE HUMIDITY (PERCENT)
 HIGHEST    73           600 AM
 LOWEST     26           300 PM
 AVERAGE    50

..........................................................


THE BILLINGS MT CLIMATE NORMALS FOR TODAY
                         NORMAL    RECORD    YEAR
 MAXIMUM TEMPERATURE (F)   88       107      2003
 MINIMUM TEMPERATURE (F)   60        48      1939


SUNRISE AND SUNSET
JULY 23 2014..........SUNRISE   547 AM MDT   SUNSET   854 PM MDT
JULY 24 2014..........SUNRISE   548 AM MDT   SUNSET   852 PM MDT


-  INDICATES NEGATIVE NUMBERS.
R  INDICATES RECORD WAS SET OR TIED.
MM INDICATES DATA IS MISSING.
T  INDICATES TRACE AMOUNT.





&&

...THE CLIMATE SUMMARY FOR SOUTHWEST BILLINGS FOR 22 JULY 2014...

HIGH TEMPERATURE........................93
LOW TEMPERATURE.........................57

PRECIPITATION...........................0.69
MONTHLY PRECIPITATION TOTAL.............0.91
YEARLY PRECIPITATION TOTAL..............10.56

SNOWFALL................................0.0
MONTHLY SNOWFALL TOTAL..................0.0
TOTAL SNOWFALL SINCE JULY 1.............0.0

SNOW DEPTH AT MIDNIGHT..................0

$$
