000
CDUS45 KBYZ 282324
CLIBIL


CLIMATE REPORT
NATIONAL WEATHER SERVICE BILLINGS MT
423 PM MST SUN DEC 28 2014


...................................

...THE BILLINGS MT CLIMATE SUMMARY FOR DECEMBER 28 2014...
VALID TODAY AS OF 0400 PM LOCAL TIME.

CLIMATE NORMAL PERIOD 1981 TO 2010
CLIMATE RECORD PERIOD 1934 TO 2014


WEATHER ITEM   OBSERVED TIME   RECORD YEAR NORMAL DEPARTURE LAST
                VALUE   (LST)  VALUE       VALUE  FROM      YEAR
                                                  NORMAL
..................................................................
TEMPERATURE (F)
 TODAY
  MAXIMUM         27   1243 PM  59    1956  35     -8       46
  MINIMUM         19    359 PM -22    1990  17      2       12
  AVERAGE         23                        26     -3       29

PRECIPITATION (IN)
  TODAY            0.06          0.40 1973   0.01   0.05     0.00
  MONTH TO DATE    0.60                      0.45   0.15     1.89
  SINCE OCT 1      1.50                      2.26  -0.76     4.80
  SINCE JAN 1     13.96                     13.61   0.35    16.61

SNOWFALL (IN)
  TODAY            1.1           6.6  1996   0.3    0.8      0.0
  MONTH TO DATE    6.5                       7.3   -0.8     23.2
  SINCE DEC 1      6.5                       7.3   -0.8     23.2
  SINCE JUL 1     19.7                      19.0    0.7     34.3
  SNOW DEPTH       2

DEGREE DAYS
 HEATING
  TODAY           42                        39      3       36
  MONTH TO DATE  894                      1072   -178     1230
  SINCE DEC 1    894                      1072   -178     1230
  SINCE JUL 1   2495                      2700   -205     2831

 COOLING
  TODAY            0                         0      0        0
  MONTH TO DATE    0                         0      0        0
  SINCE DEC 1      0                         0      0        0
  SINCE JAN 1    618                       636    -18      840
..................................................................


WIND (MPH)
  HIGHEST WIND SPEED    20   HIGHEST WIND DIRECTION     N (20)
  HIGHEST GUST SPEED    25   HIGHEST GUST DIRECTION    NE (30)
  AVERAGE WIND SPEED    11.1


SKY COVER
  POSSIBLE SUNSHINE  MM
  AVERAGE SKY COVER 1.0


WEATHER CONDITIONS
 THE FOLLOWING WEATHER WAS RECORDED TODAY.
  SNOW
  LIGHT SNOW
  FOG
  HAZE


RELATIVE HUMIDITY (PERCENT)
 HIGHEST    91           400 PM
 LOWEST     55           100 AM
 AVERAGE    73

..........................................................


THE BILLINGS MT CLIMATE NORMALS FOR TOMORROW
                         NORMAL    RECORD    YEAR
 MAXIMUM TEMPERATURE (F)   35        61      1999
 MINIMUM TEMPERATURE (F)   17       -25      1968


SUNRISE AND SUNSET
DECEMBER 28 2014......SUNRISE   755 AM MST   SUNSET   437 PM MST
DECEMBER 29 2014......SUNRISE   755 AM MST   SUNSET   438 PM MST


-  INDICATES NEGATIVE NUMBERS.
R  INDICATES RECORD WAS SET OR TIED.
MM INDICATES DATA IS MISSING.
T  INDICATES TRACE AMOUNT.




$$
