000
CDUS45 KBYZ 302224
CLIBIL


CLIMATE REPORT
NATIONAL WEATHER SERVICE BILLINGS MT
422 PM MDT TUE JUN 30 2015


...................................

...THE BILLINGS MT CLIMATE SUMMARY FOR JUNE 30 2015...
VALID TODAY AS OF 0400 PM LOCAL TIME.

CLIMATE NORMAL PERIOD 1981 TO 2010
CLIMATE RECORD PERIOD 1934 TO 2015


WEATHER ITEM   OBSERVED TIME   RECORD YEAR NORMAL DEPARTURE LAST
                VALUE   (LST)  VALUE       VALUE  FROM      YEAR
                                                  NORMAL
..................................................................
TEMPERATURE (F)
 TODAY
  MAXIMUM         96    259 PM 102    1990  83     13       75
  MINIMUM         67    524 AM  43    1995  56     11       55
                                      1951
  AVERAGE         82                        69     13       65

PRECIPITATION (IN)
  TODAY            T             0.45 1992   0.06  -0.06     0.00
  MONTH TO DATE    1.60                      2.12  -0.52     1.75
  SINCE OCT 1      8.84                     10.29  -1.45    14.47
  SINCE JAN 1      7.27                      7.98  -0.71     9.58

SNOWFALL (IN)
  TODAY            0.0           0.0  2002   0.0    0.0      0.0
                                      2001
                                      2000
  MONTH TO DATE    0.0                       0.0    0.0       T
  SINCE JUN 1      0.0                       0.0    0.0       T
  SINCE JUL 1     55.4                      55.0    0.4    103.5
  SNOW DEPTH       0

DEGREE DAYS
 HEATING
  TODAY            0                         1     -1        0
  MONTH TO DATE   18                        94    -76       89
  SINCE JUN 1     18                        96    -78       89
  SINCE JUL 1   6069                      6782   -713     7166

 COOLING
  TODAY           17                         5     12        0
  MONTH TO DATE  173                        85     88       19
  SINCE JUN 1    173                        85     88       19
  SINCE JAN 1    176                       102     74       35
..................................................................


WIND (MPH)
  HIGHEST WIND SPEED    30   HIGHEST WIND DIRECTION    NW (330)
  HIGHEST GUST SPEED    38   HIGHEST GUST DIRECTION    NW (330)
  AVERAGE WIND SPEED    12.8


SKY COVER
  POSSIBLE SUNSHINE  MM
  AVERAGE SKY COVER 0.5


WEATHER CONDITIONS
 THE FOLLOWING WEATHER WAS RECORDED TODAY.
  NO SIGNIFICANT WEATHER WAS OBSERVED.


RELATIVE HUMIDITY (PERCENT)
 HIGHEST    78           400 AM
 LOWEST     15           100 PM
 AVERAGE    47

..........................................................


THE BILLINGS MT CLIMATE NORMALS FOR TOMORROW
                         NORMAL    RECORD    YEAR
 MAXIMUM TEMPERATURE (F)   83       100      1990
 MINIMUM TEMPERATURE (F)   56        46      1972


SUNRISE AND SUNSET
JUNE 30 2015..........SUNRISE   527 AM MDT   SUNSET   908 PM MDT
JULY  1 2015..........SUNRISE   528 AM MDT   SUNSET   908 PM MDT


-  INDICATES NEGATIVE NUMBERS.
R  INDICATES RECORD WAS SET OR TIED.
MM INDICATES DATA IS MISSING.
T  INDICATES TRACE AMOUNT.




$$
