000
CDUS43 KBIS 040744
CLIBIS


CLIMATE REPORT
NATIONAL WEATHER SERVICE BISMARCK ND
243 AM CDT FRI SEP 4 2015


...................................

...THE BISMARCK ND CLIMATE SUMMARY FOR SEPTEMBER 3 2015...

CLIMATE NORMAL PERIOD 1981 TO 2010
CLIMATE RECORD PERIOD 1875 TO 2015


WEATHER ITEM   OBSERVED TIME   RECORD YEAR NORMAL DEPARTURE LAST
                VALUE   (LST)  VALUE       VALUE  FROM      YEAR
                                                  NORMAL
..................................................................
TEMPERATURE (F)
 YESTERDAY
  MAXIMUM        101R   347 PM 101    1978  78     23       84
  MINIMUM         66    645 AM  28    1974  50     16       47
  AVERAGE         84                        64     20       66

PRECIPITATION (IN)
  YESTERDAY        0.00          0.33 1994   0.06  -0.06      T
  MONTH TO DATE    0.00                      0.19  -0.19      T
  SINCE SEP 1      0.00                      0.19  -0.19      T
  SINCE JAN 1     15.17                     14.00   1.17    12.69

SNOWFALL (IN)
  YESTERDAY        0.0           0.0  2002   0.0    0.0      0.0
                                      2001
  MONTH TO DATE    0.0                       0.0    0.0      0.0
  SINCE SEP 1      0.0                       0.0    0.0      0.0
  SINCE JUL 1      0.0                       0.0    0.0      0.0
  SNOW DEPTH       0

DEGREE DAYS
 HEATING
  YESTERDAY        0                         4     -4        0
  MONTH TO DATE    0                        10    -10        3
  SINCE SEP 1      0                        10    -10        3
  SINCE JUL 1     36                        65    -29       65

 COOLING
  YESTERDAY       19                         3     16        1
  MONTH TO DATE   37                         9     28        1
  SINCE SEP 1     37                         9     28        1
  SINCE JAN 1    558                       490     68      407
..................................................................


WIND (MPH)
  HIGHEST WIND SPEED    23   HIGHEST WIND DIRECTION     S (170)
  HIGHEST GUST SPEED    28   HIGHEST GUST DIRECTION     S (170)
  AVERAGE WIND SPEED    11.4


SKY COVER
  POSSIBLE SUNSHINE  MM
  AVERAGE SKY COVER 0.0


WEATHER CONDITIONS
 THE FOLLOWING WEATHER WAS RECORDED YESTERDAY.
  FOG


RELATIVE HUMIDITY (PERCENT)
 HIGHEST   100           200 AM
 LOWEST     24           800 PM
 AVERAGE    62

..........................................................


THE BISMARCK ND CLIMATE NORMALS FOR TODAY
                         NORMAL    RECORD    YEAR
 MAXIMUM TEMPERATURE (F)   77       100      1978
 MINIMUM TEMPERATURE (F)   50        32      1962


SUNRISE AND SUNSET
SEPTEMBER  4 2015.....SUNRISE   706 AM CDT   SUNSET   817 PM CDT
SEPTEMBER  5 2015.....SUNRISE   708 AM CDT   SUNSET   815 PM CDT


-  INDICATES NEGATIVE NUMBERS.
R  INDICATES RECORD WAS SET OR TIED.
MM INDICATES DATA IS MISSING.
T  INDICATES TRACE AMOUNT.




$$
