000
CDUS43 KBIS 230739
CLIBIS


CLIMATE REPORT
NATIONAL WEATHER SERVICE BISMARCK ND
239 AM CDT THU MAR 23 2017


...................................

...THE BISMARCK ND CLIMATE SUMMARY FOR MARCH 22 2017...

CLIMATE NORMAL PERIOD 1981 TO 2010
CLIMATE RECORD PERIOD 1875 TO 2017


WEATHER ITEM   OBSERVED TIME   RECORD YEAR NORMAL DEPARTURE LAST
                VALUE   (LST)  VALUE       VALUE  FROM      YEAR
                                                  NORMAL
..................................................................
TEMPERATURE (F)
 YESTERDAY
  MAXIMUM         49    444 PM  81    1910  44      5       49
  MINIMUM         24    430 AM -18    1899  22      2       25
  AVERAGE         37                        33      4       37

PRECIPITATION (IN)
  YESTERDAY        0.00          0.97 1931   0.03  -0.03     0.00
  MONTH TO DATE    0.28                      0.58  -0.30     0.19
  SINCE MAR 1      0.28                      0.58  -0.30     0.19
  SINCE JAN 1      1.68                      1.52   0.16     0.83

SNOWFALL (IN)
  YESTERDAY        0.0           8.0  1893   0.3   -0.3      0.0
  MONTH TO DATE    8.7                       6.8    1.9      2.4
  SINCE MAR 1      8.7                       6.8    1.9      2.4
  SINCE JUL 1     71.6                      44.3   27.3     23.0
  SNOW DEPTH       T

DEGREE DAYS
 HEATING
  YESTERDAY       28                        32     -4       28
  MONTH TO DATE  862                       818     44      576
  SINCE MAR 1    862                       818     44      576
  SINCE JUL 1   6864                      7249   -385     5896

 COOLING
  YESTERDAY        0                         0      0        0
  MONTH TO DATE    0                         0      0        0
  SINCE MAR 1      0                         0      0        0
  SINCE JAN 1      0                         0      0        0
..................................................................


WIND (MPH)
  HIGHEST WIND SPEED    33   HIGHEST WIND DIRECTION     S (170)
  HIGHEST GUST SPEED    41   HIGHEST GUST DIRECTION     S (160)
  AVERAGE WIND SPEED    18.4


SKY COVER
  POSSIBLE SUNSHINE  MM
  AVERAGE SKY COVER 0.6


WEATHER CONDITIONS
 THE FOLLOWING WEATHER WAS RECORDED YESTERDAY.
  NO SIGNIFICANT WEATHER WAS OBSERVED.


RELATIVE HUMIDITY (PERCENT)
 HIGHEST    75           800 PM
 LOWEST     49           200 PM
 AVERAGE    62

..........................................................


THE BISMARCK ND CLIMATE NORMALS FOR TODAY
                         NORMAL    RECORD    YEAR
 MAXIMUM TEMPERATURE (F)   44        81      1910
 MINIMUM TEMPERATURE (F)   22       -15      1899


SUNRISE AND SUNSET
MARCH 23 2017.........SUNRISE   739 AM CDT   SUNSET   800 PM CDT
MARCH 24 2017.........SUNRISE   737 AM CDT   SUNSET   802 PM CDT


-  INDICATES NEGATIVE NUMBERS.
R  INDICATES RECORD WAS SET OR TIED.
MM INDICATES DATA IS MISSING.
T  INDICATES TRACE AMOUNT.




$$
