000
CDUS43 KBIS 242323
CLIBIS


CLIMATE REPORT
NATIONAL WEATHER SERVICE BISMARCK ND
522 PM CST FRI FEB 24 2017


...................................

...THE BISMARCK ND CLIMATE SUMMARY FOR FEBRUARY 24 2017...
VALID TODAY AS OF 0500 PM LOCAL TIME.

CLIMATE NORMAL PERIOD 1981 TO 2010
CLIMATE RECORD PERIOD 1875 TO 2017


WEATHER ITEM   OBSERVED TIME   RECORD YEAR NORMAL DEPARTURE LAST
                VALUE   (LST)  VALUE       VALUE  FROM      YEAR
                                                  NORMAL
..................................................................
TEMPERATURE (F)
 TODAY
  MAXIMUM         32    259 PM  55    1958  31      1       41
  MINIMUM         15    421 AM -28    1993  11      4       21
  AVERAGE         24                        21      3       31

PRECIPITATION (IN)
  TODAY            0.00          0.66 1930   0.02  -0.02     0.01
  MONTH TO DATE    0.75                      0.41   0.34     0.40
  SINCE DEC 1      3.44                      1.33   2.11     1.52
  SINCE JAN 1      1.39                      0.84   0.55     0.61

SNOWFALL (IN)
  TODAY            0.0           9.2  1930   0.4   -0.4      0.1
  MONTH TO DATE    3.7                       6.8   -3.1      2.9
  SINCE DEC 1     43.4                      25.0   18.4     18.7
  SINCE JUL 1     62.4                      36.2   26.2     20.5
  SNOW DEPTH       4

DEGREE DAYS
 HEATING
  TODAY           41                        44     -3       34
  MONTH TO DATE  996                      1143   -147      807
  SINCE DEC 1   4339                      4275     64     3607
  SINCE JUL 1   5819                      6261   -442     5192

 COOLING
  TODAY            0                         0      0        0
  MONTH TO DATE    0                         0      0        0
  SINCE DEC 1      0                         0      0        0
  SINCE JAN 1      0                         0      0        0
..................................................................


WIND (MPH)
  RESULTANT WIND SPEED   7   RESULTANT WIND DIRECTION  NW (320)
  HIGHEST WIND SPEED    16   HIGHEST WIND DIRECTION     N (340)
  HIGHEST GUST SPEED    20   HIGHEST GUST DIRECTION    NW (330)
  AVERAGE WIND SPEED     7.8


SKY COVER
  POSSIBLE SUNSHINE  MM
  AVERAGE SKY COVER 0.3


WEATHER CONDITIONS
 THE FOLLOWING WEATHER WAS RECORDED TODAY.
  NO SIGNIFICANT WEATHER WAS OBSERVED.


RELATIVE HUMIDITY (PERCENT)
 HIGHEST    80           100 AM
 LOWEST     53           400 PM
 AVERAGE    67

..........................................................


THE BISMARCK ND CLIMATE NORMALS FOR TOMORROW
                         NORMAL    RECORD    YEAR
 MAXIMUM TEMPERATURE (F)   31        68      1958
 MINIMUM TEMPERATURE (F)   12       -28      1962


SUNRISE AND SUNSET
FEBRUARY 24 2017......SUNRISE   731 AM CST   SUNSET   622 PM CST
FEBRUARY 25 2017......SUNRISE   729 AM CST   SUNSET   623 PM CST


-  INDICATES NEGATIVE NUMBERS.
R  INDICATES RECORD WAS SET OR TIED.
MM INDICATES DATA IS MISSING.
T  INDICATES TRACE AMOUNT.




$$
