000
CDUS43 KBIS 290022
CLIBIS


CLIMATE REPORT
NATIONAL WEATHER SERVICE BISMARCK ND
621 PM CST SUN DEC 28 2014


...................................

...THE BISMARCK ND CLIMATE SUMMARY FOR DECEMBER 28 2014...
VALID TODAY AS OF 0600 PM LOCAL TIME.

CLIMATE NORMAL PERIOD 1981 TO 2010
CLIMATE RECORD PERIOD 1875 TO 2014


WEATHER ITEM   OBSERVED TIME   RECORD YEAR NORMAL DEPARTURE LAST
                VALUE   (LST)  VALUE       VALUE  FROM      YEAR
                                                  NORMAL
..................................................................
TEMPERATURE (F)
 TODAY
  MAXIMUM         17    452 AM  52    1999  24     -7       36
  MINIMUM          5    559 PM -32    1917   3      2       -4
  AVERAGE         11                        13     -2       16

PRECIPITATION (IN)
  TODAY            0.01          0.22 1978   0.02  -0.01      T
  MONTH TO DATE    0.11                      0.44  -0.33     1.02
  SINCE DEC 1      0.11                      0.44  -0.33     1.02
  SINCE JAN 1     13.92                     17.80  -3.88    26.51

SNOWFALL (IN)
  TODAY            0.7           4.2  1978   0.3    0.4       T
  MONTH TO DATE    2.4                       8.3   -5.9     12.3
  SINCE DEC 1      2.4                       8.3   -5.9     12.3
  SINCE JUL 1     10.3                      19.5   -9.2     13.9
  SNOW DEPTH       2

DEGREE DAYS
 HEATING
  TODAY           54                        52      2       49
  MONTH TO DATE 1203                      1358   -155     1581
  SINCE DEC 1   1203                      1358   -155     1581
  SINCE JUL 1   3275                      3344    -69     3536

 COOLING
  TODAY            0                         0      0        0
  MONTH TO DATE    0                         0      0        0
  SINCE DEC 1      0                         0      0        0
  SINCE JAN 1    457                       520    -63      555
..................................................................


WIND (MPH)
  RESULTANT WIND SPEED   8   RESULTANT WIND DIRECTION   E (70)
  HIGHEST WIND SPEED    16   HIGHEST WIND DIRECTION     E (80)
  HIGHEST GUST SPEED    18   HIGHEST GUST DIRECTION     E (80)
  AVERAGE WIND SPEED     8.2


SKY COVER
  POSSIBLE SUNSHINE  MM
  AVERAGE SKY COVER 1.0


WEATHER CONDITIONS
 THE FOLLOWING WEATHER WAS RECORDED TODAY.
  LIGHT SNOW
  FOG


RELATIVE HUMIDITY (PERCENT)
 HIGHEST    96           700 AM
 LOWEST     80           300 PM
 AVERAGE    88

..........................................................


THE BISMARCK ND CLIMATE NORMALS FOR TOMORROW
                         NORMAL    RECORD    YEAR
 MAXIMUM TEMPERATURE (F)   23        55      1999
 MINIMUM TEMPERATURE (F)    3       -37      1917


SUNRISE AND SUNSET
DECEMBER 28 2014......SUNRISE   827 AM CST   SUNSET   502 PM CST
DECEMBER 29 2014......SUNRISE   828 AM CST   SUNSET   503 PM CST


-  INDICATES NEGATIVE NUMBERS.
R  INDICATES RECORD WAS SET OR TIED.
MM INDICATES DATA IS MISSING.
T  INDICATES TRACE AMOUNT.




$$
