000
CDUS43 KBIS 160023
CLIBIS


CLIMATE REPORT
NATIONAL WEATHER SERVICE BISMARCK ND
722 PM CDT TUE APR 15 2014


...................................

...THE BISMARCK ND CLIMATE SUMMARY FOR APRIL 15 2014...
VALID TODAY AS OF 0700 PM LOCAL TIME.

CLIMATE NORMAL PERIOD 1981 TO 2010
CLIMATE RECORD PERIOD 1875 TO 2014


WEATHER ITEM   OBSERVED TIME   RECORD YEAR NORMAL DEPARTURE LAST
                VALUE   (LST)  VALUE       VALUE  FROM      YEAR
                                                  NORMAL
..................................................................
TEMPERATURE (F)
 TODAY
  MAXIMUM         46    414 PM  88    1913  57    -11       35
  MINIMUM         15    523 AM   7    1880  30    -15       28
  AVERAGE         31                        44    -13       32

PRECIPITATION (IN)
  TODAY            0.00          1.41 1878   0.04  -0.04     0.01
  MONTH TO DATE    0.25                      0.56  -0.31     1.35
  SINCE MAR 1      1.07                      1.43  -0.36     2.18
  SINCE JAN 1      1.64                      2.37  -0.73     2.77

SNOWFALL (IN)
  TODAY            0.0           4.8  2011   0.1   -0.1      0.3
                                      1970
  MONTH TO DATE    3.9                       2.8    1.1     21.5
  SINCE MAR 1     15.0                      11.9    3.1     28.4
  SINCE JUL 1     40.2                      49.4   -9.2     57.0
  SNOW DEPTH       0

DEGREE DAYS
 HEATING
  TODAY           34                        21     13       33
  MONTH TO DATE  428                       367     61      485
  SINCE MAR 1   1592                      1455    137     1792
  SINCE JUL 1   8444                      7886    558     8114

 COOLING
  TODAY            0                         0      0        0
  MONTH TO DATE    0                         0      0        0
  SINCE MAR 1      0                         0      0        0
  SINCE JAN 1      0                         0      0        0
..................................................................


WIND (MPH)
  RESULTANT WIND SPEED  13   RESULTANT WIND DIRECTION  SE (140)
  HIGHEST WIND SPEED    30   HIGHEST WIND DIRECTION    SE (150)
  HIGHEST GUST SPEED    36   HIGHEST GUST DIRECTION    SE (150)
  AVERAGE WIND SPEED    14.3


SKY COVER
  POSSIBLE SUNSHINE  MM
  AVERAGE SKY COVER 0.5


WEATHER CONDITIONS
 THE FOLLOWING WEATHER WAS RECORDED TODAY.
  NO SIGNIFICANT WEATHER WAS OBSERVED.


RELATIVE HUMIDITY (PERCENT)
 HIGHEST    80          1200 AM
 LOWEST     36           200 PM
 AVERAGE    58

..........................................................


THE BISMARCK ND CLIMATE NORMALS FOR TOMORROW
                         NORMAL    RECORD    YEAR
 MAXIMUM TEMPERATURE (F)   58        82      1988
                                             1933
                                             1906
 MINIMUM TEMPERATURE (F)   31        10      1953


SUNRISE AND SUNSET
APRIL 15 2014.........SUNRISE   656 AM CDT   SUNSET   831 PM CDT
APRIL 16 2014.........SUNRISE   654 AM CDT   SUNSET   833 PM CDT


-  INDICATES NEGATIVE NUMBERS.
R  INDICATES RECORD WAS SET OR TIED.
MM INDICATES DATA IS MISSING.
T  INDICATES TRACE AMOUNT.




$$
