000
CDUS43 KBIS 290027
CLIBIS


CLIMATE REPORT
NATIONAL WEATHER SERVICE BISMARCK ND
627 PM CST FRI NOV 28 2014


...................................

...THE BISMARCK ND CLIMATE SUMMARY FOR NOVEMBER 28 2014...
VALID TODAY AS OF 0600 PM LOCAL TIME.

CLIMATE NORMAL PERIOD 1981 TO 2010
CLIMATE RECORD PERIOD 1875 TO 2014


WEATHER ITEM   OBSERVED TIME   RECORD YEAR NORMAL DEPARTURE LAST
                VALUE   (LST)  VALUE       VALUE  FROM      YEAR
                                                  NORMAL
..................................................................
TEMPERATURE (F)
 TODAY
  MAXIMUM         22    438 PM  62    2002  32    -10       26
  MINIMUM          7    316 AM -25    1875  13     -6       12
  AVERAGE         15                        22     -7       19

PRECIPITATION (IN)
  TODAY            0.01          0.35 1905   0.02  -0.01      T
  MONTH TO DATE    0.60                      0.68  -0.08     0.09
  SINCE SEP 1      1.12                      3.52  -2.40     9.18
  SINCE JAN 1     13.81                     17.33  -3.52    25.49

SNOWFALL (IN)
  TODAY            T             4.3  1905   0.3   -0.3       T
  MONTH TO DATE    7.9                       8.2   -0.3      0.6
  SINCE SEP 1      7.9                      10.6   -2.7      1.6
  SINCE JUL 1      7.9                      10.6   -2.7      1.6
  SNOW DEPTH       3

DEGREE DAYS
 HEATING
  TODAY           50                        42      8       46
  MONTH TO DATE 1183                       986    197     1043
  SINCE SEP 1   1897                      1843     54     1853
  SINCE JUL 1   1959                      1898     61     1881

 COOLING
  TODAY            0                         0      0        0
  MONTH TO DATE    0                         0      0        0
  SINCE SEP 1     51                        39     12       75
  SINCE JAN 1    457                       520    -63      555
..................................................................


WIND (MPH)
  RESULTANT WIND SPEED  10   RESULTANT WIND DIRECTION   E (90)
  HIGHEST WIND SPEED    15   HIGHEST WIND DIRECTION     E (80)
  HIGHEST GUST SPEED    18   HIGHEST GUST DIRECTION     E (80)
  AVERAGE WIND SPEED     9.9


SKY COVER
  POSSIBLE SUNSHINE  MM
  AVERAGE SKY COVER 0.4


WEATHER CONDITIONS
 THE FOLLOWING WEATHER WAS RECORDED TODAY.
  FOG
  BLOWING SNOW


RELATIVE HUMIDITY (PERCENT)
 HIGHEST    92           900 AM
 LOWEST     71           300 PM
 AVERAGE    82

..........................................................


THE BISMARCK ND CLIMATE NORMALS FOR TOMORROW
                         NORMAL    RECORD    YEAR
 MAXIMUM TEMPERATURE (F)   32        57      1901
 MINIMUM TEMPERATURE (F)   12       -30      1985


SUNRISE AND SUNSET
NOVEMBER 28 2014......SUNRISE   803 AM CST   SUNSET   458 PM CST
NOVEMBER 29 2014......SUNRISE   805 AM CST   SUNSET   458 PM CST


-  INDICATES NEGATIVE NUMBERS.
R  INDICATES RECORD WAS SET OR TIED.
MM INDICATES DATA IS MISSING.
T  INDICATES TRACE AMOUNT.




$$
