000
CDUS43 KBIS 070727
CLIBIS


CLIMATE REPORT
NATIONAL WEATHER SERVICE BISMARCK ND
227 AM CDT TUE JUL 7 2015


...................................

...THE BISMARCK ND CLIMATE SUMMARY FOR JULY 6 2015...

CLIMATE NORMAL PERIOD 1981 TO 2010
CLIMATE RECORD PERIOD 1875 TO 2015


WEATHER ITEM   OBSERVED TIME   RECORD YEAR NORMAL DEPARTURE LAST
                VALUE   (LST)  VALUE       VALUE  FROM      YEAR
                                                  NORMAL
..................................................................
TEMPERATURE (F)
 YESTERDAY
  MAXIMUM         72    246 PM 114    1936  83    -11       85
  MINIMUM         51   1159 PM  32    1884  57     -6       65
  AVERAGE         62                        70     -8       75

PRECIPITATION (IN)
  YESTERDAY        T             1.40 2012   0.10  -0.10     0.15
  MONTH TO DATE    0.56                      0.59  -0.03     0.29
  SINCE JUN 1      5.54                      3.76   1.78     3.31
  SINCE JAN 1     12.81                      9.23   3.58     7.50

SNOWFALL (IN)
  YESTERDAY        0.0           0.0  2002   0.0    0.0      0.0
                                      2001
  MONTH TO DATE    0.0                       0.0    0.0      0.0
  SINCE JUN 1      0.0                       0.0    0.0      0.0
  SINCE JUL 1      0.0                       0.0    0.0      0.0
  SNOW DEPTH       0

DEGREE DAYS
 HEATING
  YESTERDAY        3                         1      2        0
  MONTH TO DATE    3                         6     -3       12
  SINCE JUN 1     46                        99    -53      106
  SINCE JUL 1      3                         6     -3       12

 COOLING
  YESTERDAY        0                         6     -6       10
  MONTH TO DATE   39                        31      8       32
  SINCE JUN 1    133                       114     19       85
  SINCE JAN 1    139                       131      8      136
..................................................................


WIND (MPH)
  HIGHEST WIND SPEED    15   HIGHEST WIND DIRECTION     N (20)
  HIGHEST GUST SPEED    20   HIGHEST GUST DIRECTION    NW (330)
  AVERAGE WIND SPEED     8.3


SKY COVER
  POSSIBLE SUNSHINE  MM
  AVERAGE SKY COVER 0.5


WEATHER CONDITIONS
 THE FOLLOWING WEATHER WAS RECORDED YESTERDAY.
  HAZE


RELATIVE HUMIDITY (PERCENT)
 HIGHEST    89          1100 PM
 LOWEST     49           300 PM
 AVERAGE    69

..........................................................


THE BISMARCK ND CLIMATE NORMALS FOR TODAY
                         NORMAL    RECORD    YEAR
 MAXIMUM TEMPERATURE (F)   83       106      1936
 MINIMUM TEMPERATURE (F)   57        40      1922


SUNRISE AND SUNSET
JULY  7 2015..........SUNRISE   557 AM CDT   SUNSET   939 PM CDT
JULY  8 2015..........SUNRISE   558 AM CDT   SUNSET   938 PM CDT


-  INDICATES NEGATIVE NUMBERS.
R  INDICATES RECORD WAS SET OR TIED.
MM INDICATES DATA IS MISSING.
T  INDICATES TRACE AMOUNT.




$$
