000
CDUS43 KBIS 240028
CLIBIS


CLIMATE REPORT
NATIONAL WEATHER SERVICE BISMARCK ND
727 PM CDT WED JUL 23 2014


...................................

...THE BISMARCK ND CLIMATE SUMMARY FOR JULY 23 2014...
VALID TODAY AS OF 0700 PM LOCAL TIME.

CLIMATE NORMAL PERIOD 1981 TO 2010
CLIMATE RECORD PERIOD 1875 TO 2014


WEATHER ITEM   OBSERVED TIME   RECORD YEAR NORMAL DEPARTURE LAST
                VALUE   (LST)  VALUE       VALUE  FROM      YEAR
                                                  NORMAL
..................................................................
TEMPERATURE (F)
 TODAY
  MAXIMUM         84    432 PM 106    2007  86     -2       77
                                      1901
  MINIMUM         64    622 AM  42    2004  58      6       53
  AVERAGE         74                        72      2       65

PRECIPITATION (IN)
  TODAY            0.00          1.01 1970   0.09  -0.09      T
  MONTH TO DATE    0.72                      2.21  -1.49     1.25
  SINCE JUN 1      3.74                      5.38  -1.64     3.96
  SINCE JAN 1      7.93                     10.85  -2.92    14.56

SNOWFALL (IN)
  TODAY            0.0           0.0  2002   0.0    0.0      0.0
                                      2001
  MONTH TO DATE    0.0                       0.0    0.0      0.0
  SINCE JUN 1      0.0                       0.0    0.0      0.0
  SINCE JUL 1      0.0                       0.0    0.0      0.0
  SNOW DEPTH       0

DEGREE DAYS
 HEATING
  TODAY            0                         0      0        0
  MONTH TO DATE   21                        13      8        1
  SINCE JUN 1    115                       106      9       87
  SINCE JUL 1     21                        13      8        1

 COOLING
  TODAY            9                         7      2        0
  MONTH TO DATE  120                       144    -24      174
  SINCE JUN 1    173                       227    -54      258
  SINCE JAN 1    224                       244    -20      270
..................................................................


WIND (MPH)
  RESULTANT WIND SPEED  10   RESULTANT WIND DIRECTION  SE (130)
  HIGHEST WIND SPEED    22   HIGHEST WIND DIRECTION    SE (140)
  HIGHEST GUST SPEED    27   HIGHEST GUST DIRECTION    SE (120)
  AVERAGE WIND SPEED    11.2


SKY COVER
  POSSIBLE SUNSHINE  MM
  AVERAGE SKY COVER 0.4


WEATHER CONDITIONS
 THE FOLLOWING WEATHER WAS RECORDED TODAY.
  NO SIGNIFICANT WEATHER WAS OBSERVED.


RELATIVE HUMIDITY (PERCENT)
 HIGHEST    93           200 AM
 LOWEST     46           500 PM
 AVERAGE    70

..........................................................


THE BISMARCK ND CLIMATE NORMALS FOR TOMORROW
                         NORMAL    RECORD    YEAR
 MAXIMUM TEMPERATURE (F)   86       105      1976
 MINIMUM TEMPERATURE (F)   58        41      1891


SUNRISE AND SUNSET
JULY 23 2014..........SUNRISE   613 AM CDT   SUNSET   926 PM CDT
JULY 24 2014..........SUNRISE   614 AM CDT   SUNSET   925 PM CDT


-  INDICATES NEGATIVE NUMBERS.
R  INDICATES RECORD WAS SET OR TIED.
MM INDICATES DATA IS MISSING.
T  INDICATES TRACE AMOUNT.




$$
