000
CDUS43 KBIS 230746
CLIBIS


CLIMATE REPORT
NATIONAL WEATHER SERVICE BISMARCK ND
245 AM CDT TUE SEP 23 2014


...................................

...THE BISMARCK ND CLIMATE SUMMARY FOR SEPTEMBER 22 2014...

CLIMATE NORMAL PERIOD 1981 TO 2010
CLIMATE RECORD PERIOD 1875 TO 2014


WEATHER ITEM   OBSERVED TIME   RECORD YEAR NORMAL DEPARTURE LAST
                VALUE   (LST)  VALUE       VALUE  FROM      YEAR
                                                  NORMAL
..................................................................
TEMPERATURE (F)
 YESTERDAY
  MAXIMUM         84    300 PM  95    1936  69     15       84
  MINIMUM         42    640 AM  20    1995  42      0       48
  AVERAGE         63                        56      7       66

PRECIPITATION (IN)
  YESTERDAY        0.00          1.00 1940   0.05  -0.05     0.01
  MONTH TO DATE    0.26                      1.22  -0.96     3.92
  SINCE SEP 1      0.26                      1.22  -0.96     3.92
  SINCE JAN 1     12.95                     15.03  -2.08    20.23

SNOWFALL (IN)
  YESTERDAY        0.0           1.1  1965   0.0    0.0      0.0
  MONTH TO DATE    0.0                       0.1   -0.1      0.0
  SINCE SEP 1      0.0                       0.1   -0.1      0.0
  SINCE JUL 1      0.0                       0.1   -0.1      0.0
  SNOW DEPTH       0

DEGREE DAYS
 HEATING
  YESTERDAY        2                        10     -8        0
  MONTH TO DATE  154                       137     17       53
  SINCE SEP 1    154                       137     17       53
  SINCE JUL 1    216                       192     24       81

 COOLING
  YESTERDAY        0                         1     -1        1
  MONTH TO DATE   15                        37    -22       75
  SINCE SEP 1     15                        37    -22       75
  SINCE JAN 1    421                       518    -97      555
..................................................................


WIND (MPH)
  HIGHEST WIND SPEED    26   HIGHEST WIND DIRECTION     S (160)
  HIGHEST GUST SPEED    31   HIGHEST GUST DIRECTION     S (160)
  AVERAGE WIND SPEED    10.4


SKY COVER
  POSSIBLE SUNSHINE  MM
  AVERAGE SKY COVER 0.0


WEATHER CONDITIONS
 THE FOLLOWING WEATHER WAS RECORDED YESTERDAY.
  NO SIGNIFICANT WEATHER WAS OBSERVED.


RELATIVE HUMIDITY (PERCENT)
 HIGHEST    92           100 AM
 LOWEST     28           100 PM
 AVERAGE    60

..........................................................


THE BISMARCK ND CLIMATE NORMALS FOR TODAY
                         NORMAL    RECORD    YEAR
 MAXIMUM TEMPERATURE (F)   69        95      1958
 MINIMUM TEMPERATURE (F)   42        24      1989


SUNRISE AND SUNSET
SEPTEMBER 23 2014.....SUNRISE   731 AM CDT   SUNSET   739 PM CDT
SEPTEMBER 24 2014.....SUNRISE   732 AM CDT   SUNSET   737 PM CDT


-  INDICATES NEGATIVE NUMBERS.
R  INDICATES RECORD WAS SET OR TIED.
MM INDICATES DATA IS MISSING.
T  INDICATES TRACE AMOUNT.




$$
