000
CDUS43 KGRR 290522
CLIBIV


CLIMATE REPORT
NATIONAL WEATHER SERVICE GRAND RAPIDS, MI
121 AM EDT FRI APR 29 2016


...................................

...THE HOLLAND/TULIP CITY MI CLIMATE SUMMARY FOR APRIL 28 2016...

CLIMATE NORMAL PERIOD 1981 TO 2010
CLIMATE RECORD PERIOD 1996 TO 2016


WEATHER ITEM   OBSERVED TIME   NORMAL DEPARTURE LAST
                VALUE   (LST)  VALUE  FROM      YEAR
                                      NORMAL
......................................................
TEMPERATURE (F)
 YESTERDAY
  MAXIMUM         51    118 AM  63    -12       55
  MINIMUM         37    900 AM  43     -6       33
  AVERAGE         44            53     -9       44

PRECIPITATION (IN)
  YESTERDAY        0.30          0.15   0.15     0.00
  MONTH TO DATE    2.68          2.93  -0.25     3.92
  SINCE MAR 1      6.55          5.20   1.35     4.54
  SINCE JAN 1     10.41          9.09   1.32     6.02

DEGREE DAYS
 HEATING
  YESTERDAY       21            12      9       21
  MONTH TO DATE  511           481     30      459
  SINCE MAR 1   1267          1355    -88     1436
  SINCE JUL 1   5257          5855   -598     6403

 COOLING
  YESTERDAY        0             0      0        0
  MONTH TO DATE    1             0      1        0
  SINCE MAR 1      1             0      1        0
  SINCE JAN 1      1             0      1        0
......................................................


WIND (MPH)
  RESULTANT WIND SPEED  11   RESULTANT WIND DIRECTION   E (80)
  HIGHEST WIND SPEED    21   HIGHEST WIND DIRECTION     E (100)
  HIGHEST GUST SPEED    27   HIGHEST GUST DIRECTION     E (80)
  AVERAGE WIND SPEED    11.8


SKY COVER
  AVERAGE SKY COVER 1.0


WEATHER CONDITIONS
 THE FOLLOWING WEATHER WAS RECORDED YESTERDAY.
  LIGHT RAIN
  FOG
  HAZE


RELATIVE HUMIDITY (PERCENT)
 HIGHEST    92          1100 AM
 LOWEST     46           300 AM
 AVERAGE    69

..........................................................


THE HOLLAND/TULIP CITY MI CLIMATE NORMALS FOR TODAY
                         NORMAL
 MAXIMUM TEMPERATURE (F)   63
 MINIMUM TEMPERATURE (F)   43


SUNRISE AND SUNSET
APRIL 29 2016.........SUNRISE   641 AM EDT   SUNSET   844 PM EDT
APRIL 30 2016.........SUNRISE   640 AM EDT   SUNSET   845 PM EDT


-  INDICATES NEGATIVE NUMBERS.
R  INDICATES RECORD WAS SET OR TIED.
MM INDICATES DATA IS MISSING.
T  INDICATES TRACE AMOUNT.




$$
