000
CDUS43 KGRR 251336
CLIBIV


CLIMATE REPORT
NATIONAL WEATHER SERVICE GRAND RAPIDS, MI
934 AM EDT SAT OCT 25 2014


...................................

...THE HOLLAND/TULIP CITY MI CLIMATE SUMMARY FOR OCTOBER 25 2014...
VALID AS OF 0900 AM LOCAL TIME.

CLIMATE NORMAL PERIOD 1981 TO 2010
CLIMATE RECORD PERIOD 1996 TO 2014


WEATHER ITEM   OBSERVED TIME   RECORD YEAR NORMAL DEPARTURE LAST
                VALUE   (LST)  VALUE       VALUE  FROM      YEAR
                                                  NORMAL
..................................................................
TEMPERATURE (F)
 TODAY
  MAXIMUM         60    402 AM  MM      MM  58      2       51
  MINIMUM         50   1226 AM  MM      MM  41      9       34
  AVERAGE         55                        50      5       43

PRECIPITATION (IN)
  TODAY            0.00         MM      MM   0.13  -0.13     0.19
  MONTH TO DATE    3.38                      2.86   0.52     3.72
  SINCE SEP 1      7.32                      6.76   0.56     4.90
  SINCE JAN 1     28.35                     29.97  -1.62    32.91

DEGREE DAYS
 HEATING
  TODAY           10                        15     -5       22
  MONTH TO DATE  304                       295      9      266
  SINCE SEP 1    439                       410     29      379
  SINCE JUL 1    475                       425     50      398

 COOLING
  TODAY            0                         0      0        0
  MONTH TO DATE    1                        10     -9       14
  SINCE SEP 1     53                        74    -21      104
  SINCE JAN 1    570                       692   -122      811
..................................................................


WIND (MPH)
  HIGHEST WIND SPEED    16   HIGHEST WIND DIRECTION     W (250)
  HIGHEST GUST SPEED    21   HIGHEST GUST DIRECTION     W (250)



WEATHER CONDITIONS
 THE FOLLOWING WEATHER WAS RECORDED TODAY.
  FOG
  HAZE


..........................................................




SUNRISE AND SUNSET
OCTOBER 25 2014.......SUNRISE   810 AM EDT   SUNSET   647 PM EDT
OCTOBER 26 2014.......SUNRISE   811 AM EDT   SUNSET   645 PM EDT


-  INDICATES NEGATIVE NUMBERS.
R  INDICATES RECORD WAS SET OR TIED.
MM INDICATES DATA IS MISSING.
T  INDICATES TRACE AMOUNT.




$$

JAM
