000
CDUS43 KGRR 220529
CLIBIV


CLIMATE REPORT
NATIONAL WEATHER SERVICE GRAND RAPIDS, MI
1229 AM EST WED NOV 22 2017


...................................

...THE HOLLAND/TULIP CITY MI CLIMATE SUMMARY FOR NOVEMBER 21 2017...

CLIMATE NORMAL PERIOD 1981 TO 2010
CLIMATE RECORD PERIOD 1996 TO 2017


WEATHER ITEM   OBSERVED TIME   NORMAL DEPARTURE LAST
                VALUE   (LST)  VALUE  FROM      YEAR
                                      NORMAL
......................................................
TEMPERATURE (F)
 YESTERDAY
  MAXIMUM         47   1128 AM  46      1       40
  MINIMUM         33   1159 PM  33      0       28
  AVERAGE         40            40      0       34

PRECIPITATION (IN)
  YESTERDAY        0.05          0.09  -0.04     0.00
  MONTH TO DATE    2.68          2.63   0.05     1.83
  SINCE SEP 1     14.09         10.12   3.97     6.50
  SINCE JAN 1     38.91         33.33   5.58    28.38

DEGREE DAYS
 HEATING
  YESTERDAY       25            25      0       31
  MONTH TO DATE  538           451     87      343
  SINCE SEP 1    934           961    -27      681
  SINCE JUL 1    955           976    -21      688

 COOLING
  YESTERDAY        0             0      0        0
  MONTH TO DATE    0             0      0        0
  SINCE SEP 1    128            75     53      106
  SINCE JAN 1    613           693    -80      785
......................................................


WIND (MPH)
  RESULTANT WIND SPEED  13   RESULTANT WIND DIRECTION   W (250)
  HIGHEST WIND SPEED    31   HIGHEST WIND DIRECTION    SW (240)
  HIGHEST GUST SPEED    40   HIGHEST GUST DIRECTION    SW (230)
  AVERAGE WIND SPEED    17.1


SKY COVER
  AVERAGE SKY COVER 0.6


WEATHER CONDITIONS
 THE FOLLOWING WEATHER WAS RECORDED YESTERDAY.
  LIGHT RAIN


RELATIVE HUMIDITY (PERCENT)
 HIGHEST    76           100 PM
 LOWEST     53          1200 AM
 AVERAGE    65

..........................................................


THE HOLLAND/TULIP CITY MI CLIMATE NORMALS FOR TODAY
                         NORMAL
 MAXIMUM TEMPERATURE (F)   45
 MINIMUM TEMPERATURE (F)   33


SUNRISE AND SUNSET
NOVEMBER 22 2017......SUNRISE   746 AM EST   SUNSET   516 PM EST
NOVEMBER 23 2017......SUNRISE   747 AM EST   SUNSET   515 PM EST


-  INDICATES NEGATIVE NUMBERS.
R  INDICATES RECORD WAS SET OR TIED.
MM INDICATES DATA IS MISSING.
T  INDICATES TRACE AMOUNT.




$$
