000
CDUS43 KGRR 251348
CLIBIV


CLIMATE REPORT
NATIONAL WEATHER SERVICE GRAND RAPIDS, MI
948 AM EDT TUE APR 25 2017


...................................

...THE HOLLAND/TULIP CITY MI CLIMATE SUMMARY FOR APRIL 25 2017...
VALID AS OF 0900 AM LOCAL TIME.

CLIMATE NORMAL PERIOD 1981 TO 2010
CLIMATE RECORD PERIOD 1996 TO 2017


WEATHER ITEM   OBSERVED TIME   NORMAL DEPARTURE LAST
                VALUE   (LST)  VALUE  FROM      YEAR
                                      NORMAL
......................................................
TEMPERATURE (F)
 TODAY
  MAXIMUM         58    759 AM  62     -4       79
  MINIMUM         51    605 AM  42      9       53
  AVERAGE         55            52      3       66

PRECIPITATION (IN)
  TODAY            0.00          0.12  -0.12     0.13
  MONTH TO DATE    4.19          2.51   1.68     2.38
  SINCE MAR 1      7.30          4.78   2.52     6.25
  SINCE JAN 1     11.96          8.67   3.29    10.11

DEGREE DAYS
 HEATING
  TODAY           10            13     -3        0
  MONTH TO DATE  359           443    -84      457
  SINCE MAR 1   1242          1317    -75     1213
  SINCE JUL 1   5104          5817   -713     5203

 COOLING
  TODAY            0             0      0        1
  MONTH TO DATE    2             0      2        1
  SINCE MAR 1      2             0      2        1
  SINCE JAN 1      2             0      2        1
......................................................


WIND (MPH)
  RESULTANT WIND SPEED   9   RESULTANT WIND DIRECTION  SE (130)
  HIGHEST WIND SPEED    12   HIGHEST WIND DIRECTION    SE (130)
  HIGHEST GUST SPEED    16   HIGHEST GUST DIRECTION    SE (120)
  AVERAGE WIND SPEED     9.3


SKY COVER
  AVERAGE SKY COVER 0.0


WEATHER CONDITIONS
 THE FOLLOWING WEATHER WAS RECORDED TODAY.
  NO SIGNIFICANT WEATHER WAS OBSERVED.


RELATIVE HUMIDITY (PERCENT)
 HIGHEST    77           600 AM
 LOWEST     43          1200 AM
 AVERAGE    60

..........................................................


THE HOLLAND/TULIP CITY MI CLIMATE NORMALS FOR TOMORROW
                         NORMAL
 MAXIMUM TEMPERATURE (F)   62
 MINIMUM TEMPERATURE (F)   42


SUNRISE AND SUNSET
APRIL 25 2017.........SUNRISE   647 AM EDT   SUNSET   839 PM EDT
APRIL 26 2017.........SUNRISE   646 AM EDT   SUNSET   840 PM EDT


-  INDICATES NEGATIVE NUMBERS.
R  INDICATES RECORD WAS SET OR TIED.
MM INDICATES DATA IS MISSING.
T  INDICATES TRACE AMOUNT.




$$
