000
CDUS46 KBOI 230933
CLIBKE


CLIMATE REPORT
NATIONAL WEATHER SERVICE BOISE ID
232 AM MST FRI FEB 23 2018


...................................

...THE BAKER OR CLIMATE SUMMARY FOR FEBRUARY 22 2018...

CLIMATE NORMAL PERIOD 1981 TO 2010
CLIMATE RECORD PERIOD 1928 TO 2018


WEATHER ITEM   OBSERVED TIME   RECORD YEAR NORMAL DEPARTURE LAST
                VALUE   (LST)  VALUE       VALUE  FROM      YEAR
                                                  NORMAL
..................................................................
TEMPERATURE (F)
 YESTERDAY
  MAXIMUM         29    144 PM  63    1995  42    -13       37
  MINIMUM         12   1159 PM -10    1952  20     -8       29
  AVERAGE         21                        31    -10       33

PRECIPITATION (IN)
  YESTERDAY        T             0.29 1956   0.02  -0.02     0.01
  MONTH TO DATE    0.13                      0.45  -0.32     0.89
  SINCE OCT 1      2.35                      3.76  -1.41     4.31
  SINCE JAN 1      1.09                      1.25  -0.16     1.57

DEGREE DAYS
 HEATING
  YESTERDAY       44                        34     10       32
  MONTH TO DATE  695                       800   -105      676
  SINCE DEC 1   2866                      3286   -420     3830
  SINCE JUL 1   4496                      5323   -827     5604

 COOLING
  YESTERDAY        0                         0      0        0
  MONTH TO DATE    0                         0      0        0
  SINCE DEC 1      0                         0      0        0
  SINCE JAN 1      0                         0      0        0
..................................................................


WIND (MPH)
  RESULTANT WIND SPEED  12   RESULTANT WIND DIRECTION  NW (320)
  HIGHEST WIND SPEED    25   HIGHEST WIND DIRECTION    NW (320)
  HIGHEST GUST SPEED    30   HIGHEST GUST DIRECTION    NW (320)
  AVERAGE WIND SPEED    12.0


SKY COVER
  AVERAGE SKY COVER 0.5


WEATHER CONDITIONS
 THE FOLLOWING WEATHER WAS RECORDED YESTERDAY.
  LIGHT SNOW
  FOG


RELATIVE HUMIDITY (PERCENT)
 HIGHEST    88           200 AM
 LOWEST     46           100 PM
 AVERAGE    67

..........................................................


THE BAKER OR CLIMATE NORMALS FOR TODAY
                         NORMAL    RECORD    YEAR
 MAXIMUM TEMPERATURE (F)   43        66      1995
 MINIMUM TEMPERATURE (F)   20         7      1975


SUNRISE AND SUNSET
FEBRUARY 23 2018......SUNRISE   639 AM PST   SUNSET   531 PM PST
FEBRUARY 24 2018......SUNRISE   637 AM PST   SUNSET   532 PM PST


-  INDICATES NEGATIVE NUMBERS.
R  INDICATES RECORD WAS SET OR TIED.
MM INDICATES DATA IS MISSING.
T  INDICATES TRACE AMOUNT.




$$
