000
CDUS46 KBOI 290932
CLIBKE


CLIMATE REPORT
NATIONAL WEATHER SERVICE BOISE ID
332 AM MDT FRI AUG 29 2014


...................................

...THE BAKER OR CLIMATE SUMMARY FOR AUGUST 28 2014...

CLIMATE NORMAL PERIOD 1981 TO 2010
CLIMATE RECORD PERIOD 1948 TO 2014


WEATHER ITEM   OBSERVED TIME   RECORD YEAR NORMAL DEPARTURE LAST
                VALUE   (LST)  VALUE       VALUE  FROM      YEAR
                                                  NORMAL
..................................................................
TEMPERATURE (F)
 YESTERDAY
  MAXIMUM         88    246 PM  98    1998  81      7       91
  MINIMUM         46    537 AM  28    1960  43      3       48
  AVERAGE         67                        62      5       70

PRECIPITATION (IN)
  YESTERDAY        0.00          0.32 1951   0.02  -0.02     0.00
  MONTH TO DATE    0.51                      0.63  -0.12     0.47
  SINCE OCT 1      6.60                      9.50  -2.90     8.33
  SINCE JAN 1      5.43                      6.99  -1.56     6.15

DEGREE DAYS
 HEATING
  YESTERDAY        0                         4     -4        0
  MONTH TO DATE   46                        66    -20       11
  SINCE JUN 1    292                       362    -70      228
  SINCE JUL 1     59                       136    -77       32

 COOLING
  YESTERDAY        2                         1      1        5
  MONTH TO DATE   70                        63      7       87
  SINCE JUN 1    235                       154     81      216
  SINCE JAN 1    235                       156     79      220
..................................................................


WIND (MPH)
  RESULTANT WIND SPEED   3   RESULTANT WIND DIRECTION  NW (300)
  HIGHEST WIND SPEED    18   HIGHEST WIND DIRECTION     N (340)
  HIGHEST GUST SPEED    24   HIGHEST GUST DIRECTION    NW (320)
  AVERAGE WIND SPEED     6.0


SKY COVER
  AVERAGE SKY COVER 0.0


WEATHER CONDITIONS
 THE FOLLOWING WEATHER WAS RECORDED YESTERDAY.
  NO SIGNIFICANT WEATHER WAS OBSERVED.


RELATIVE HUMIDITY (PERCENT)
 HIGHEST    86           100 AM
 LOWEST     23           200 PM
 AVERAGE    55

..........................................................


THE BAKER OR CLIMATE NORMALS FOR TODAY
                         NORMAL    RECORD    YEAR
 MAXIMUM TEMPERATURE (F)   81        95      1999
 MINIMUM TEMPERATURE (F)   42        32      1980


SUNRISE AND SUNSET
AUGUST 29 2014........SUNRISE   610 AM PDT   SUNSET   733 PM PDT
AUGUST 30 2014........SUNRISE   611 AM PDT   SUNSET   732 PM PDT


-  INDICATES NEGATIVE NUMBERS.
R  INDICATES RECORD WAS SET OR TIED.
MM INDICATES DATA IS MISSING.
T  INDICATES TRACE AMOUNT.




$$
