000
CDUS46 KBOI 010933
CLIBKE


CLIMATE REPORT
NATIONAL WEATHER SERVICE BOISE ID
233 AM MST SUN MAR 1 2015


...................................

...THE BAKER OR CLIMATE SUMMARY FOR FEBRUARY 28 2015...

CLIMATE NORMAL PERIOD 1981 TO 2010
CLIMATE RECORD PERIOD 1948 TO 2015


WEATHER ITEM   OBSERVED TIME   RECORD YEAR NORMAL DEPARTURE LAST
                VALUE   (LST)  VALUE       VALUE  FROM      YEAR
                                                  NORMAL
..................................................................
TEMPERATURE (F)
 YESTERDAY
  MAXIMUM         44    140 PM  65    1986  45     -1       52
  MINIMUM         22   1132 PM  -9    1960  22      0       26
  AVERAGE         33                        33      0       39

PRECIPITATION (IN)
  YESTERDAY        0.00          0.48 1970   0.02  -0.02     0.07
  MONTH TO DATE    0.71                      0.58   0.13     1.19
  SINCE OCT 1      3.30                      3.89  -0.59     2.86
  SINCE JAN 1      1.10                      1.38  -0.28     1.69

DEGREE DAYS
 HEATING
  YESTERDAY       32                        32      0       26
  MONTH TO DATE  731                       995   -264      980
  SINCE DEC 1   2873                      3483   -610     3601
  SINCE JUL 1   4676                      5520   -844     5526

 COOLING
  YESTERDAY        0                         0      0        0
  MONTH TO DATE    0                         0      0        0
  SINCE DEC 1      0                         0      0        0
  SINCE JAN 1      0                         0      0        0
..................................................................


WIND (MPH)
  RESULTANT WIND SPEED  16   RESULTANT WIND DIRECTION  NW (310)
  HIGHEST WIND SPEED    36   HIGHEST WIND DIRECTION    NW (310)
  HIGHEST GUST SPEED    42   HIGHEST GUST DIRECTION    NW (310)
  AVERAGE WIND SPEED    17.3


SKY COVER
  AVERAGE SKY COVER 0.2


WEATHER CONDITIONS
 THE FOLLOWING WEATHER WAS RECORDED YESTERDAY.
  NO SIGNIFICANT WEATHER WAS OBSERVED.


RELATIVE HUMIDITY (PERCENT)
 HIGHEST   100           100 AM
 LOWEST     43           100 PM
 AVERAGE    72

..........................................................


THE BAKER OR CLIMATE NORMALS FOR TODAY
                         NORMAL    RECORD    YEAR
 MAXIMUM TEMPERATURE (F)   45        66      1986
 MINIMUM TEMPERATURE (F)   22         0      1960


SUNRISE AND SUNSET
MARCH  1 2015.........SUNRISE   629 AM PST   SUNSET   539 PM PST
MARCH  2 2015.........SUNRISE   627 AM PST   SUNSET   540 PM PST


-  INDICATES NEGATIVE NUMBERS.
R  INDICATES RECORD WAS SET OR TIED.
MM INDICATES DATA IS MISSING.
T  INDICATES TRACE AMOUNT.




$$
