000
CDUS46 KBOI 310932
CLIBKE


CLIMATE REPORT
NATIONAL WEATHER SERVICE BOISE ID
332 AM MDT WED AUG 31 2016


...................................

...THE BAKER OR CLIMATE SUMMARY FOR AUGUST 30 2016...

CLIMATE NORMAL PERIOD 1981 TO 2010
CLIMATE RECORD PERIOD 1948 TO 2016


WEATHER ITEM   OBSERVED TIME   RECORD YEAR NORMAL DEPARTURE LAST
                VALUE   (LST)  VALUE       VALUE  FROM      YEAR
                                                  NORMAL
..................................................................
TEMPERATURE (F)
 YESTERDAY
  MAXIMUM         84    411 PM  96    1996  81      3       69
  MINIMUM         47   1124 PM  30    1965  42      5       40
  AVERAGE         66                        61      5       55

PRECIPITATION (IN)
  YESTERDAY        0.00          0.82 1984   0.03  -0.03      T
  MONTH TO DATE    0.12                      0.69  -0.57     0.02
  SINCE OCT 1      6.17                      9.56  -3.39     9.48
  SINCE JAN 1      3.63                      7.05  -3.42     7.28

DEGREE DAYS
 HEATING
  YESTERDAY        0                         5     -5       10
  MONTH TO DATE   60                        75    -15       49
  SINCE JUN 1    337                       371    -34      173
  SINCE JUL 1    145                       145      0       89

 COOLING
  YESTERDAY        1                         1      0        0
  MONTH TO DATE   42                        65    -23       71
  SINCE JUN 1    132                       156    -24      222
  SINCE JAN 1    132                       158    -26      223
..................................................................


WIND (MPH)
  RESULTANT WIND SPEED   2   RESULTANT WIND DIRECTION   W (280)
  HIGHEST WIND SPEED    16   HIGHEST WIND DIRECTION     N (340)
  HIGHEST GUST SPEED    20   HIGHEST GUST DIRECTION    NW (320)
  AVERAGE WIND SPEED     4.9


SKY COVER
  AVERAGE SKY COVER 0.0


WEATHER CONDITIONS
 THE FOLLOWING WEATHER WAS RECORDED YESTERDAY.
  NO SIGNIFICANT WEATHER WAS OBSERVED.


RELATIVE HUMIDITY (PERCENT)
 HIGHEST    66           500 AM
 LOWEST     26           100 PM
 AVERAGE    46

..........................................................


THE BAKER OR CLIMATE NORMALS FOR TODAY
                         NORMAL    RECORD    YEAR
 MAXIMUM TEMPERATURE (F)   80        94      1998
 MINIMUM TEMPERATURE (F)   42        31      1999


SUNRISE AND SUNSET
AUGUST 31 2016........SUNRISE   613 AM PDT   SUNSET   729 PM PDT
SEPTEMBER  1 2016.....SUNRISE   614 AM PDT   SUNSET   727 PM PDT


-  INDICATES NEGATIVE NUMBERS.
R  INDICATES RECORD WAS SET OR TIED.
MM INDICATES DATA IS MISSING.
T  INDICATES TRACE AMOUNT.




$$
