000
CDUS46 KBOI 060931
CLIBKE


CLIMATE REPORT
NATIONAL WEATHER SERVICE BOISE ID
231 AM MST TUE DEC 6 2016


...................................

...THE BAKER OR CLIMATE SUMMARY FOR DECEMBER 5 2016...

CLIMATE NORMAL PERIOD 1981 TO 2010
CLIMATE RECORD PERIOD 1948 TO 2016


WEATHER ITEM   OBSERVED TIME   RECORD YEAR NORMAL DEPARTURE LAST
                VALUE   (LST)  VALUE       VALUE  FROM      YEAR
                                                  NORMAL
..................................................................
TEMPERATURE (F)
 YESTERDAY
  MAXIMUM         26    846 PM  54    1987  35     -9       40
  MINIMUM          2    730 AM -10    1992  17    -15       22
  AVERAGE         14                        26    -12       31

PRECIPITATION (IN)
  YESTERDAY        T             0.26 1971   0.03  -0.03     0.00
  MONTH TO DATE    0.07                      0.16  -0.09     0.13
  SINCE OCT 1      1.88                      1.69   0.19     1.33
  SINCE JAN 1      5.58                      9.31  -3.73     9.29

DEGREE DAYS
 HEATING
  YESTERDAY       51                        39     12       34
  MONTH TO DATE  196                       191      5      182
  SINCE DEC 1    196                       191      5      182
  SINCE JUL 1   1970                      2228   -258     2033

 COOLING
  YESTERDAY        0                         0      0        0
  MONTH TO DATE    0                         0      0        0
  SINCE DEC 1      0                         0      0        0
  SINCE JAN 1    132                       169    -37      225
..................................................................


WIND (MPH)
  RESULTANT WIND SPEED   3   RESULTANT WIND DIRECTION   E (110)
  HIGHEST WIND SPEED    17   HIGHEST WIND DIRECTION     E (100)
  HIGHEST GUST SPEED    23   HIGHEST GUST DIRECTION     E (110)
  AVERAGE WIND SPEED     5.7


SKY COVER
  AVERAGE SKY COVER 0.3


WEATHER CONDITIONS
 THE FOLLOWING WEATHER WAS RECORDED YESTERDAY.
  LIGHT SNOW
  FOG


RELATIVE HUMIDITY (PERCENT)
 HIGHEST    96           800 AM
 LOWEST     65          1200 AM
 AVERAGE    81

..........................................................


THE BAKER OR CLIMATE NORMALS FOR TODAY
                         NORMAL    RECORD    YEAR
 MAXIMUM TEMPERATURE (F)   35        54      1987
 MINIMUM TEMPERATURE (F)   17        -8      1992


SUNRISE AND SUNSET
DECEMBER  6 2016......SUNRISE   715 AM PST   SUNSET   410 PM PST
DECEMBER  7 2016......SUNRISE   716 AM PST   SUNSET   410 PM PST


-  INDICATES NEGATIVE NUMBERS.
R  INDICATES RECORD WAS SET OR TIED.
MM INDICATES DATA IS MISSING.
T  INDICATES TRACE AMOUNT.




$$
