000
CDUS46 KBOI 180932
CLIBKE


CLIMATE REPORT
NATIONAL WEATHER SERVICE BOISE ID
231 AM MST WED JAN 18 2017


...................................

...THE BAKER OR CLIMATE SUMMARY FOR JANUARY 17 2017...

CLIMATE NORMAL PERIOD 1981 TO 2010
CLIMATE RECORD PERIOD 1948 TO 2017


WEATHER ITEM   OBSERVED TIME   RECORD YEAR NORMAL DEPARTURE LAST
                VALUE   (LST)  VALUE       VALUE  FROM      YEAR
                                                  NORMAL
..................................................................
TEMPERATURE (F)
 YESTERDAY
  MAXIMUM         21   1159 PM  51    1998  34    -13       36
  MINIMUM        -11R   347 AM -11    1952  16    -27       26
  AVERAGE          5                        25    -20       31

PRECIPITATION (IN)
  YESTERDAY        T             0.76 1971   0.03  -0.03     0.07
  MONTH TO DATE    0.38                      0.48  -0.10     0.16
  SINCE OCT 1      3.12                      2.99   0.13     2.70
  SINCE JAN 1      0.38                      0.48  -0.10     0.16

DEGREE DAYS
 HEATING
  YESTERDAY       60                        40     20       34
  MONTH TO DATE  995                       689    306      671
  SINCE DEC 1   2548                      1937    611     1817
  SINCE JUL 1   4322                      3974    348     3668

 COOLING
  YESTERDAY        0                         0      0        0
  MONTH TO DATE    0                         0      0        0
  SINCE DEC 1      0                         0      0        0
  SINCE JAN 1      0                         0      0        0
..................................................................


WIND (MPH)
  RESULTANT WIND SPEED  13   RESULTANT WIND DIRECTION   E (110)
  HIGHEST WIND SPEED    31   HIGHEST WIND DIRECTION     E (100)
  HIGHEST GUST SPEED    38   HIGHEST GUST DIRECTION     E (100)
  AVERAGE WIND SPEED    15.0


SKY COVER
  AVERAGE SKY COVER 0.2


WEATHER CONDITIONS
 THE FOLLOWING WEATHER WAS RECORDED YESTERDAY.
  FREEZING RAIN
  LT FREEZING RAIN
  FOG
  HAZE


RELATIVE HUMIDITY (PERCENT)
 HIGHEST    92          1200 AM
 LOWEST     73           300 PM
 AVERAGE    83

..........................................................


THE BAKER OR CLIMATE NORMALS FOR TODAY
                         NORMAL    RECORD    YEAR
 MAXIMUM TEMPERATURE (F)   34        50      1981
 MINIMUM TEMPERATURE (F)   17        -9      1984


SUNRISE AND SUNSET
JANUARY 18 2017.......SUNRISE   723 AM PST   SUNSET   441 PM PST
JANUARY 19 2017.......SUNRISE   723 AM PST   SUNSET   442 PM PST


-  INDICATES NEGATIVE NUMBERS.
R  INDICATES RECORD WAS SET OR TIED.
MM INDICATES DATA IS MISSING.
T  INDICATES TRACE AMOUNT.




$$
