000
CDUS41 KRLX 222226
CLIBKW


CLIMATE REPORT
NATIONAL WEATHER SERVICE CHARLESTON WV
525 PM EST WED NOV 22 2017


...................................

...THE BECKLEY WV CLIMATE SUMMARY FOR NOVEMBER 22 2017...
VALID TODAY AS OF 0500 PM LOCAL TIME.

CLIMATE NORMAL PERIOD 1981 TO 2010
CLIMATE RECORD PERIOD 1963 TO 2017


WEATHER ITEM   OBSERVED TIME   RECORD YEAR NORMAL DEPARTURE LAST
                VALUE   (LST)  VALUE       VALUE  FROM      YEAR
                                                  NORMAL
..................................................................
TEMPERATURE (F)
 TODAY
  MAXIMUM         50   1226 AM  76    1913  50      0       44
  MINIMUM         35    352 PM   5    1964  33      2       21
  AVERAGE         43                        42      1       33

PRECIPITATION (IN)
  TODAY            T             1.31 1962   0.10  -0.10     0.00
  MONTH TO DATE    1.36                      2.15  -0.79     0.81
  SINCE SEP 1      7.76                      7.73   0.03     6.09
  SINCE JAN 1     41.10                     37.39   3.71    41.22

DEGREE DAYS
 HEATING
  TODAY           22                        23     -1       32
  MONTH TO DATE  424                       432     -8      383
  SINCE SEP 1    793                       917   -124      628
  SINCE JUL 1    810                       938   -128      628

 COOLING
  TODAY            0                         0      0        0
  MONTH TO DATE    0                         0      0        1
  SINCE SEP 1     81                        63     18      143
  SINCE JAN 1    594                       556     38      844
..................................................................


WIND (MPH)
  HIGHEST WIND SPEED    17   HIGHEST WIND DIRECTION     N (350)
  HIGHEST GUST SPEED    24   HIGHEST GUST DIRECTION    NW (330)
  AVERAGE WIND SPEED    10.2


SKY COVER
  POSSIBLE SUNSHINE  MM
  AVERAGE SKY COVER 0.9


WEATHER CONDITIONS
 THE FOLLOWING WEATHER WAS RECORDED TODAY.
  NO SIGNIFICANT WEATHER WAS OBSERVED.


RELATIVE HUMIDITY (PERCENT)
 HIGHEST    82           100 AM
 LOWEST     53           200 AM
 AVERAGE    68

..........................................................


THE BECKLEY WV CLIMATE NORMALS FOR TOMORROW
                         NORMAL    RECORD    YEAR
 MAXIMUM TEMPERATURE (F)   50        72      1931
 MINIMUM TEMPERATURE (F)   33        -1      1937


SUNRISE AND SUNSET
NOVEMBER 22 2017......SUNRISE   712 AM EST   SUNSET   509 PM EST
NOVEMBER 23 2017......SUNRISE   713 AM EST   SUNSET   508 PM EST


-  INDICATES NEGATIVE NUMBERS.
R  INDICATES RECORD WAS SET OR TIED.
MM INDICATES DATA IS MISSING.
T  INDICATES TRACE AMOUNT.




$$
