000
CDUS41 KRLX 270725
CLIBKW


CLIMATE REPORT
NATIONAL WEATHER SERVICE CHARLESTON WV
321 AM EDT TUE SEP 27 2016


...................................

...THE BECKLEY WV CLIMATE SUMMARY FOR SEPTEMBER 26 2016...

CLIMATE NORMAL PERIOD 1981 TO 2010
CLIMATE RECORD PERIOD 1963 TO 2016


WEATHER ITEM   OBSERVED TIME   RECORD YEAR NORMAL DEPARTURE LAST
                VALUE   (LST)  VALUE       VALUE  FROM      YEAR
                                                  NORMAL
..................................................................
TEMPERATURE (F)
 YESTERDAY
  MAXIMUM         80    213 PM  87    1933  69     11       64
  MINIMUM         61   1159 PM  30    1950  50     11       57
  AVERAGE         71                        59     12       61

PRECIPITATION (IN)
  YESTERDAY        0.23          1.57 2002   0.10   0.13     0.09
  MONTH TO DATE    1.81                      2.63  -0.82     2.12
  SINCE JAN 1     36.94                     32.29   4.65    39.19

SNOWFALL (IN)
  YESTERDAY        0.0
  MONTH TO DATE    0.0
  SINCE SEP 1      0.0
  SNOW DEPTH       0

DEGREE DAYS
 HEATING
  YESTERDAY        0                         6     -6        4
  MONTH TO DATE    6                        84    -78       51
  SINCE SEP 1      6                        84    -78       51
  SINCE JUL 1      6                       105    -99       63

 COOLING
  YESTERDAY        6                         1      5        0
  MONTH TO DATE  130                        55     75       88
  SINCE SEP 1    130                        55     75       88
  SINCE JAN 1    831                       548    283      746
..................................................................


WIND (MPH)
  HIGHEST WIND SPEED    21   HIGHEST WIND DIRECTION     W (250)
  HIGHEST GUST SPEED    29   HIGHEST GUST DIRECTION     W (290)
  AVERAGE WIND SPEED     7.8


SKY COVER
  POSSIBLE SUNSHINE  MM
  AVERAGE SKY COVER 0.4


WEATHER CONDITIONS
 THE FOLLOWING WEATHER WAS RECORDED YESTERDAY.
  THUNDERSTORM
  HEAVY RAIN
  LIGHT RAIN
  FOG


RELATIVE HUMIDITY (PERCENT)
 HIGHEST    93          1200 AM
 LOWEST     58           100 PM
 AVERAGE    76

..........................................................


THE BECKLEY WV CLIMATE NORMALS FOR TODAY
                         NORMAL    RECORD    YEAR
 MAXIMUM TEMPERATURE (F)   69        85      1931
 MINIMUM TEMPERATURE (F)   49        31      1914


SUNRISE AND SUNSET
SEPTEMBER 27 2016.....SUNRISE   717 AM EDT   SUNSET   713 PM EDT
SEPTEMBER 28 2016.....SUNRISE   718 AM EDT   SUNSET   711 PM EDT


-  INDICATES NEGATIVE NUMBERS.
R  INDICATES RECORD WAS SET OR TIED.
MM INDICATES DATA IS MISSING.
T  INDICATES TRACE AMOUNT.




$$
