000
CDUS41 KRLX 250727
CLIBKW


CLIMATE REPORT
NATIONAL WEATHER SERVICE CHARLESTON WV
322 AM EDT FRI JUL 25 2014


...................................

...THE BECKLEY WV CLIMATE SUMMARY FOR JULY 24 2014...

CLIMATE NORMAL PERIOD 1981 TO 2010
CLIMATE RECORD PERIOD 1963 TO 2014


WEATHER ITEM   OBSERVED TIME   RECORD YEAR NORMAL DEPARTURE LAST
                VALUE   (LST)  VALUE       VALUE  FROM      YEAR
                                                  NORMAL
..................................................................
TEMPERATURE (F)
 YESTERDAY
  MAXIMUM         76   1211 PM  92    1934  80     -4       78
  MINIMUM         59   1114 PM  45    1954  61     -2       61
                                      1947
                                      1911
  AVERAGE         68                        71     -3       70

PRECIPITATION (IN)
  YESTERDAY        0.21          0.96 1951   0.17   0.04     0.06
  MONTH TO DATE    2.08                      3.85  -1.77     3.59
  SINCE JAN 1     20.06                     25.01  -4.95    23.79

SNOWFALL (IN)
  YESTERDAY        0.0
  MONTH TO DATE    0.0
  SINCE SEP 1     76.3
  SNOW DEPTH       0

DEGREE DAYS
 HEATING
  YESTERDAY        0                         0      0        0
  MONTH TO DATE   15                         0     15        0
  SINCE JUN 1     27                        39    -12        7
  SINCE JUL 1     15                         0     15        0

 COOLING
  YESTERDAY        3                         6     -3        5
  MONTH TO DATE  135                       144     -9      198
  SINCE JUN 1    306                       255     51      323
  SINCE JAN 1    381                       296     85      390
..................................................................


WIND (MPH)
  HIGHEST WIND SPEED    16   HIGHEST WIND DIRECTION     N (360)
  HIGHEST GUST SPEED    20   HIGHEST GUST DIRECTION     N (350)
  AVERAGE WIND SPEED     5.1


SKY COVER
  POSSIBLE SUNSHINE  MM
  AVERAGE SKY COVER 0.9


WEATHER CONDITIONS
 THE FOLLOWING WEATHER WAS RECORDED YESTERDAY.
  RAIN
  LIGHT RAIN
  FOG
  FOG W/VISIBILITY <= 1/4 MILE


RELATIVE HUMIDITY (PERCENT)
 HIGHEST   100           100 AM
 LOWEST     78           300 PM
 AVERAGE    89

..........................................................


THE BECKLEY WV CLIMATE NORMALS FOR TODAY
                         NORMAL    RECORD    YEAR
 MAXIMUM TEMPERATURE (F)   80        93      1934
 MINIMUM TEMPERATURE (F)   61        46      1954
                                             1953


SUNRISE AND SUNSET
JULY 25 2014..........SUNRISE   622 AM EDT   SUNSET   839 PM EDT
JULY 26 2014..........SUNRISE   623 AM EDT   SUNSET   839 PM EDT


-  INDICATES NEGATIVE NUMBERS.
R  INDICATES RECORD WAS SET OR TIED.
MM INDICATES DATA IS MISSING.
T  INDICATES TRACE AMOUNT.




$$
