000
CDUS41 KRLX 270719
CLIBKW


CLIMATE REPORT
NATIONAL WEATHER SERVICE CHARLESTON WV
319 AM EDT MON MAR 27 2017


...................................

...THE BECKLEY WV CLIMATE SUMMARY FOR MARCH 26 2017...

CLIMATE NORMAL PERIOD 1981 TO 2010
CLIMATE RECORD PERIOD 1963 TO 2017


WEATHER ITEM   OBSERVED TIME   RECORD YEAR NORMAL DEPARTURE LAST
                VALUE   (LST)  VALUE       VALUE  FROM      YEAR
                                                  NORMAL
..................................................................
TEMPERATURE (F)
 YESTERDAY
  MAXIMUM         65    404 PM  80    1910  55     10       68
  MINIMUM         54    711 AM  -2    1940  35     19       32
  AVERAGE         60                        45     15       50

PRECIPITATION (IN)
  YESTERDAY        0.17          0.95 1913   0.13   0.04     0.00
  MONTH TO DATE    2.49                      2.99  -0.50     1.90
  SINCE JAN 1      8.86                      8.56   0.30     7.76

SNOWFALL (IN)
  YESTERDAY        0.0
  MONTH TO DATE    5.4
  SINCE SEP 1     24.3
  SNOW DEPTH       0

DEGREE DAYS
 HEATING
  YESTERDAY        5                        20    -15       15
  MONTH TO DATE  650                       617     33      395
  SINCE MAR 1    650                       617     33      395
  SINCE JUL 1   3784                      4618   -834     3770

 COOLING
  YESTERDAY        0                         0      0        0
  MONTH TO DATE    0                         0      0        2
  SINCE MAR 1      0                         0      0        2
  SINCE JAN 1      0                         0      0        2
..................................................................


WIND (MPH)
  HIGHEST WIND SPEED    21   HIGHEST WIND DIRECTION    SE (130)
  HIGHEST GUST SPEED    29   HIGHEST GUST DIRECTION    SE (140)
  AVERAGE WIND SPEED    10.9


SKY COVER
  POSSIBLE SUNSHINE  MM
  AVERAGE SKY COVER 0.5


WEATHER CONDITIONS
 THE FOLLOWING WEATHER WAS RECORDED YESTERDAY.
  THUNDERSTORM
  LIGHT RAIN
  FOG


RELATIVE HUMIDITY (PERCENT)
 HIGHEST    86           900 PM
 LOWEST     56           400 PM
 AVERAGE    71

..........................................................


THE BECKLEY WV CLIMATE NORMALS FOR TODAY
                         NORMAL    RECORD    YEAR
 MAXIMUM TEMPERATURE (F)   56        80      1998
                                             1910
 MINIMUM TEMPERATURE (F)   35         7      1955


SUNRISE AND SUNSET
MARCH 27 2017.........SUNRISE   717 AM EDT   SUNSET   743 PM EDT
MARCH 28 2017.........SUNRISE   715 AM EDT   SUNSET   744 PM EDT


-  INDICATES NEGATIVE NUMBERS.
R  INDICATES RECORD WAS SET OR TIED.
MM INDICATES DATA IS MISSING.
T  INDICATES TRACE AMOUNT.




$$
