729
CDUS41 KRLX 300719
CLIBKW


CLIMATE REPORT
NATIONAL WEATHER SERVICE CHARLESTON WV
319 AM EDT MON MAY 30 2016


...................................

...THE BECKLEY WV CLIMATE SUMMARY FOR MAY 29 2016...

CLIMATE NORMAL PERIOD 1981 TO 2010
CLIMATE RECORD PERIOD 1963 TO 2016


WEATHER ITEM   OBSERVED TIME   RECORD YEAR NORMAL DEPARTURE LAST
                VALUE   (LST)  VALUE       VALUE  FROM      YEAR
                                                  NORMAL
..................................................................
TEMPERATURE (F)
 YESTERDAY
  MAXIMUM         74    243 PM  88    1914  73      1       80
  MINIMUM         60   1159 PM  33    1949  53      7       61
  AVERAGE         67                        63      4       71

PRECIPITATION (IN)
  YESTERDAY        T             2.30 1924   0.16  -0.16     0.21
  MONTH TO DATE    6.59                      4.36   2.23     1.13
  SINCE JAN 1     17.11                     16.86   0.25    19.93

SNOWFALL (IN)
  YESTERDAY        0.0
  MONTH TO DATE    0.0
  SINCE SEP 1     45.5
  SNOW DEPTH       0

DEGREE DAYS
 HEATING
  YESTERDAY        0                         4     -4        0
  MONTH TO DATE  200                       186     14       88
  SINCE MAR 1   1004                      1294   -290     1111
  SINCE JUL 1   4379                      5295   -916     5444

 COOLING
  YESTERDAY        2                         2      0        6
  MONTH TO DATE   25                        25      0       87
  SINCE MAR 1     33                        35     -2       90
  SINCE JAN 1     33                        35     -2       90
..................................................................


WIND (MPH)
  HIGHEST WIND SPEED     9   HIGHEST WIND DIRECTION    SE (140)
  HIGHEST GUST SPEED    13   HIGHEST GUST DIRECTION     S (160)
  AVERAGE WIND SPEED     4.1


SKY COVER
  POSSIBLE SUNSHINE  MM
  AVERAGE SKY COVER 0.5


WEATHER CONDITIONS
 THE FOLLOWING WEATHER WAS RECORDED YESTERDAY.
  LIGHT RAIN


RELATIVE HUMIDITY (PERCENT)
 HIGHEST    84           200 AM
 LOWEST     53           500 PM
 AVERAGE    69

..........................................................


THE BECKLEY WV CLIMATE NORMALS FOR TODAY
                         NORMAL    RECORD    YEAR
 MAXIMUM TEMPERATURE (F)   73        87      2011
                                             2006
                                             1931
 MINIMUM TEMPERATURE (F)   53        33      1984
                                             1949
                                             1932


SUNRISE AND SUNSET
MAY 30 2016...........SUNRISE   605 AM EDT   SUNSET   840 PM EDT
MAY 31 2016...........SUNRISE   604 AM EDT   SUNSET   840 PM EDT


-  INDICATES NEGATIVE NUMBERS.
R  INDICATES RECORD WAS SET OR TIED.
MM INDICATES DATA IS MISSING.
T  INDICATES TRACE AMOUNT.




$$
