000
CDUS41 KRLX 311004
CLIBKW


CLIMATE REPORT
NATIONAL WEATHER SERVICE CHARLESTON WV
327 AM EDT FRI JUL 31 2015


...................................

...THE BECKLEY WV CLIMATE SUMMARY FOR JULY 30 2015...

CLIMATE NORMAL PERIOD 1981 TO 2010
CLIMATE RECORD PERIOD 1963 TO 2015


WEATHER ITEM   OBSERVED TIME   RECORD YEAR NORMAL DEPARTURE LAST
                VALUE   (LST)  VALUE       VALUE  FROM      YEAR
                                                  NORMAL
..................................................................
TEMPERATURE (F)
 YESTERDAY
  MAXIMUM         82    243 PM  92    1931  80      2       73
                                      1917
  MINIMUM         62   1159 PM  47    1932  61      1       49
  AVERAGE         72                        70      2       61

PRECIPITATION (IN)
  YESTERDAY        0.05          1.59 1982   0.17  -0.12     0.00
  MONTH TO DATE    9.11                      4.86   4.25     2.41
  SINCE JAN 1     34.42                     26.02   8.40    20.39

SNOWFALL (IN)
  YESTERDAY        0.0
  MONTH TO DATE    0.0
  SINCE SEP 1     66.2
  SNOW DEPTH       0

DEGREE DAYS
 HEATING
  YESTERDAY        0                         0      0        4
  MONTH TO DATE    0                         0      0       22
  SINCE JUN 1     10                        39    -29       34
  SINCE JUL 1      0                         0      0       22

 COOLING
  YESTERDAY        7                         6      1        0
  MONTH TO DATE  205                       180     25      150
  SINCE JUN 1    393                       291    102      321
  SINCE JAN 1    499                       332    167      396
..................................................................


WIND (MPH)
  HIGHEST WIND SPEED    16   HIGHEST WIND DIRECTION    NW (330)
  HIGHEST GUST SPEED    22   HIGHEST GUST DIRECTION    NW (330)
  AVERAGE WIND SPEED     5.7


SKY COVER
  POSSIBLE SUNSHINE  MM
  AVERAGE SKY COVER 0.4


WEATHER CONDITIONS
 THE FOLLOWING WEATHER WAS RECORDED YESTERDAY.
  LIGHT RAIN
  FOG
  HAZE


RELATIVE HUMIDITY (PERCENT)
 HIGHEST    97           600 AM
 LOWEST     54           400 PM
 AVERAGE    76

..........................................................


THE BECKLEY WV CLIMATE NORMALS FOR TODAY
                         NORMAL    RECORD    YEAR
 MAXIMUM TEMPERATURE (F)   80        93      1926
 MINIMUM TEMPERATURE (F)   61        45      1936


SUNRISE AND SUNSET
JULY 31 2015..........SUNRISE   627 AM EDT   SUNSET   834 PM EDT
AUGUST  1 2015........SUNRISE   628 AM EDT   SUNSET   833 PM EDT


-  INDICATES NEGATIVE NUMBERS.
R  INDICATES RECORD WAS SET OR TIED.
MM INDICATES DATA IS MISSING.
T  INDICATES TRACE AMOUNT.




$$
