000
CDUS41 KRLX 250727
CLIBKW


CLIMATE REPORT
NATIONAL WEATHER SERVICE CHARLESTON WV
325 AM EDT MON MAY 25 2015


...................................

...THE BECKLEY WV CLIMATE SUMMARY FOR MAY 24 2015...

CLIMATE NORMAL PERIOD 1981 TO 2010
CLIMATE RECORD PERIOD 1963 TO 2015


WEATHER ITEM   OBSERVED TIME   RECORD YEAR NORMAL DEPARTURE LAST
                VALUE   (LST)  VALUE       VALUE  FROM      YEAR
                                                  NORMAL
..................................................................
TEMPERATURE (F)
 YESTERDAY
  MAXIMUM         79    453 PM  90    1939  72      7       69
  MINIMUM         55    456 AM  31    1961  51      4       44
  AVERAGE         67                        62      5       57

PRECIPITATION (IN)
  YESTERDAY        0.00          1.60 1996   0.15  -0.15     0.00
  MONTH TO DATE    0.91                      3.57  -2.66     3.84
  SINCE JAN 1     19.71                     16.07   3.64    14.09

SNOWFALL (IN)
  YESTERDAY        0.0
  MONTH TO DATE    0.0
  SINCE SEP 1     66.2
  SNOW DEPTH       0

DEGREE DAYS
 HEATING
  YESTERDAY        0                         5     -5        8
  MONTH TO DATE   88                       165    -77      102
  SINCE MAR 1   1111                      1273   -162     1220
  SINCE JUL 1   5444                      5274    170     5428

 COOLING
  YESTERDAY        2                         1      1        0
  MONTH TO DATE   55                        18     37       49
  SINCE MAR 1     58                        28     30       54
  SINCE JAN 1     58                        28     30       54
..................................................................


WIND (MPH)
  HIGHEST WIND SPEED    14   HIGHEST WIND DIRECTION    SE (130)
  HIGHEST GUST SPEED    19   HIGHEST GUST DIRECTION     S (160)
  AVERAGE WIND SPEED     7.5


SKY COVER
  POSSIBLE SUNSHINE  MM
  AVERAGE SKY COVER 0.1


WEATHER CONDITIONS
 THE FOLLOWING WEATHER WAS RECORDED YESTERDAY.
  NO SIGNIFICANT WEATHER WAS OBSERVED.


RELATIVE HUMIDITY (PERCENT)
 HIGHEST    62          1200 AM
 LOWEST     32           400 PM
 AVERAGE    47

..........................................................


THE BECKLEY WV CLIMATE NORMALS FOR TODAY
                         NORMAL    RECORD    YEAR
 MAXIMUM TEMPERATURE (F)   72        86      1953
                                             1914
                                             1911
 MINIMUM TEMPERATURE (F)   52        28      1956


SUNRISE AND SUNSET
MAY 25 2015...........SUNRISE   608 AM EDT   SUNSET   836 PM EDT
MAY 26 2015...........SUNRISE   607 AM EDT   SUNSET   836 PM EDT


-  INDICATES NEGATIVE NUMBERS.
R  INDICATES RECORD WAS SET OR TIED.
MM INDICATES DATA IS MISSING.
T  INDICATES TRACE AMOUNT.




$$
