000
CDUS41 KRLX 040717
CLIBKW


CLIMATE REPORT
NATIONAL WEATHER SERVICE CHARLESTON WV
316 AM EDT FRI SEP 4 2015


...................................

...THE BECKLEY WV CLIMATE SUMMARY FOR SEPTEMBER 3 2015...

CLIMATE NORMAL PERIOD 1981 TO 2010
CLIMATE RECORD PERIOD 1963 TO 2015


WEATHER ITEM   OBSERVED TIME   RECORD YEAR NORMAL DEPARTURE LAST
                VALUE   (LST)  VALUE       VALUE  FROM      YEAR
                                                  NORMAL
..................................................................
TEMPERATURE (F)
 YESTERDAY
  MAXIMUM         82    416 PM  95    1953  77      5       80
  MINIMUM         62    506 AM  35    1940  58      4       65
  AVERAGE         72                        67      5       73

PRECIPITATION (IN)
  YESTERDAY        0.01          1.60 1922   0.10  -0.09     0.00
  MONTH TO DATE    0.01                      0.30  -0.29     1.26
  SINCE JAN 1     37.08                     29.96   7.12    25.76

SNOWFALL (IN)
  YESTERDAY        0.0
  MONTH TO DATE    0.0
  SINCE SEP 1      0.0
  SNOW DEPTH       0

DEGREE DAYS
 HEATING
  YESTERDAY        0                         1     -1        0
  MONTH TO DATE    0                         3     -3        0
  SINCE SEP 1      0                         3     -3        0
  SINCE JUL 1     12                        24    -12       29

 COOLING
  YESTERDAY        7                         4      3        8
  MONTH TO DATE   23                        12     11       30
  SINCE SEP 1     23                        12     11       30
  SINCE JAN 1    681                       505    176      554
..................................................................


WIND (MPH)
  HIGHEST WIND SPEED    13   HIGHEST WIND DIRECTION     N (10)
  HIGHEST GUST SPEED    17   HIGHEST GUST DIRECTION    NW (320)
  AVERAGE WIND SPEED     3.2


SKY COVER
  POSSIBLE SUNSHINE  MM
  AVERAGE SKY COVER 0.3


WEATHER CONDITIONS
 THE FOLLOWING WEATHER WAS RECORDED YESTERDAY.
  THUNDERSTORM
  LIGHT RAIN
  FOG
  HAZE


RELATIVE HUMIDITY (PERCENT)
 HIGHEST    93           200 AM
 LOWEST     58           200 PM
 AVERAGE    76

..........................................................


THE BECKLEY WV CLIMATE NORMALS FOR TODAY
                         NORMAL    RECORD    YEAR
 MAXIMUM TEMPERATURE (F)   77        90      1953
 MINIMUM TEMPERATURE (F)   57        31      1916


SUNRISE AND SUNSET
SEPTEMBER  4 2015.....SUNRISE   657 AM EDT   SUNSET   750 PM EDT
SEPTEMBER  5 2015.....SUNRISE   658 AM EDT   SUNSET   748 PM EDT


-  INDICATES NEGATIVE NUMBERS.
R  INDICATES RECORD WAS SET OR TIED.
MM INDICATES DATA IS MISSING.
T  INDICATES TRACE AMOUNT.




$$
