000
CDUS41 KRLX 260800
CLIBKW


CLIMATE REPORT
NATIONAL WEATHER SERVICE CHARLESTON WV
358 AM EDT FRI MAY 26 2017


...................................

...THE BECKLEY WV CLIMATE SUMMARY FOR MAY 25 2017...

CLIMATE NORMAL PERIOD 1981 TO 2010
CLIMATE RECORD PERIOD 1963 TO 2017


WEATHER ITEM   OBSERVED TIME   RECORD YEAR NORMAL DEPARTURE LAST
                VALUE   (LST)  VALUE       VALUE  FROM      YEAR
                                                  NORMAL
..................................................................
TEMPERATURE (F)
 YESTERDAY
  MAXIMUM         56   1111 AM  86    1953  72    -16       80
                                      1914
                                      1911
  MINIMUM         52    543 PM  28    1956  52      0       49
  AVERAGE         54                        62     -8       65

PRECIPITATION (IN)
  YESTERDAY        0.43          0.83 1902   0.16   0.27     0.00
  MONTH TO DATE    6.49                      3.73   2.76     6.52
  SINCE JAN 1     20.25                     16.23   4.02    17.04

SNOWFALL (IN)
  YESTERDAY        0.0
  MONTH TO DATE    0.0
  SINCE SEP 1     26.0
  SNOW DEPTH       0

DEGREE DAYS
 HEATING
  YESTERDAY       11                         5      6        0
  MONTH TO DATE  164                       170     -6      200
  SINCE MAR 1   1080                      1278   -198     1004
  SINCE JUL 1   4214                      5279  -1065     4379

 COOLING
  YESTERDAY        0                         1     -1        0
  MONTH TO DATE   29                        19     10        7
  SINCE MAR 1     60                        29     31       15
  SINCE JAN 1     60                        29     31       15
..................................................................


WIND (MPH)
  HIGHEST WIND SPEED    22   HIGHEST WIND DIRECTION     W (270)
  HIGHEST GUST SPEED    32   HIGHEST GUST DIRECTION     W (290)
  AVERAGE WIND SPEED     9.7


SKY COVER
  POSSIBLE SUNSHINE  MM
  AVERAGE SKY COVER 1.0


WEATHER CONDITIONS
 THE FOLLOWING WEATHER WAS RECORDED YESTERDAY.
  RAIN
  LIGHT RAIN
  FOG


RELATIVE HUMIDITY (PERCENT)
 HIGHEST   100           500 PM
 LOWEST     72           900 AM
 AVERAGE    86

..........................................................


THE BECKLEY WV CLIMATE NORMALS FOR TODAY
                         NORMAL    RECORD    YEAR
 MAXIMUM TEMPERATURE (F)   72        90      1926
 MINIMUM TEMPERATURE (F)   52        30      1934
                                             1897


SUNRISE AND SUNSET
MAY 26 2017...........SUNRISE   607 AM EDT   SUNSET   837 PM EDT
MAY 27 2017...........SUNRISE   606 AM EDT   SUNSET   837 PM EDT


-  INDICATES NEGATIVE NUMBERS.
R  INDICATES RECORD WAS SET OR TIED.
MM INDICATES DATA IS MISSING.
T  INDICATES TRACE AMOUNT.




$$
