000
CDUS41 KRLX 230817
CLIBKW


CLIMATE REPORT
NATIONAL WEATHER SERVICE CHARLESTON WV
316 AM EST FRI FEB 23 2018


...................................

...THE BECKLEY WV CLIMATE SUMMARY FOR FEBRUARY 22 2018...

CLIMATE NORMAL PERIOD 1981 TO 2010
CLIMATE RECORD PERIOD 1963 TO 2018


WEATHER ITEM   OBSERVED TIME   RECORD YEAR NORMAL DEPARTURE LAST
                VALUE   (LST)  VALUE       VALUE  FROM      YEAR
                                                  NORMAL
..................................................................
TEMPERATURE (F)
 YESTERDAY
  MAXIMUM         76R   102 PM  71    1916  45     31       55
  MINIMUM         53    242 AM -10    1963  27     26       46
  AVERAGE         65                        36     29       51

PRECIPITATION (IN)
  YESTERDAY        0.06          1.36 2003   0.10  -0.04     0.47
  MONTH TO DATE    6.30                      2.15   4.15     0.95
  SINCE JAN 1      8.62                      4.96   3.66     5.66

SNOWFALL (IN)
  YESTERDAY        0.0           6.3  2009   0.6   -0.6      0.0
  MONTH TO DATE    7.3                      13.5   -6.2      0.5
  SINCE SEP 1     29.0                      47.4  -18.4     18.8
  SNOW DEPTH       0

DEGREE DAYS
 HEATING
  YESTERDAY        0                        29    -29       14
  MONTH TO DATE  509                       687   -178      520
  SINCE DEC 1   2628                      2691    -63     2259
  SINCE JUL 1   3611                      3831   -220     3034

 COOLING
  YESTERDAY        0                         0      0        0
  MONTH TO DATE    0                         0      0        0
  SINCE DEC 1      0                         0      0        0
  SINCE JAN 1      0                         0      0        0
..................................................................


WIND (MPH)
  HIGHEST WIND SPEED    28   HIGHEST WIND DIRECTION    SW (240)
  HIGHEST GUST SPEED    39   HIGHEST GUST DIRECTION    SW (240)
  AVERAGE WIND SPEED     8.1


SKY COVER
  POSSIBLE SUNSHINE  MM
  AVERAGE SKY COVER 0.4


WEATHER CONDITIONS
 THE FOLLOWING WEATHER WAS RECORDED YESTERDAY.
  LIGHT RAIN
  FOG
  FOG W/VISIBILITY <= 1/4 MILE


RELATIVE HUMIDITY (PERCENT)
 HIGHEST   100           100 AM
 LOWEST     49          1200 PM
 AVERAGE    75

..........................................................


THE BECKLEY WV CLIMATE NORMALS FOR TODAY
                         NORMAL    RECORD    YEAR
 MAXIMUM TEMPERATURE (F)   45        72      1985
 MINIMUM TEMPERATURE (F)   27       -11      1963


SUNRISE AND SUNSET
FEBRUARY 23 2018......SUNRISE   704 AM EST   SUNSET   612 PM EST
FEBRUARY 24 2018......SUNRISE   703 AM EST   SUNSET   613 PM EST


-  INDICATES NEGATIVE NUMBERS.
R  INDICATES RECORD WAS SET OR TIED.
MM INDICATES DATA IS MISSING.
T  INDICATES TRACE AMOUNT.




$$
