000
CDUS41 KRLX 010818
CLIBKW


CLIMATE REPORT
NATIONAL WEATHER SERVICE CHARLESTON WV
317 AM EST SUN FEB 1 2015


...................................

...THE BECKLEY WV CLIMATE SUMMARY FOR JANUARY 31 2015...

CLIMATE NORMAL PERIOD 1981 TO 2010
CLIMATE RECORD PERIOD 1963 TO 2015


WEATHER ITEM   OBSERVED TIME   RECORD YEAR NORMAL DEPARTURE LAST
                VALUE   (LST)  VALUE       VALUE  FROM      YEAR
                                                  NORMAL
..................................................................
TEMPERATURE (F)
 YESTERDAY
  MAXIMUM         35    356 PM  73    2002  40     -5       41
  MINIMUM          7    617 AM -12    1897  24    -17       23
  AVERAGE         21                        32    -11       32

PRECIPITATION (IN)
  YESTERDAY        0.00          1.23 1950   0.09  -0.09     0.00
  MONTH TO DATE    2.23                      2.81  -0.58     1.94
  SINCE JAN 1      2.23                      2.81  -0.58     1.94

SNOWFALL (IN)
  YESTERDAY        0.0
  MONTH TO DATE   10.6
  SINCE SEP 1     15.0
  SNOW DEPTH       2

DEGREE DAYS
 HEATING
  YESTERDAY       44                        33     11       33
  MONTH TO DATE 1079                      1050     29     1241
  SINCE DEC 1   1931                      2004    -73     2097
  SINCE JUL 1   3172                      3144     28     3279

 COOLING
  YESTERDAY        0                         0      0        0
  MONTH TO DATE    0                         0      0        0
  SINCE DEC 1      0                         0      0        0
  SINCE JAN 1      0                         0      0        0
..................................................................


WIND (MPH)
  HIGHEST WIND SPEED    13   HIGHEST WIND DIRECTION    NW (300)
  HIGHEST GUST SPEED    16   HIGHEST GUST DIRECTION     W (290)
  AVERAGE WIND SPEED     5.8


SKY COVER
  POSSIBLE SUNSHINE  MM
  AVERAGE SKY COVER 0.0


WEATHER CONDITIONS
 THE FOLLOWING WEATHER WAS RECORDED YESTERDAY.
  NO SIGNIFICANT WEATHER WAS OBSERVED.


RELATIVE HUMIDITY (PERCENT)
 HIGHEST    83           300 AM
 LOWEST     36           200 PM
 AVERAGE    60

..........................................................


THE BECKLEY WV CLIMATE NORMALS FOR TODAY
                         NORMAL    RECORD    YEAR
 MAXIMUM TEMPERATURE (F)   40        68      1988
 MINIMUM TEMPERATURE (F)   24        -6      1899


SUNRISE AND SUNSET
FEBRUARY  1 2015......SUNRISE   729 AM EST   SUNSET   548 PM EST
FEBRUARY  2 2015......SUNRISE   728 AM EST   SUNSET   549 PM EST


-  INDICATES NEGATIVE NUMBERS.
R  INDICATES RECORD WAS SET OR TIED.
MM INDICATES DATA IS MISSING.
T  INDICATES TRACE AMOUNT.




$$
