000
CDUS41 KRLX 221258
CLIBKW


CLIMATE REPORT
NATIONAL WEATHER SERVICE CHARLESTON WV
756 AM EST MON DEC 22 2014


...................................

...THE BECKLEY WV CLIMATE SUMMARY FOR DECEMBER 21 2014...

CLIMATE NORMAL PERIOD 1981 TO 2010
CLIMATE RECORD PERIOD 1963 TO 2014


WEATHER ITEM   OBSERVED TIME   RECORD YEAR NORMAL DEPARTURE LAST
                VALUE   (LST)  VALUE       VALUE  FROM      YEAR
                                                  NORMAL
..................................................................
TEMPERATURE (F)
 YESTERDAY
  MAXIMUM         45    334 PM  67    2013  41      4       67
  MINIMUM         26    815 AM  -7    1942  25      1       54
  AVERAGE         36                        33      3       61

PRECIPITATION (IN)
  YESTERDAY        0.00          1.50 1911   0.09  -0.09      T
  MONTH TO DATE    1.88                      2.05  -0.17     3.68
  SINCE JAN 1     36.10                     40.24  -4.14    40.16

SNOWFALL (IN)
  YESTERDAY        0.0
  MONTH TO DATE    0.7
  SINCE SEP 1      4.4
  SNOW DEPTH       0

DEGREE DAYS
 HEATING
  YESTERDAY       29                        32     -3        4
  MONTH TO DATE  588                       624    -36      555
  SINCE DEC 1    588                       624    -36      555
  SINCE JUL 1   1829                      1764     65     1737

 COOLING
  YESTERDAY        0                         0      0        0
  MONTH TO DATE    0                         0      0        0
  SINCE DEC 1      0                         0      0        0
  SINCE JAN 1    602                       557     45      615
..................................................................


WIND (MPH)
  HIGHEST WIND SPEED    17   HIGHEST WIND DIRECTION    SE (140)
  HIGHEST GUST SPEED    24   HIGHEST GUST DIRECTION    SE (140)
  AVERAGE WIND SPEED     4.6


SKY COVER
  POSSIBLE SUNSHINE  MM
  AVERAGE SKY COVER 0.3


WEATHER CONDITIONS
 THE FOLLOWING WEATHER WAS RECORDED YESTERDAY.
  NO SIGNIFICANT WEATHER WAS OBSERVED.


RELATIVE HUMIDITY (PERCENT)
 HIGHEST    92           800 AM
 LOWEST     49           100 PM
 AVERAGE    71

..........................................................


THE BECKLEY WV CLIMATE NORMALS FOR TODAY
                         NORMAL    RECORD    YEAR
 MAXIMUM TEMPERATURE (F)   41        68      2013
 MINIMUM TEMPERATURE (F)   25       -13      1989


SUNRISE AND SUNSET
DECEMBER 22 2014......SUNRISE   737 AM EST   SUNSET   510 PM EST
DECEMBER 23 2014......SUNRISE   737 AM EST   SUNSET   510 PM EST


-  INDICATES NEGATIVE NUMBERS.
R  INDICATES RECORD WAS SET OR TIED.
MM INDICATES DATA IS MISSING.
T  INDICATES TRACE AMOUNT.




$$
