000
CDUS41 KRNK 230746
CLIBLF


CLIMATE REPORT
NATIONAL WEATHER SERVICE BLACKSBURG VA
345 AM EDT SAT SEP 23 2017


...................................

...THE BLUEFIELD WV CLIMATE SUMMARY FOR SEPTEMBER 22 2017...

CLIMATE NORMAL PERIOD 1981 TO 2010
CLIMATE RECORD PERIOD 1959 TO 2017


WEATHER ITEM   OBSERVED TIME   RECORD YEAR NORMAL DEPARTURE LAST
                VALUE   (LST)  VALUE       VALUE  FROM      YEAR
                                                  NORMAL
..................................................................
TEMPERATURE (F)
 YESTERDAY
  MAXIMUM         81    229 PM  85    2010  72      9       76
                                      2005
  MINIMUM         60    707 AM  36    1983  55      5       56
  AVERAGE         71                        64      7       66

PRECIPITATION (IN)
  YESTERDAY        0.00          2.39 1989   0.10  -0.10     0.00
  MONTH TO DATE    0.84                      2.29  -1.45     0.69
  SINCE SEP 1      0.84                      2.29  -1.45     0.69
  SINCE JAN 1     32.90                     30.68   2.22    27.58

SNOWFALL (IN)
  YESTERDAY        0.0                                       0.0
  MONTH TO DATE    0.0                                       0.0
  SINCE SEP 1      0.0                                       0.0
  SINCE JUL 1      0.0                                       0.0
  SNOW DEPTH       0

DEGREE DAYS
 HEATING
  YESTERDAY        0                         4     -4        0
  MONTH TO DATE  102                        36     66        8
  SINCE SEP 1    102                        36     66        8
  SINCE JUL 1    128                        42     86        8

 COOLING
  YESTERDAY        6                         2      4        1
  MONTH TO DATE   20                        85    -65       95
  SINCE SEP 1     20                        85    -65       95
  SINCE JAN 1    444                       819   -375      703
..................................................................


WIND (MPH)
  HIGHEST WIND SPEED    10   HIGHEST WIND DIRECTION     N (10)
  HIGHEST GUST SPEED    14   HIGHEST GUST DIRECTION     N (360)
  AVERAGE WIND SPEED     1.7


SKY COVER
  AVERAGE SKY COVER 0.2


WEATHER CONDITIONS
 THE FOLLOWING WEATHER WAS RECORDED YESTERDAY.
  FOG


RELATIVE HUMIDITY (PERCENT)
 HIGHEST   100           600 AM
 LOWEST     48           300 PM
 AVERAGE    74

..........................................................


THE BLUEFIELD WV CLIMATE NORMALS FOR TODAY
                         NORMAL    RECORD    YEAR
 MAXIMUM TEMPERATURE (F)   72        89      2010
 MINIMUM TEMPERATURE (F)   55        33      1989


SUNRISE AND SUNSET
SEPTEMBER 23 2017.....SUNRISE   714 AM EDT   SUNSET   720 PM EDT
SEPTEMBER 24 2017.....SUNRISE   714 AM EDT   SUNSET   718 PM EDT


-  INDICATES NEGATIVE NUMBERS.
R  INDICATES RECORD WAS SET OR TIED.
MM INDICATES DATA IS MISSING.
T  INDICATES TRACE AMOUNT.




$$
