000
CDUS41 KRNK 220527
CLIBLF


CLIMATE REPORT
NATIONAL WEATHER SERVICE BLACKSBURG VA
125 AM EDT SAT JUL 22 2017


...................................

...THE BLUEFIELD WV CLIMATE SUMMARY FOR JULY 21 2017...

CLIMATE NORMAL PERIOD 1981 TO 2010
CLIMATE RECORD PERIOD 1959 TO 2017


WEATHER ITEM   OBSERVED TIME   RECORD YEAR NORMAL DEPARTURE LAST
                VALUE   (LST)  VALUE       VALUE  FROM      YEAR
                                                  NORMAL
..................................................................
TEMPERATURE (F)
 YESTERDAY
  MAXIMUM         84    427 PM  91    2011  81      3       83
                                      1983
  MINIMUM         65    517 AM  50    1996  65      0       59
  AVERAGE         75                        73      2       71

PRECIPITATION (IN)
  YESTERDAY        T             1.20 1989   0.13  -0.13     0.00
  MONTH TO DATE    2.15                      2.89  -0.74     4.01
  SINCE JUN 1      6.31                      7.03  -0.72     7.41
  SINCE JAN 1     27.11                     23.85   3.26    22.17

SNOWFALL (IN)
  YESTERDAY        0.0                                       0.0
  MONTH TO DATE    0.0                                       0.0
  SINCE JUN 1      0.0                                       0.0
  SINCE JUL 1      0.0                                       0.0
  SNOW DEPTH       0

DEGREE DAYS
 HEATING
  YESTERDAY        0                         0      0        0
  MONTH TO DATE    0                         0      0        0
  SINCE JUN 1     45                        22     23       16
  SINCE JUL 1      0                         0      0        0

 COOLING
  YESTERDAY       10                         8      2        6
  MONTH TO DATE  140                       168    -28      137
  SINCE JUN 1    215                       334   -119      260
  SINCE JAN 1    267                       425   -158      287
..................................................................


WIND (MPH)
  HIGHEST WIND SPEED    16   HIGHEST WIND DIRECTION    NW (300)
  HIGHEST GUST SPEED    24   HIGHEST GUST DIRECTION    NW (300)
  AVERAGE WIND SPEED     6.3


SKY COVER
  AVERAGE SKY COVER 0.2


WEATHER CONDITIONS
 THE FOLLOWING WEATHER WAS RECORDED YESTERDAY.
  LIGHT RAIN


RELATIVE HUMIDITY (PERCENT)
 HIGHEST    87           300 AM
 LOWEST     55           600 PM
 AVERAGE    71

..........................................................


THE BLUEFIELD WV CLIMATE NORMALS FOR TODAY
                         NORMAL    RECORD    YEAR
 MAXIMUM TEMPERATURE (F)   81        92      2011
 MINIMUM TEMPERATURE (F)   65        56      2007
                                             1970


SUNRISE AND SUNSET
JULY 22 2017..........SUNRISE   622 AM EDT   SUNSET   841 PM EDT
JULY 23 2017..........SUNRISE   622 AM EDT   SUNSET   840 PM EDT


-  INDICATES NEGATIVE NUMBERS.
R  INDICATES RECORD WAS SET OR TIED.
MM INDICATES DATA IS MISSING.
T  INDICATES TRACE AMOUNT.




$$
