000
CDUS41 KRNK 160718
CLIBLF


CLIMATE REPORT
NATIONAL WEATHER SERVICE BLACKSBURG VA
215 AM EST TUE JAN 16 2018


...................................

...THE BLUEFIELD WV CLIMATE SUMMARY FOR JANUARY 15 2018...

CLIMATE NORMAL PERIOD 1981 TO 2010
CLIMATE RECORD PERIOD 1959 TO 2018


WEATHER ITEM   OBSERVED TIME   RECORD YEAR NORMAL DEPARTURE LAST
                VALUE   (LST)  VALUE       VALUE  FROM      YEAR
                                                  NORMAL
..................................................................
TEMPERATURE (F)
 YESTERDAY
  MAXIMUM         34    243 PM  65    2007  42     -8       48
  MINIMUM         13    627 AM  -9    1994  26    -13       41
  AVERAGE         24                        34    -10       45

PRECIPITATION (IN)
  YESTERDAY        0.00          1.46 1995   0.10  -0.10     0.10
  MONTH TO DATE    1.13                      1.42  -0.29     1.77
  SINCE DEC 1      2.09                      4.33  -2.24     4.97
  SINCE JAN 1      1.13                      1.42  -0.29     1.77

SNOWFALL (IN)
  YESTERDAY        0.0                                       0.0
  MONTH TO DATE    2.0                                       3.8
  SINCE DEC 1      5.7                                       9.7
  SINCE JUL 1      6.0                                       9.7
  SNOW DEPTH       0

DEGREE DAYS
 HEATING
  YESTERDAY       41                        31     10       20
  MONTH TO DATE  629                       465    164      441
  SINCE DEC 1   1621                      1327    294     1365
  SINCE JUL 1   2648                      2230    418     2141

 COOLING
  YESTERDAY        0                         0      0        0
  MONTH TO DATE    0                         0      0        0
  SINCE DEC 1      0                         0      0        0
  SINCE JAN 1      0                         0      0        0
..................................................................


WIND (MPH)
  HIGHEST WIND SPEED    21   HIGHEST WIND DIRECTION    SW (230)
  HIGHEST GUST SPEED    28   HIGHEST GUST DIRECTION    SW (230)
  AVERAGE WIND SPEED     5.4


SKY COVER
  AVERAGE SKY COVER 0.3


WEATHER CONDITIONS
 THE FOLLOWING WEATHER WAS RECORDED YESTERDAY.
  NO SIGNIFICANT WEATHER WAS OBSERVED.


RELATIVE HUMIDITY (PERCENT)
 HIGHEST    69           700 PM
 LOWEST     53           100 PM
 AVERAGE    61

..........................................................


THE BLUEFIELD WV CLIMATE NORMALS FOR TODAY
                         NORMAL    RECORD    YEAR
 MAXIMUM TEMPERATURE (F)   42        60      2017
                                             1990
 MINIMUM TEMPERATURE (F)   26       -13      1972


SUNRISE AND SUNSET
JANUARY 16 2018.......SUNRISE   737 AM EST   SUNSET   532 PM EST
JANUARY 17 2018.......SUNRISE   737 AM EST   SUNSET   533 PM EST


-  INDICATES NEGATIVE NUMBERS.
R  INDICATES RECORD WAS SET OR TIED.
MM INDICATES DATA IS MISSING.
T  INDICATES TRACE AMOUNT.

$$

RAB
