000
CDUS41 KRNK 290925
CLIBLF


CLIMATE REPORT
NATIONAL WEATHER SERVICE BLACKSBURG VA
523 AM EDT TUE JUL 29 2014


...................................

...THE BLUEFIELD WV CLIMATE SUMMARY FOR JULY 28 2014...

CLIMATE NORMAL PERIOD 1981 TO 2010
CLIMATE RECORD PERIOD 1959 TO 2014


WEATHER ITEM   OBSERVED TIME   RECORD YEAR NORMAL DEPARTURE LAST
                VALUE   (LST)  VALUE       VALUE  FROM      YEAR
                                                  NORMAL
..................................................................
TEMPERATURE (F)
 YESTERDAY
  MAXIMUM         70   1219 PM  90    2011  81    -11       78
                                      1993
  MINIMUM         61   1159 PM  54    1962  65     -4       61
  AVERAGE         66                        73     -7

PRECIPITATION (IN)
  YESTERDAY        0.12          2.23 1980   0.13  -0.01     0.01
  MONTH TO DATE    2.82                      3.81  -0.99     3.75
  SINCE JUN 1      6.42                      7.95  -1.53     8.58
  SINCE JAN 1     18.08                     24.77  -6.69    27.11

SNOWFALL (IN)
  YESTERDAY        0.0
  MONTH TO DATE    0.0
  SINCE JUN 1      0.0
  SINCE JUL 1      0.0
  SNOW DEPTH       0

DEGREE DAYS
 HEATING
  YESTERDAY        0                         0      0
  MONTH TO DATE    5                         0      5
  SINCE JUN 1      7                        22    -15
  SINCE JUL 1      5                         0      5

 COOLING
  YESTERDAY        1                         8     -7
  MONTH TO DATE  190                       224    -34
  SINCE JUN 1    411                       390     21
  SINCE JAN 1    540                       481     59
..................................................................


WIND (MPH)
  HIGHEST WIND SPEED    20   HIGHEST WIND DIRECTION     W (290)
  HIGHEST GUST SPEED    28   HIGHEST GUST DIRECTION    NW (310)
  AVERAGE WIND SPEED     9.8


SKY COVER
  POSSIBLE SUNSHINE  MM
  AVERAGE SKY COVER 0.8


WEATHER CONDITIONS
 THE FOLLOWING WEATHER WAS RECORDED YESTERDAY.
  RAIN
  LIGHT RAIN
  FOG


RELATIVE HUMIDITY (PERCENT)
 HIGHEST    87           300 AM
 LOWEST     61          1200 PM
 AVERAGE    74

..........................................................


THE BLUEFIELD WV CLIMATE NORMALS FOR TODAY
                         NORMAL    RECORD    YEAR
 MAXIMUM TEMPERATURE (F)   81        89      2011
 MINIMUM TEMPERATURE (F)   65        55      2013
                                             1992


SUNRISE AND SUNSET
JULY 29 2014..........SUNRISE   627 AM EDT   SUNSET   835 PM EDT
JULY 30 2014..........SUNRISE   628 AM EDT   SUNSET   834 PM EDT


-  INDICATES NEGATIVE NUMBERS.
R  INDICATES RECORD WAS SET OR TIED.
MM INDICATES DATA IS MISSING.
T  INDICATES TRACE AMOUNT.

REMARKS

DUE TO A POWER FAILURE CAUSING A MISSING LOW TEMPERATURE ON
MAY 30...THE SEASONAL TOTAL AND DEPARTURE FROM NORMAL FOR CDD WILL
BE CALCULATED WITHOUT DATA FROM THAT DATE.

$$

MBS
