426
CDUS41 KRNK 290830
CLIBLF


CLIMATE REPORT
NATIONAL WEATHER SERVICE BLACKSBURG VA
428 AM EDT MON MAY 29 2017


...................................

...THE BLUEFIELD WV CLIMATE SUMMARY FOR MAY 28 2017...

CLIMATE NORMAL PERIOD 1981 TO 2010
CLIMATE RECORD PERIOD 1959 TO 2017


WEATHER ITEM   OBSERVED TIME   RECORD YEAR NORMAL DEPARTURE LAST
                VALUE   (LST)  VALUE       VALUE  FROM      YEAR
                                                  NORMAL
..................................................................
TEMPERATURE (F)
 YESTERDAY
  MAXIMUM         72   1232 PM  86    2006  74     -2       79
  MINIMUM         58    651 AM  34    1994  56      2       61
  AVERAGE         65                        65      0       70

PRECIPITATION (IN)
  YESTERDAY        0.07          1.27 1981   0.15  -0.08     0.00
  MONTH TO DATE    6.64                      3.85   2.79     6.23
  SINCE MAR 1     14.85                     10.70   4.15     9.91
  SINCE JAN 1     20.66                     16.36   4.30    14.73

SNOWFALL (IN)
  YESTERDAY        0.0                                       0.0
  MONTH TO DATE    0.0                                       0.0
  SINCE MAR 1      3.3                                       2.6
  SINCE JUL 1     20.5                                      34.8
  SNOW DEPTH       0

DEGREE DAYS
 HEATING
  YESTERDAY        0                         3     -3        0
  MONTH TO DATE  185                       130     55      231
  SINCE MAR 1   1127                      1067     60     1053
  SINCE JUL 1   4259                      4560   -301     3866

 COOLING
  YESTERDAY        0                         3     -3        5
  MONTH TO DATE   29                        53    -24       15
  SINCE MAR 1     51                        81    -30       20
  SINCE JAN 1     51                        81    -30       20
..................................................................


WIND (MPH)
  HIGHEST WIND SPEED    14   HIGHEST WIND DIRECTION     W (270)
  HIGHEST GUST SPEED    17   HIGHEST GUST DIRECTION     W (260)
  AVERAGE WIND SPEED     6.7


SKY COVER
  AVERAGE SKY COVER 0.7


WEATHER CONDITIONS
 THE FOLLOWING WEATHER WAS RECORDED YESTERDAY.
  LIGHT RAIN
  FOG


RELATIVE HUMIDITY (PERCENT)
 HIGHEST    97           900 PM
 LOWEST     63           200 PM
 AVERAGE    80

..........................................................


THE BLUEFIELD WV CLIMATE NORMALS FOR TODAY
                         NORMAL    RECORD    YEAR
 MAXIMUM TEMPERATURE (F)   75        88      2006
 MINIMUM TEMPERATURE (F)   57        43      1971


SUNRISE AND SUNSET
MAY 29 2017...........SUNRISE   607 AM EDT   SUNSET   838 PM EDT
MAY 30 2017...........SUNRISE   607 AM EDT   SUNSET   839 PM EDT


-  INDICATES NEGATIVE NUMBERS.
R  INDICATES RECORD WAS SET OR TIED.
MM INDICATES DATA IS MISSING.
T  INDICATES TRACE AMOUNT.

REMARKS:
DUE TO A POWER OUTAGE CAUSING A MISSING HIGH TEMPERATURE ON NOVEMBER
10...THE SEASONAL HEATING DEGREE DAY TOTAL AND DEPARTURE FROM
NORMAL WILL BE CALCULATED WITHOUT DATA FROM THIS DATE.

$$

RCS
