000
CDUS43 KIND 200538
CLIBMG


CLIMATE REPORT
NATIONAL WEATHER SERVICE INDIANAPOLIS IN
1237 AM EST SAT JAN 20 2018


...................................

...THE BLOOMINGTON IN CLIMATE SUMMARY FOR JANUARY 19 2018...

CLIMATE NORMAL PERIOD 1981 TO 2010
CLIMATE RECORD PERIOD 9999 TO 9999


WEATHER ITEM   OBSERVED TIME   NORMAL DEPARTURE LAST
                VALUE   (LST)  VALUE  FROM      YEAR
                                      NORMAL
......................................................
TEMPERATURE (F)
 YESTERDAY
  MAXIMUM         42    445 PM  38      4       48
  MINIMUM         22    846 AM  20      2       34
  AVERAGE         32            29      3       41

PRECIPITATION (IN)
  YESTERDAY        0.00          0.08  -0.08     0.75
  MONTH TO DATE    1.62          2.32  -0.70     3.34
  SINCE DEC 1      2.81          5.86  -3.05     5.82
  SINCE JAN 1      1.62          2.32  -0.70     3.34

DEGREE DAYS
 HEATING
  YESTERDAY       33            36     -3       24
  MONTH TO DATE  863           684    179      599
  SINCE DEC 1   1899          1701    198     1625
  SINCE JUL 1   2816          2757     59     2308

 COOLING
  YESTERDAY        0             0      0        0
  MONTH TO DATE    0             0      0        0
  SINCE DEC 1      0             0      0        0
  SINCE JAN 1      0             0      0        0
......................................................


WIND (MPH)
  HIGHEST WIND SPEED    20   HIGHEST WIND DIRECTION    SW (230)
  HIGHEST GUST SPEED    27   HIGHEST GUST DIRECTION    SW (220)
  AVERAGE WIND SPEED    12.7


SKY COVER
  AVERAGE SKY COVER 0.0


WEATHER CONDITIONS
 THE FOLLOWING WEATHER WAS RECORDED YESTERDAY.
  NO SIGNIFICANT WEATHER WAS OBSERVED.


RELATIVE HUMIDITY (PERCENT)
 HIGHEST    65           900 AM
 LOWEST     40           200 PM
 AVERAGE    53

..........................................................


THE BLOOMINGTON IN CLIMATE NORMALS FOR TODAY
                         NORMAL
 MAXIMUM TEMPERATURE (F)   39
 MINIMUM TEMPERATURE (F)   20


SUNRISE AND SUNSET
JANUARY 20 2018.......SUNRISE   802 AM EST   SUNSET   554 PM EST
JANUARY 21 2018.......SUNRISE   801 AM EST   SUNSET   555 PM EST


-  INDICATES NEGATIVE NUMBERS.
R  INDICATES RECORD WAS SET OR TIED.
MM INDICATES DATA IS MISSING.
T  INDICATES TRACE AMOUNT.




$$
