000
CDUS43 KIND 260542
CLIBMG


CLIMATE REPORT
NATIONAL WEATHER SERVICE INDIANAPOLIS IN
141 AM EDT THU MAR 26 2015


...................................

...THE BLOOMINGTON IN CLIMATE SUMMARY FOR MARCH 25 2015...

CLIMATE NORMAL PERIOD 1981 TO 2010
CLIMATE RECORD PERIOD 9999 TO 9999


WEATHER ITEM   OBSERVED TIME   NORMAL DEPARTURE LAST
                VALUE   (LST)  VALUE  FROM      YEAR
                                      NORMAL
......................................................
TEMPERATURE (F)
 YESTERDAY
  MAXIMUM         58    350 PM  58      0       35
  MINIMUM         43   1239 AM  35      8       23
  AVERAGE         51            46      5       29

PRECIPITATION (IN)
  YESTERDAY        0.47          0.15   0.32      T
  MONTH TO DATE    3.85          2.86   0.99     0.90
  SINCE MAR 1      3.85          2.86   0.99     0.90
  SINCE JAN 1      7.42          8.93  -1.51     5.55

DEGREE DAYS
 HEATING
  YESTERDAY       14            19     -5       36
  MONTH TO DATE  595           583     12      702
  SINCE MAR 1    595           583     12      702
  SINCE JUL 1   5166          4651    515     5264

 COOLING
  YESTERDAY        0             0      0        0
  MONTH TO DATE    0             0      0        0
  SINCE MAR 1      0             0      0        0
  SINCE JAN 1      0             0      0        0
......................................................


WIND (MPH)
  HIGHEST WIND SPEED    23   HIGHEST WIND DIRECTION     W (250)
  HIGHEST GUST SPEED    31   HIGHEST GUST DIRECTION     W (260)
  AVERAGE WIND SPEED     7.8


SKY COVER
  AVERAGE SKY COVER 0.6


WEATHER CONDITIONS
 THE FOLLOWING WEATHER WAS RECORDED YESTERDAY.
  THUNDERSTORM
  HEAVY RAIN
  RAIN
  LIGHT RAIN
  FOG


RELATIVE HUMIDITY (PERCENT)
 HIGHEST    93           500 AM
 LOWEST     62           400 PM
 AVERAGE    78

..........................................................


THE BLOOMINGTON IN CLIMATE NORMALS FOR TODAY
                         NORMAL
 MAXIMUM TEMPERATURE (F)   58
 MINIMUM TEMPERATURE (F)   35


SUNRISE AND SUNSET
MARCH 26 2015.........SUNRISE   741 AM EDT   SUNSET   804 PM EDT
MARCH 27 2015.........SUNRISE   739 AM EDT   SUNSET   805 PM EDT


-  INDICATES NEGATIVE NUMBERS.
R  INDICATES RECORD WAS SET OR TIED.
MM INDICATES DATA IS MISSING.
T  INDICATES TRACE AMOUNT.




$$
