000
CDUS43 KIND 250546
CLIBMG


CLIMATE REPORT
NATIONAL WEATHER SERVICE INDIANAPOLIS IN
146 AM EDT THU AUG 25 2016


...................................

...THE BLOOMINGTON IN CLIMATE SUMMARY FOR AUGUST 24 2016...

CLIMATE NORMAL PERIOD 1981 TO 2010
CLIMATE RECORD PERIOD 9999 TO 9999


WEATHER ITEM   OBSERVED TIME   NORMAL DEPARTURE LAST
                VALUE   (LST)  VALUE  FROM      YEAR
                                      NORMAL
......................................................
TEMPERATURE (F)
 YESTERDAY
  MAXIMUM         87    126 PM  84      3       76
  MINIMUM         68    507 AM  61      7       53
  AVERAGE         78            72      6       65

PRECIPITATION (IN)
  YESTERDAY        0.21          0.12   0.09     0.00
  MONTH TO DATE    6.81          2.61   4.20     4.17
  SINCE JUN 1     16.79         12.39   4.40    20.89
  SINCE JAN 1     35.39         32.28   3.11    35.45

DEGREE DAYS
 HEATING
  YESTERDAY        0             0      0        0
  MONTH TO DATE    0             0      0        0
  SINCE JUN 1      4            17    -13       17
  SINCE JUL 1      3             2      1        0

 COOLING
  YESTERDAY       13             8      5        0
  MONTH TO DATE  264           207     57      176
  SINCE JUN 1    884           691    193      720
  SINCE JAN 1    974           773    201      847
......................................................


WIND (MPH)
  HIGHEST WIND SPEED    20   HIGHEST WIND DIRECTION     S (190)
  HIGHEST GUST SPEED    26   HIGHEST GUST DIRECTION    SW (210)
  AVERAGE WIND SPEED     8.7


SKY COVER
  AVERAGE SKY COVER 0.4


WEATHER CONDITIONS
 THE FOLLOWING WEATHER WAS RECORDED YESTERDAY.
  THUNDERSTORM
  HEAVY RAIN
  LIGHT RAIN
  FOG
  HAZE


RELATIVE HUMIDITY (PERCENT)
 HIGHEST    85          1000 PM
 LOWEST     65           100 PM
 AVERAGE    75

..........................................................


THE BLOOMINGTON IN CLIMATE NORMALS FOR TODAY
                         NORMAL
 MAXIMUM TEMPERATURE (F)   84
 MINIMUM TEMPERATURE (F)   60


SUNRISE AND SUNSET
AUGUST 25 2016........SUNRISE   709 AM EDT   SUNSET   827 PM EDT
AUGUST 26 2016........SUNRISE   710 AM EDT   SUNSET   825 PM EDT


-  INDICATES NEGATIVE NUMBERS.
R  INDICATES RECORD WAS SET OR TIED.
MM INDICATES DATA IS MISSING.
T  INDICATES TRACE AMOUNT.




$$
