000
CDUS43 KIND 240532
CLIBMG


CLIMATE REPORT
NATIONAL WEATHER SERVICE INDIANAPOLIS IN
132 AM EDT WED MAY 24 2017


...................................

...THE BLOOMINGTON IN CLIMATE SUMMARY FOR MAY 23 2017...

CLIMATE NORMAL PERIOD 1981 TO 2010
CLIMATE RECORD PERIOD 9999 TO 9999


WEATHER ITEM   OBSERVED TIME   NORMAL DEPARTURE LAST
                VALUE   (LST)  VALUE  FROM      YEAR
                                      NORMAL
......................................................
TEMPERATURE (F)
 YESTERDAY
  MAXIMUM         73    506 PM  76     -3       79
  MINIMUM         54    535 AM  54      0       47
  AVERAGE         64            65     -1       63

PRECIPITATION (IN)
  YESTERDAY        0.00          0.16  -0.16     0.00
  MONTH TO DATE    5.78          3.94   1.84     2.37
  SINCE MAR 1     16.34         12.52   3.82    12.43
  SINCE JAN 1     21.38         18.59   2.79    17.64

DEGREE DAYS
 HEATING
  YESTERDAY        1             3     -2        2
  MONTH TO DATE  126           118      8      148
  SINCE MAR 1    920          1164   -244      955
  SINCE JUL 1   4107          5232  -1125     4275

 COOLING
  YESTERDAY        0             3     -3        0
  MONTH TO DATE   60            38     22        9
  SINCE MAR 1    105            57     48       23
  SINCE JAN 1    105            57     48       23
......................................................


WIND (MPH)
  HIGHEST WIND SPEED    10   HIGHEST WIND DIRECTION    SE (120)
  HIGHEST GUST SPEED    17   HIGHEST GUST DIRECTION    SE (120)
  AVERAGE WIND SPEED     3.3


SKY COVER
  AVERAGE SKY COVER 0.2


WEATHER CONDITIONS
 THE FOLLOWING WEATHER WAS RECORDED YESTERDAY.
  NO SIGNIFICANT WEATHER WAS OBSERVED.


RELATIVE HUMIDITY (PERCENT)
 HIGHEST    83           300 AM
 LOWEST     40           200 PM
 AVERAGE    62

..........................................................


THE BLOOMINGTON IN CLIMATE NORMALS FOR TODAY
                         NORMAL
 MAXIMUM TEMPERATURE (F)   76
 MINIMUM TEMPERATURE (F)   54


SUNRISE AND SUNSET
MAY 24 2017...........SUNRISE   626 AM EDT   SUNSET   901 PM EDT
MAY 25 2017...........SUNRISE   626 AM EDT   SUNSET   902 PM EDT


-  INDICATES NEGATIVE NUMBERS.
R  INDICATES RECORD WAS SET OR TIED.
MM INDICATES DATA IS MISSING.
T  INDICATES TRACE AMOUNT.




$$
