000
CDUS44 KOHX 011220
CLIBNA

CLIMATE REPORT
NATIONAL WEATHER SERVICE NASHVILLE TN
720 AM CDT WED OCT 1 2014


...................................

...THE NASHVILLE CLIMATE SUMMARY FOR SEPTEMBER 30 2014...

CLIMATE NORMAL PERIOD 1981 TO 2010
CLIMATE RECORD PERIOD 1871 TO 2014


WEATHER ITEM   OBSERVED TIME   RECORD YEAR NORMAL DEPARTURE
                VALUE   (LST)  VALUE       VALUE  FROM
                                                  NORMAL
...............................................................
TEMPERATURE (F)
 YESTERDAY
  MAXIMUM         88    234 PM  93    1953  77     11
                                      1941
  MINIMUM         58    612 AM  36    1949  55      3
  AVERAGE         73                        66      7

PRECIPITATION (IN)
  YESTERDAY        0.00          2.71 1915   0.12  -0.12
  MONTH TO DATE    0.21                      3.41  -3.20
  SINCE SEP 1      0.21                      3.41  -3.20
  SINCE JAN 1     35.61                     35.66  -0.05

SNOWFALL (IN)
  YESTERDAY        0.0           0.0  2002   0.0    0.0
                                      2001
                                      2000
  MONTH TO DATE    0.0                       0.0    0.0
  SINCE SEP 1      0.0                       0.0    0.0
  SINCE JUL 1      0.0                       0.0    0.0
  SNOW DEPTH       0

DEGREE DAYS
 HEATING
  YESTERDAY        0                               -3
  MONTH TO DATE    3                              -20
  SINCE SEP 1      3                              -21
  SINCE JUL 1      3                              -21

 COOLING
  YESTERDAY        8                                5
  MONTH TO DATE  242                               22
  SINCE SEP 1    242                               22
  SINCE JAN 1   1731                              137
...............................................................


WIND (MPH)
  HIGHEST WIND SPEED    12   HIGHEST WIND DIRECTION     N (360)
  HIGHEST GUST SPEED    17   HIGHEST GUST DIRECTION     N (10)
  AVERAGE WIND SPEED     2.9




RELATIVE HUMIDITY (PERCENT)
 HIGHEST    97
 LOWEST     26
 AVERAGE    62

..........................................................
LOW SINCE MIDNIGHT......................................57
RAIN SINCE MIDNIGHT...................................0.00

THE NASHVILLE CLIMATE NORMALS FOR TODAY
                         NORMAL    RECORD    YEAR
 MAXIMUM TEMPERATURE (F)   77        94      1953
 MINIMUM TEMPERATURE (F)   54        36      1924


SUNRISE AND SUNSET
OCTOBER  1 2014.......SUNRISE   642 AM CDT   SUNSET   630 PM CDT
OCTOBER  2 2014.......SUNRISE   643 AM CDT   SUNSET   629 PM CDT


-  INDICATES NEGATIVE NUMBERS.
R  INDICATES RECORD WAS SET OR TIED.
MM INDICATES DATA IS MISSING.
T  INDICATES TRACE AMOUNT.




$$
