000
CDUS44 KOHX 200037
CLIBNA

CLIMATE REPORT
NATIONAL WEATHER SERVICE NASHVILLE TN
636 PM CST FRI DEC 19 2014


...................................

...THE NASHVILLE CLIMATE SUMMARY FOR DECEMBER 19 2014...
VALID TODAY AS OF 0600 PM LOCAL TIME.

CLIMATE NORMAL PERIOD 1981 TO 2010
CLIMATE RECORD PERIOD 1871 TO 2014


WEATHER ITEM   OBSERVED TIME   RECORD YEAR NORMAL DEPARTURE
                VALUE   (LST)  VALUE       VALUE  FROM
                                                  NORMAL
...............................................................
TEMPERATURE (F)
 TODAY
  MAXIMUM         41    331 PM  73    2008  48     -7
                                      1889
  MINIMUM         35    801 AM   1    1884  31      4
  AVERAGE         38                        40     -2

PRECIPITATION (IN)
  TODAY            0.00          2.14 1903   0.12  -0.12
  MONTH TO DATE    1.63                      2.80  -1.17
  SINCE DEC 1      1.63                      2.80  -1.17
  SINCE JAN 1     49.01                     45.81   3.20

SNOWFALL (IN)
  TODAY            0.0           1.2  1929   0.0    0.0
  MONTH TO DATE    0.0                       0.2   -0.2
  SINCE DEC 1      0.0                       0.2   -0.2
  SINCE JUL 1      0.2                       0.2    0.0
  SNOW DEPTH       0

DEGREE DAYS
 HEATING
  TODAY           27                                1
  MONTH TO DATE  408                              -38
  SINCE DEC 1    408                              -38
  SINCE JUL 1   1182                               62

 COOLING
  TODAY            0                                0
  MONTH TO DATE    0                                0
  SINCE DEC 1      0                                0
  SINCE JAN 1   1803                              158
...............................................................


WIND (MPH)
  HIGHEST WIND SPEED    10   HIGHEST WIND DIRECTION    NE (50)
  HIGHEST GUST SPEED    17   HIGHEST GUST DIRECTION    NW (330)
  AVERAGE WIND SPEED     6.1




RELATIVE HUMIDITY (PERCENT)
 HIGHEST    89
 LOWEST     55
 AVERAGE    72

..........................................................


THE NASHVILLE CLIMATE NORMALS FOR TOMORROW
                         NORMAL    RECORD    YEAR
 MAXIMUM TEMPERATURE (F)   48        69      1978
                                             1971
                                             1949
 MINIMUM TEMPERATURE (F)   30        -2      1901


SUNRISE AND SUNSET
DECEMBER 19 2014......SUNRISE   653 AM CST   SUNSET   435 PM CST
DECEMBER 20 2014......SUNRISE   653 AM CST   SUNSET   435 PM CST


-  INDICATES NEGATIVE NUMBERS.
R  INDICATES RECORD WAS SET OR TIED.
MM INDICATES DATA IS MISSING.
T  INDICATES TRACE AMOUNT.




$$
