000
CDUS44 KOHX 231238
CLIBNA

MEMCLIOHX 000
TTAA00 KOHX 230739


CLIMATE REPORT
NATIONAL WEATHER SERVICE NASHVILLE TN
739 AM CDT WED JUL 23 2014


...................................

...THE NASHVILLE CLIMATE SUMMARY FOR JULY 22 2014...

CLIMATE NORMAL PERIOD 1981 TO 2010
CLIMATE RECORD PERIOD 1871 TO 2014


WEATHER ITEM   OBSERVED TIME   RECORD YEAR NORMAL DEPARTURE LAST
                VALUE   (LST)  VALUE       VALUE  FROM      YEAR
                                                  NORMAL
..................................................................
TEMPERATURE (F)
 YESTERDAY
  MAXIMUM         92    315 PM 103    1952  89      3       79
  MINIMUM         72    543 AM  54    1944  70      2       72
  AVERAGE         82                        80      2       76

PRECIPITATION (IN)
  YESTERDAY        0.00          2.69 1958   0.12  -0.12     0.43
  MONTH TO DATE    2.06                      2.65  -0.59     6.09
  SINCE JUN 1      7.79                      6.79   1.00    10.57
  SINCE JAN 1     29.61                     28.09   1.52    35.01

SNOWFALL (IN)
  YESTERDAY        0.0           0.0  2002   0.0    0.0      0.0
                                      2001
  MONTH TO DATE    0.0                       0.0    0.0      0.0
  SINCE JUN 1      0.0                       0.0    0.0      0.0
  SINCE JUL 1      0.0                       0.0    0.0      0.0
  SNOW DEPTH       0

DEGREE DAYS
 HEATING
  YESTERDAY        0                         0      0        0
  MONTH TO DATE    0                         0      0        0
  SINCE JUN 1      0                         3     -3        0
  SINCE JUL 1      0                         0      0        0

 COOLING
  YESTERDAY       17                        15      2       11
  MONTH TO DATE  268                       318    -50      306
  SINCE JUN 1    661                       642     19      676
  SINCE JAN 1    925                       821    104      883
..................................................................


WIND (MPH)
  HIGHEST WIND SPEED    12   HIGHEST WIND DIRECTION     S (180)
  HIGHEST GUST SPEED    17   HIGHEST GUST DIRECTION    SW (230)
  AVERAGE WIND SPEED     3.2


SKY COVER
  POSSIBLE SUNSHINE  MM
  AVERAGE SKY COVER 0.6


WEATHER CONDITIONS
 THE FOLLOWING WEATHER WAS RECORDED YESTERDAY.
  NO SIGNIFICANT WEATHER WAS OBSERVED.


RELATIVE HUMIDITY (PERCENT)
 HIGHEST    93
 LOWEST     52
 AVERAGE    73

..........................................................


THE NASHVILLE CLIMATE NORMALS FOR TODAY
                         NORMAL    RECORD    YEAR
 MAXIMUM TEMPERATURE (F)   89       103      1952
                                             1934
 MINIMUM TEMPERATURE (F)   70        51      1947


SUNRISE AND SUNSET
JULY 23 2014..........SUNRISE   547 AM CDT   SUNSET   759 PM CDT
JULY 24 2014..........SUNRISE   548 AM CDT   SUNSET   758 PM CDT


-  INDICATES NEGATIVE NUMBERS.
R  INDICATES RECORD WAS SET OR TIED.
MM INDICATES DATA IS MISSING.
T  INDICATES TRACE AMOUNT.

&&
THE LOW THIS MORNING WAS 72 DEGREES.
THERE HAS BEEN NO RAINFALL SINCE MIDNIGHT.



$$
