000
CDUS44 KOHX 051403
CLIBNA

CLIMATE REPORT
NATIONAL WEATHER SERVICE NASHVILLE TN
904 AM CDT SAT SEP 5 2015


...................................

...THE NASHVILLE CLIMATE SUMMARY FOR SEPTEMBER 4 2015...

CLIMATE NORMAL PERIOD 1981 TO 2010
CLIMATE RECORD PERIOD 1871 TO 2015


WEATHER ITEM   OBSERVED TIME   RECORD YEAR NORMAL DEPARTURE
                VALUE   (LST)  VALUE       VALUE  FROM
                                                  NORMAL
...............................................................
TEMPERATURE (F)
 YESTERDAY
  MAXIMUM         95    307 PM 104    1954  86      9
  MINIMUM         71    502 AM  50    1952  65      6
  AVERAGE         83                        76      7

PRECIPITATION (IN)
  YESTERDAY        0.00          1.91 1909   0.10  -0.10
  MONTH TO DATE    0.00                      0.39  -0.39
  SINCE SEP 1      0.00                      0.39  -0.39
  SINCE JAN 1     34.44                     32.64   1.80

SNOWFALL (IN)
  YESTERDAY        0.0           0.0  2002   0.0    0.0
                                      2001
                                      2000
  MONTH TO DATE    0.0                       0.0    0.0
  SINCE SEP 1      0.0                       0.0    0.0
  SINCE JUL 1      0.0                       0.0    0.0
  SNOW DEPTH       0

DEGREE DAYS
 HEATING
  YESTERDAY        0                                0
  MONTH TO DATE    0                                0
  SINCE SEP 1      0                                0
  SINCE JUL 1      0                                0

 COOLING
  YESTERDAY       18                                7
  MONTH TO DATE   68                               23
  SINCE SEP 1     68                               23
  SINCE JAN 1   1603                              184
...............................................................


WIND (MPH)
  HIGHEST WIND SPEED    10   HIGHEST WIND DIRECTION     E (80)
  HIGHEST GUST SPEED    20   HIGHEST GUST DIRECTION    SE (120)
  AVERAGE WIND SPEED     1.9




RELATIVE HUMIDITY (PERCENT)
 HIGHEST    90
 LOWEST     33
 AVERAGE    62

..........................................................


THE NASHVILLE CLIMATE NORMALS FOR TODAY
                         NORMAL    RECORD    YEAR
 MAXIMUM TEMPERATURE (F)   86       105      1954
 MINIMUM TEMPERATURE (F)   65        48      1997


SUNRISE AND SUNSET
SEPTEMBER  5 2015.....SUNRISE   621 AM CDT   SUNSET   709 PM CDT
SEPTEMBER  6 2015.....SUNRISE   622 AM CDT   SUNSET   708 PM CDT


-  INDICATES NEGATIVE NUMBERS.
R  INDICATES RECORD WAS SET OR TIED.
MM INDICATES DATA IS MISSING.
T  INDICATES TRACE AMOUNT.

&&

THE LOW THIS MORNING WAS 70 DEGREES.
THERE HAS BEEN NO RAINFALL SINCE MIDNIGHT.


$$
