000
CDUS44 KOHX 220715
CLIBNA


CLIMATE REPORT
NATIONAL WEATHER SERVICE NASHVILLE TN
114 AM CST WED FEB 22 2017


...................................

...THE NASHVILLE CLIMATE SUMMARY FOR FEBRUARY 21 2017...

CLIMATE NORMAL PERIOD 1981 TO 2010
CLIMATE RECORD PERIOD 1871 TO 2017


WEATHER ITEM   OBSERVED TIME   RECORD YEAR NORMAL DEPARTURE
                VALUE   (LST)  VALUE       VALUE  FROM
                                                  NORMAL
...............................................................
TEMPERATURE (F)
 YESTERDAY
  MAXIMUM         71    151 PM  76    1897  54     17
  MINIMUM         56    454 AM   6    1963  33     23
  AVERAGE         64                        43     21

PRECIPITATION (IN)
  YESTERDAY        0.03          2.78 1874   0.14  -0.11
  MONTH TO DATE    1.40                      2.94  -1.54
  SINCE JAN 1      4.74                      6.69  -1.95

SNOWFALL (IN)
  YESTERDAY        0.0           8.0  1929
  MONTH TO DATE    0.0
  SINCE DEC 1      0.7
  SINCE JUL 1      0.7

DEGREE DAYS
 HEATING
  YESTERDAY        1                              -21
  MONTH TO DATE  326                             -183
  SINCE DEC 1   1555                             -565
  SINCE JUL 1   1909                             -885

 COOLING
  YESTERDAY        0                                0
  MONTH TO DATE    0                                0
  SINCE DEC 1      4                                3
  SINCE JAN 1      0                                0
...............................................................


WIND (MPH)
  HIGHEST WIND SPEED    26   HIGHEST WIND DIRECTION     S (160)
  HIGHEST GUST SPEED    36   HIGHEST GUST DIRECTION     S (180)
  AVERAGE WIND SPEED     8.9




RELATIVE HUMIDITY (PERCENT)
 HIGHEST    93
 LOWEST     53

..........................................................


THE NASHVILLE CLIMATE NORMALS FOR TODAY
                         NORMAL    RECORD    YEAR
 MAXIMUM TEMPERATURE (F)   54        74      1897
 MINIMUM TEMPERATURE (F)   33         2      1963


SUNRISE AND SUNSET
FEBRUARY 22 2017......SUNRISE   626 AM CST   SUNSET   535 PM CST
FEBRUARY 23 2017......SUNRISE   624 AM CST   SUNSET   536 PM CST


-  INDICATES NEGATIVE NUMBERS.
R  INDICATES RECORD WAS SET OR TIED.
MM INDICATES DATA IS MISSING.
T  INDICATES TRACE AMOUNT.




$$
