000
CDUS44 KOHX 271253
CLIBNA

CLIMATE REPORT
NATIONAL WEATHER SERVICE NASHVILLE TN
751 AM CDT WED MAY 27 2015


...................................

...THE NASHVILLE CLIMATE SUMMARY FOR MAY 26 2015...

CLIMATE NORMAL PERIOD 1981 TO 2010
CLIMATE RECORD PERIOD 1871 TO 2015


WEATHER ITEM   OBSERVED TIME   RECORD YEAR NORMAL DEPARTURE
                VALUE   (LST)  VALUE       VALUE  FROM
                                                  NORMAL
...............................................................
TEMPERATURE (F)
 YESTERDAY
  MAXIMUM         80    111 PM  95    2012  81     -1
  MINIMUM         65    452 AM  44    1961  60      5
  AVERAGE         73                        70      3

PRECIPITATION (IN)
  YESTERDAY        0.63          2.23 1917   0.16   0.47
  MONTH TO DATE    2.46                      4.68  -2.22
  SINCE MAR 1     13.08                     12.79   0.29
  SINCE JAN 1     19.90                     20.48  -0.58

SNOWFALL (IN)
  YESTERDAY        0.0           0.0  2002   0.0    0.0
                                      2001
  MONTH TO DATE    0.0                       0.0    0.0
  SINCE MAR 1      2.9                       0.9    2.0
  SINCE JUL 1      6.1                       6.3   -0.2
  SNOW DEPTH       0

DEGREE DAYS
 HEATING
  YESTERDAY        0                               -1
  MONTH TO DATE   24                              -29
  SINCE MAR 1    588                             -155
  SINCE JUL 1   3778                               97

 COOLING
  YESTERDAY        8                                2
  MONTH TO DATE  161                               61
  SINCE MAR 1    203                               58
  SINCE JAN 1    203                               58
...............................................................


WIND (MPH)
  HIGHEST WIND SPEED    25   HIGHEST WIND DIRECTION     S (180)
  HIGHEST GUST SPEED    29   HIGHEST GUST DIRECTION     S (190)
  AVERAGE WIND SPEED     8.9




RELATIVE HUMIDITY (PERCENT)
 HIGHEST    93
 LOWEST     71
 AVERAGE    82

..........................................................


THE NASHVILLE CLIMATE NORMALS FOR TODAY
                         NORMAL    RECORD    YEAR
 MAXIMUM TEMPERATURE (F)   81        95      2012
                                             1911
 MINIMUM TEMPERATURE (F)   60        38      1961


SUNRISE AND SUNSET
MAY 27 2015...........SUNRISE   533 AM CDT   SUNSET   755 PM CDT
MAY 28 2015...........SUNRISE   533 AM CDT   SUNSET   756 PM CDT


-  INDICATES NEGATIVE NUMBERS.
R  INDICATES RECORD WAS SET OR TIED.
MM INDICATES DATA IS MISSING.
T  INDICATES TRACE AMOUNT.

&&

THE LOW THIS MORNING WAS 67 DEGREES.
THERE HAS BEEN NO RAINFALL SINCE MIDNIGHT.


$$
