000
CDUS44 KOHX 142240
CLIBNA


CLIMATE REPORT
NATIONAL WEATHER SERVICE NASHVILLE TN
439 PM CST THU DEC 14 2017


...................................

...THE NASHVILLE CLIMATE SUMMARY FOR DECEMBER 14 2017...
VALID TODAY AS OF 0400 PM LOCAL TIME.

CLIMATE NORMAL PERIOD 1981 TO 2010
CLIMATE RECORD PERIOD 1871 TO 2017


WEATHER ITEM   OBSERVED TIME   RECORD YEAR NORMAL DEPARTURE
                VALUE   (LST)  VALUE       VALUE  FROM
                                                  NORMAL
...............................................................
TEMPERATURE (F)
 TODAY
  MAXIMUM         48   1224 AM  76    1984  50     -2
  MINIMUM         36    715 AM   5    1917  31      5
                                      1901
  AVERAGE         42                        40      2

PRECIPITATION (IN)
  TODAY            0.00          2.91 1951   0.15  -0.15
  MONTH TO DATE    0.48                      2.15  -1.67
  SINCE JAN 1     48.84                     45.16   3.68

SNOWFALL (IN)
  TODAY            0.0           3.0  1953
  MONTH TO DATE    0.0
  SINCE DEC 1      0.0
  SINCE JUL 1      0.0

DEGREE DAYS
 HEATING
  TODAY           23                               -2
  MONTH TO DATE  311                               -9
  SINCE DEC 1    311                               -9
  SINCE JUL 1    885                             -109

 COOLING
  TODAY            0                                0
  MONTH TO DATE    0                                0
  SINCE DEC 1      0                                0
  SINCE JAN 1   1923                              278
...............................................................


WIND (MPH)
  HIGHEST WIND SPEED    16   HIGHEST WIND DIRECTION     N (10)
  HIGHEST GUST SPEED    20   HIGHEST GUST DIRECTION     N (360)
  AVERAGE WIND SPEED     8.0




RELATIVE HUMIDITY (PERCENT)
 HIGHEST    70
 LOWEST     39
 AVERAGE    55

..........................................................


THE NASHVILLE CLIMATE NORMALS FOR TOMORROW
                         NORMAL    RECORD    YEAR
 MAXIMUM TEMPERATURE (F)   49        74      1984
 MINIMUM TEMPERATURE (F)   31        -2      1901


SUNRISE AND SUNSET
DECEMBER 14 2017......SUNRISE   650 AM CST   SUNSET   433 PM CST
DECEMBER 15 2017......SUNRISE   650 AM CST   SUNSET   434 PM CST


-  INDICATES NEGATIVE NUMBERS.
R  INDICATES RECORD WAS SET OR TIED.
MM INDICATES DATA IS MISSING.
T  INDICATES TRACE AMOUNT.




$$
