000
CDUS44 KOHX 261430
CLIBNA


CLIMATE REPORT
NATIONAL WEATHER SERVICE NASHVILLE TN
929 AM CDT THU MAY 26 2016


...................................

...THE NASHVILLE CLIMATE SUMMARY FOR MAY 26 2016...
VALID AS OF 0900 AM LOCAL TIME.

CLIMATE NORMAL PERIOD 1981 TO 2010
CLIMATE RECORD PERIOD 1871 TO 2016


WEATHER ITEM   OBSERVED TIME   RECORD YEAR NORMAL DEPARTURE
                VALUE   (LST)  VALUE       VALUE  FROM
                                                  NORMAL
...............................................................
TEMPERATURE (F)
 TODAY
  MAXIMUM         76    800 AM  95    2012  81     -5
  MINIMUM         65        MM  44    1961  60      5
  AVERAGE         71                        70      1

PRECIPITATION (IN)
  TODAY            0.00          2.23 1917   0.16  -0.16
  MONTH TO DATE    2.37                      4.68  -2.31
  SINCE JAN 1     14.45                     20.48  -6.03

SNOWFALL (IN)
  TODAY            0.0           0.0  2002
                                      2001
  MONTH TO DATE    0.0
  SINCE MAR 1      0.0
  SINCE JUL 1     11.3

DEGREE DAYS
 HEATING
  TODAY            0                               -1
  MONTH TO DATE   67                               14
  SINCE MAR 1    493                             -250
  SINCE JUL 1   2736                             -945

 COOLING
  TODAY            6                                0
  MONTH TO DATE   89                              -11
  SINCE MAR 1    168                               23
  SINCE JAN 1    168                               23
...............................................................


WIND (MPH)
  HIGHEST WIND SPEED     8   HIGHEST WIND DIRECTION     S (200)
  HIGHEST GUST SPEED    MM   HIGHEST GUST DIRECTION    MM
  AVERAGE WIND SPEED     3.3



WEATHER CONDITIONS
 THE FOLLOWING WEATHER WAS RECORDED TODAY.
  FOG


RELATIVE HUMIDITY (PERCENT)
 HIGHEST    93
 LOWEST     69
 AVERAGE    81

..........................................................


THE NASHVILLE CLIMATE NORMALS FOR TOMORROW
                         NORMAL    RECORD    YEAR
 MAXIMUM TEMPERATURE (F)   81        95      2012
                                             1911
 MINIMUM TEMPERATURE (F)   60        38      1961


SUNRISE AND SUNSET
MAY 26 2016...........SUNRISE   533 AM CDT   SUNSET   755 PM CDT
MAY 27 2016...........SUNRISE   533 AM CDT   SUNSET   755 PM CDT


-  INDICATES NEGATIVE NUMBERS.
R  INDICATES RECORD WAS SET OR TIED.
MM INDICATES DATA IS MISSING.
T  INDICATES TRACE AMOUNT.




$$
