809
CDUS45 KBOI 280933
CLIBNO


CLIMATE REPORT
NATIONAL WEATHER SERVICE BOISE ID
332 AM MDT TUE MAR 28 2017


...................................

...THE BURNS OR CLIMATE SUMMARY FOR MARCH 27 2017...

CLIMATE NORMAL PERIOD 1981 TO 2010
CLIMATE RECORD PERIOD 1938 TO 2017


WEATHER ITEM   OBSERVED TIME   RECORD YEAR NORMAL DEPARTURE LAST
                VALUE   (LST)  VALUE       VALUE  FROM      YEAR
                                                  NORMAL
..................................................................
TEMPERATURE (F)
 YESTERDAY
  MAXIMUM         47    352 PM  76    2015  53     -6       51
  MINIMUM         28   1123 PM  10    1975  27      1       24
  AVERAGE         38                        40     -2       38

PRECIPITATION (IN)
  YESTERDAY        T             0.40 1996   0.03  -0.03      T
  MONTH TO DATE    1.27                      0.96   0.31     1.33
  SINCE OCT 1      9.78                      6.67   3.11     7.92
  SINCE JAN 1      6.27                      3.17   3.10     3.05

DEGREE DAYS
 HEATING
  YESTERDAY       27                        25      2       27
  MONTH TO DATE  699                       759    -60      652
  SINCE MAR 1    699                       759    -60      652
  SINCE JUL 1   6573                      6287    286     5813

 COOLING
  YESTERDAY        0                         0      0        0
  MONTH TO DATE    0                         0      0        0
  SINCE MAR 1      0                         0      0        0
  SINCE JAN 1      0                         0      0        0
..................................................................


WIND (MPH)
  HIGHEST WIND SPEED    24   HIGHEST WIND DIRECTION    SW (240)
  HIGHEST GUST SPEED    30   HIGHEST GUST DIRECTION     W (250)
  AVERAGE WIND SPEED     9.1


SKY COVER
  POSSIBLE SUNSHINE  MM
  AVERAGE SKY COVER 0.4


WEATHER CONDITIONS
 THE FOLLOWING WEATHER WAS RECORDED YESTERDAY.
  NO SIGNIFICANT WEATHER WAS OBSERVED.


RELATIVE HUMIDITY (PERCENT)
 HIGHEST    92           600 AM
 LOWEST     42           400 PM
 AVERAGE    67

..........................................................


THE BURNS OR CLIMATE NORMALS FOR TODAY
                         NORMAL    RECORD    YEAR
 MAXIMUM TEMPERATURE (F)   53        73      1978
                                             1966
 MINIMUM TEMPERATURE (F)   27         8      1975


SUNRISE AND SUNSET
MARCH 28 2017.........SUNRISE   644 AM PDT   SUNSET   718 PM PDT
MARCH 29 2017.........SUNRISE   642 AM PDT   SUNSET   719 PM PDT


-  INDICATES NEGATIVE NUMBERS.
R  INDICATES RECORD WAS SET OR TIED.
MM INDICATES DATA IS MISSING.
T  INDICATES TRACE AMOUNT.




$$
