000
CDUS45 KBOI 280137
CLIBNO


CLIMATE REPORT
NATIONAL WEATHER SERVICE BOISE ID
637 PM MST TUE JAN 27 2015


...................................

...THE BURNS OR CLIMATE SUMMARY FOR JANUARY 27 2015...
VALID TODAY AS OF 0600 PM LOCAL TIME.

CLIMATE NORMAL PERIOD 1981 TO 2010
CLIMATE RECORD PERIOD 1939 TO 2015


WEATHER ITEM   OBSERVED TIME   RECORD YEAR NORMAL DEPARTURE LAST
                VALUE   (LST)  VALUE       VALUE  FROM      YEAR
                                                  NORMAL
..................................................................
TEMPERATURE (F)
 TODAY
  MAXIMUM         37    301 PM  51    1971  36      1       50
  MINIMUM         28    435 AM -25    1957  16     12       13
  AVERAGE         33                        26      7       32

PRECIPITATION (IN)
  TODAY            0.00          0.57 1942   0.03  -0.03     0.00
  MONTH TO DATE    0.40                      1.05  -0.65     0.20
  SINCE OCT 1      4.90                      4.55   0.35     1.17
  SINCE JAN 1      0.40                      1.05  -0.65     0.20

DEGREE DAYS
 HEATING
  TODAY           32                        39     -7       33
  MONTH TO DATE  920                      1089   -169      950
  SINCE DEC 1   1929                      2355   -426     2360
  SINCE JUL 1   3659                      4356   -697     4283

 COOLING
  TODAY            0                         0      0        0
  MONTH TO DATE    0                         0      0        0
  SINCE DEC 1      0                         0      0        0
  SINCE JAN 1      0                         0      0        0
..................................................................


WIND (MPH)
  HIGHEST WIND SPEED     8   HIGHEST WIND DIRECTION     E (90)
  HIGHEST GUST SPEED    10   HIGHEST GUST DIRECTION     E (90)
  AVERAGE WIND SPEED     2.0



WEATHER CONDITIONS
 THE FOLLOWING WEATHER WAS RECORDED TODAY.
  FOG
  FOG W/VISIBILITY <= 1/4 MILE


RELATIVE HUMIDITY (PERCENT)
 HIGHEST    96           100 PM
 LOWEST     82           200 PM
 AVERAGE    89

..........................................................


THE BURNS OR CLIMATE NORMALS FOR TOMORROW
                         NORMAL    RECORD    YEAR
 MAXIMUM TEMPERATURE (F)   36        51      1976
 MINIMUM TEMPERATURE (F)   16       -10      1972


SUNRISE AND SUNSET
JANUARY 27 2015.......SUNRISE   717 AM PST   SUNSET   500 PM PST
JANUARY 28 2015.......SUNRISE   716 AM PST   SUNSET   501 PM PST


-  INDICATES NEGATIVE NUMBERS.
R  INDICATES RECORD WAS SET OR TIED.
MM INDICATES DATA IS MISSING.
T  INDICATES TRACE AMOUNT.




$$
