000
CDUS45 KBOI 230122
CLIBNO


CLIMATE REPORT
NATIONAL WEATHER SERVICE BOISE ID
721 PM MDT SUN OCT 22 2017


...................................

...THE BURNS OR CLIMATE SUMMARY FOR OCTOBER 22 2017...
VALID TODAY AS OF 0600 PM LOCAL TIME.

CLIMATE NORMAL PERIOD 1981 TO 2010
CLIMATE RECORD PERIOD 1938 TO 2017


WEATHER ITEM   OBSERVED TIME   RECORD YEAR NORMAL DEPARTURE LAST
                VALUE   (LST)  VALUE       VALUE  FROM      YEAR
                                                  NORMAL
..................................................................
TEMPERATURE (F)
 TODAY
  MAXIMUM         56    105 PM  80    2003  59     -3       57
  MINIMUM         43    402 AM   7    1980  26     17       29
  AVERAGE         50                        42      8       43

PRECIPITATION (IN)
  TODAY            0.02          0.65 1985   0.03  -0.01     0.00
  MONTH TO DATE    0.63                      0.50   0.13     0.76
  SINCE OCT 1      0.63                      0.50   0.13     0.76
  SINCE JAN 1      9.27                      7.92   1.35     5.28

DEGREE DAYS
 HEATING
  TODAY           15                        23     -8       22
  MONTH TO DATE  561                       413    148      437
  SINCE SEP 1    860                       695    165      743
  SINCE JUL 1    875                       832     43      859

 COOLING
  TODAY            0                         0      0        0
  MONTH TO DATE    0                         0      0        0
  SINCE SEP 1     50                         9     41        0
  SINCE JAN 1    343                       215    128      226
..................................................................


WIND (MPH)
  HIGHEST WIND SPEED    25   HIGHEST WIND DIRECTION    SW (220)
  HIGHEST GUST SPEED    32   HIGHEST GUST DIRECTION    SW (220)
  AVERAGE WIND SPEED    10.7



WEATHER CONDITIONS
 THE FOLLOWING WEATHER WAS RECORDED TODAY.
  LIGHT RAIN


RELATIVE HUMIDITY (PERCENT)
 HIGHEST   100           400 PM
 LOWEST     72          1200 PM
 AVERAGE    86

..........................................................


THE BURNS OR CLIMATE NORMALS FOR TOMORROW
                         NORMAL    RECORD    YEAR
 MAXIMUM TEMPERATURE (F)   58        74      1960
                                             1944
 MINIMUM TEMPERATURE (F)   26        12      2015


SUNRISE AND SUNSET
OCTOBER 22 2017.......SUNRISE   719 AM PDT   SUNSET   601 PM PDT
OCTOBER 23 2017.......SUNRISE   720 AM PDT   SUNSET   559 PM PDT


-  INDICATES NEGATIVE NUMBERS.
R  INDICATES RECORD WAS SET OR TIED.
MM INDICATES DATA IS MISSING.
T  INDICATES TRACE AMOUNT.




$$
