000
CDUS45 KBOI 020120
CLIBNO


CLIMATE REPORT
NATIONAL WEATHER SERVICE BOISE ID
720 PM MDT FRI AUG 1 2014


...................................

...THE BURNS OR CLIMATE SUMMARY FOR AUGUST 1 2014...
VALID TODAY AS OF 0600 PM LOCAL TIME.

CLIMATE NORMAL PERIOD 1981 TO 2010
CLIMATE RECORD PERIOD 1939 TO 2014


WEATHER ITEM   OBSERVED TIME   RECORD YEAR NORMAL DEPARTURE LAST
                VALUE   (LST)  VALUE       VALUE  FROM      YEAR
                                                  NORMAL
..................................................................
TEMPERATURE (F)
 TODAY
  MAXIMUM         92    220 PM  99    2009  88      4       82
  MINIMUM         52    533 AM  37    1989  48      4       45
                                      1987
  AVERAGE         72                        68      4       64

PRECIPITATION (IN)
  TODAY            0.00          0.70 1949   0.01  -0.01     0.09
  MONTH TO DATE    0.00                      0.01  -0.01     0.09
  SINCE OCT 1      6.75                     10.13  -3.38     7.40
  SINCE JAN 1      5.78                      6.63  -0.85     3.50

DEGREE DAYS
 HEATING
  TODAY            0                         1     -1        1
  MONTH TO DATE    0                         1     -1        1
  SINCE JUN 1    197                       277    -80      193
  SINCE JUL 1     12                        59    -47        5

 COOLING
  TODAY            7                         4      3        0
  MONTH TO DATE    7                         4      3        0
  SINCE JUN 1    221                       133     88      274
  SINCE JAN 1    221                       136     85      275
..................................................................


WIND (MPH)
  HIGHEST WIND SPEED    22   HIGHEST WIND DIRECTION     W (250)
  HIGHEST GUST SPEED    26   HIGHEST GUST DIRECTION     W (250)
  AVERAGE WIND SPEED     6.1



WEATHER CONDITIONS
 THE FOLLOWING WEATHER WAS RECORDED TODAY.
  NO SIGNIFICANT WEATHER WAS OBSERVED.


RELATIVE HUMIDITY (PERCENT)
 HIGHEST    93           500 AM
 LOWEST     18           200 PM
 AVERAGE    56

..........................................................


THE BURNS OR CLIMATE NORMALS FOR TOMORROW
                         NORMAL    RECORD    YEAR
 MAXIMUM TEMPERATURE (F)   88        98      1961
 MINIMUM TEMPERATURE (F)   48        32      1982


SUNRISE AND SUNSET
AUGUST  1 2014........SUNRISE   545 AM PDT   SUNSET   818 PM PDT
AUGUST  2 2014........SUNRISE   546 AM PDT   SUNSET   817 PM PDT


-  INDICATES NEGATIVE NUMBERS.
R  INDICATES RECORD WAS SET OR TIED.
MM INDICATES DATA IS MISSING.
T  INDICATES TRACE AMOUNT.




$$
