080
CDUS45 KBOI 210931
CLIBNO


CLIMATE REPORT
NATIONAL WEATHER SERVICE BOISE ID
331 AM MDT MON AUG 21 2017


...................................

...THE BURNS OR CLIMATE SUMMARY FOR AUGUST 20 2017...

CLIMATE NORMAL PERIOD 1981 TO 2010
CLIMATE RECORD PERIOD 1938 TO 2017


WEATHER ITEM   OBSERVED TIME   RECORD YEAR NORMAL DEPARTURE LAST
                VALUE   (LST)  VALUE       VALUE  FROM      YEAR
                                                  NORMAL
..................................................................
TEMPERATURE (F)
 YESTERDAY
  MAXIMUM         84    511 PM 100    2009  84      0       95
                                      1946
  MINIMUM         38    511 AM  35    1974  44     -6       43
  AVERAGE         61                        64     -3       69

PRECIPITATION (IN)
  YESTERDAY        0.00          0.16 1979   0.01  -0.01     0.00
  MONTH TO DATE    0.03                      0.23  -0.20      T
  SINCE OCT 1     11.88                     10.35   1.53     9.26
  SINCE JAN 1      8.37                      6.85   1.52     4.39

DEGREE DAYS
 HEATING
  YESTERDAY        4                         3      1        0
  MONTH TO DATE   14                        36    -22       28
  SINCE JUN 1    197                       312   -115      265
  SINCE JUL 1     14                        94    -80       85

 COOLING
  YESTERDAY        0                         2     -2        4
  MONTH TO DATE   50                        60    -10       86
  SINCE JUN 1    238                       189     49      222
  SINCE JAN 1    239                       192     47      222
..................................................................


WIND (MPH)
  HIGHEST WIND SPEED    16   HIGHEST WIND DIRECTION    NW (330)
  HIGHEST GUST SPEED    19   HIGHEST GUST DIRECTION    NW (320)
  AVERAGE WIND SPEED     6.5


SKY COVER
  POSSIBLE SUNSHINE  MM
  AVERAGE SKY COVER 0.0


WEATHER CONDITIONS
 THE FOLLOWING WEATHER WAS RECORDED YESTERDAY.
  NO SIGNIFICANT WEATHER WAS OBSERVED.


RELATIVE HUMIDITY (PERCENT)
 HIGHEST    65           600 AM
 LOWEST     13           400 PM
 AVERAGE    39

..........................................................


THE BURNS OR CLIMATE NORMALS FOR TODAY
                         NORMAL    RECORD    YEAR
 MAXIMUM TEMPERATURE (F)   84        94      2016
                                             2011
                                             2009
 MINIMUM TEMPERATURE (F)   44        34      2000


SUNRISE AND SUNSET
AUGUST 21 2017........SUNRISE   608 AM PDT   SUNSET   749 PM PDT
AUGUST 22 2017........SUNRISE   609 AM PDT   SUNSET   748 PM PDT


-  INDICATES NEGATIVE NUMBERS.
R  INDICATES RECORD WAS SET OR TIED.
MM INDICATES DATA IS MISSING.
T  INDICATES TRACE AMOUNT.




$$
