000
CDUS45 KBOI 280934
CLIBOI


CLIMATE REPORT
NATIONAL WEATHER SERVICE BOISE ID
234 AM MST WED JAN 28 2015


...................................

...THE BOISE ID CLIMATE SUMMARY FOR JANUARY 27 2015...

CLIMATE NORMAL PERIOD 1981 TO 2010
CLIMATE RECORD PERIOD 1878 TO 2015


WEATHER ITEM   OBSERVED TIME   RECORD YEAR NORMAL DEPARTURE LAST
                VALUE   (LST)  VALUE       VALUE  FROM      YEAR
                                                  NORMAL
..................................................................
TEMPERATURE (F)
 YESTERDAY
  MAXIMUM         39    525 PM  56    1920  39      0       26
  MINIMUM         27    740 AM  -9    1957  26      1       22
  AVERAGE         33                        33      0       24

PRECIPITATION (IN)
  YESTERDAY        0.04          0.76 1879   0.03   0.01      T
  MONTH TO DATE    0.83                      1.10  -0.27     0.32
  SINCE OCT 1      6.74                      4.75   1.99     3.23
  SINCE JAN 1      0.83                      1.10  -0.27     0.32

SNOWFALL (IN)
  YESTERDAY        0.0           5.3  1969   0.2   -0.2       T
  MONTH TO DATE    1.1                       4.6   -3.5      3.1
  SINCE OCT 1     13.1                      14.3   -1.2     10.0
  SINCE JUL 1     13.1                      14.3   -1.2     10.0
  SNOW DEPTH       0

DEGREE DAYS
 HEATING
  YESTERDAY       32                        32      0       41
  MONTH TO DATE  914                       918     -4      933
  SINCE DEC 1   1764                      1979   -215     2197
  SINCE JUL 1   2903                      3233   -330     3491

 COOLING
  YESTERDAY        0                         0      0        0
  MONTH TO DATE    0                         0      0        0
  SINCE DEC 1      0                         0      0        0
  SINCE JAN 1      0                         0      0        0
..................................................................


WIND (MPH)
  HIGHEST WIND SPEED     8   HIGHEST WIND DIRECTION    NW (300)
  HIGHEST GUST SPEED     9   HIGHEST GUST DIRECTION    NW (310)
  AVERAGE WIND SPEED     1.4


SKY COVER
  POSSIBLE SUNSHINE  MM
  AVERAGE SKY COVER 0.8


WEATHER CONDITIONS
 THE FOLLOWING WEATHER WAS RECORDED YESTERDAY.
  LIGHT RAIN
  FOG
  FOG W/VISIBILITY <= 1/4 MILE


RELATIVE HUMIDITY (PERCENT)
 HIGHEST   100           100 AM
 LOWEST     79           500 PM
 AVERAGE    90

..........................................................


THE BOISE ID CLIMATE NORMALS FOR TODAY
                         NORMAL    RECORD    YEAR
 MAXIMUM TEMPERATURE (F)   40        61      1888
 MINIMUM TEMPERATURE (F)   26        -6      1957


SUNRISE AND SUNSET
JANUARY 28 2015.......SUNRISE   805 AM MST   SUNSET   551 PM MST
JANUARY 29 2015.......SUNRISE   804 AM MST   SUNSET   552 PM MST


-  INDICATES NEGATIVE NUMBERS.
R  INDICATES RECORD WAS SET OR TIED.
MM INDICATES DATA IS MISSING.
T  INDICATES TRACE AMOUNT.




$$
