262
CDUS45 KBOI 240933
CLIBOI


CLIMATE REPORT
NATIONAL WEATHER SERVICE BOISE ID
233 AM MST WED JAN 24 2018


...................................

...THE BOISE ID CLIMATE SUMMARY FOR JANUARY 23 2018...

CLIMATE NORMAL PERIOD 1981 TO 2010
CLIMATE RECORD PERIOD 1875 TO 2018


WEATHER ITEM   OBSERVED TIME   RECORD YEAR NORMAL DEPARTURE LAST
                VALUE   (LST)  VALUE       VALUE  FROM      YEAR
                                                  NORMAL
..................................................................
TEMPERATURE (F)
 YESTERDAY
  MAXIMUM         43   1159 PM  59    1919  39      4       32
  MINIMUM         29    656 AM -17    1930  26      3       26
  AVERAGE         36                        32      4       29

PRECIPITATION (IN)
  YESTERDAY        0.00          0.51 1982   0.04  -0.04     0.10
  MONTH TO DATE    1.25                      0.97   0.28     2.96
  SINCE OCT 1      4.64                      4.62   0.02     6.46
  SINCE JAN 1      1.25                      0.97   0.28     2.96

SNOWFALL (IN)
  YESTERDAY        0.0           4.2  1982   0.1   -0.1      3.0
  MONTH TO DATE    T                         4.0   -4.0     21.5
  SINCE OCT 1      9.8                      13.7   -3.9     35.5
  SINCE JUL 1      9.8                      13.7   -3.9     35.5
  SNOW DEPTH       0

DEGREE DAYS
 HEATING
  YESTERDAY       29                        33     -4       36
  MONTH TO DATE  648                       787   -139      995
  SINCE DEC 1   1768                      1848    -80     2279
  SINCE JUL 1   2992                      3102   -110     3184

 COOLING
  YESTERDAY        0                         0      0        0
  MONTH TO DATE    0                         0      0        0
  SINCE DEC 1      0                         0      0        0
  SINCE JAN 1      0                         0      0        0
..................................................................


WIND (MPH)
  HIGHEST WIND SPEED    16   HIGHEST WIND DIRECTION    SE (120)
  HIGHEST GUST SPEED    21   HIGHEST GUST DIRECTION    SE (120)
  AVERAGE WIND SPEED    10.0


SKY COVER
  POSSIBLE SUNSHINE  MM
  AVERAGE SKY COVER 0.4


WEATHER CONDITIONS
 THE FOLLOWING WEATHER WAS RECORDED YESTERDAY.
  NO SIGNIFICANT WEATHER WAS OBSERVED.


RELATIVE HUMIDITY (PERCENT)
 HIGHEST    85          1200 AM
 LOWEST     53           200 PM
 AVERAGE    69

..........................................................


THE BOISE ID CLIMATE NORMALS FOR TODAY
                         NORMAL    RECORD    YEAR
 MAXIMUM TEMPERATURE (F)   39        57      1959
                                             1903
 MINIMUM TEMPERATURE (F)   26        -6      1949


SUNRISE AND SUNSET
JANUARY 24 2018.......SUNRISE   809 AM MST   SUNSET   546 PM MST
JANUARY 25 2018.......SUNRISE   808 AM MST   SUNSET   547 PM MST


-  INDICATES NEGATIVE NUMBERS.
R  INDICATES RECORD WAS SET OR TIED.
MM INDICATES DATA IS MISSING.
T  INDICATES TRACE AMOUNT.




$$
