000
CDUS45 KBOI 010931
CLIBOI


CLIMATE REPORT
NATIONAL WEATHER SERVICE BOISE ID
331 AM MDT WED OCT 1 2014


...................................

...THE BOISE ID CLIMATE SUMMARY FOR SEPTEMBER 30 2014...

CLIMATE NORMAL PERIOD 1981 TO 2010
CLIMATE RECORD PERIOD 1878 TO 2014


WEATHER ITEM   OBSERVED TIME   RECORD YEAR NORMAL DEPARTURE LAST
                VALUE   (LST)  VALUE       VALUE  FROM      YEAR
                                                  NORMAL
..................................................................
TEMPERATURE (F)
 YESTERDAY
  MAXIMUM         62    511 PM  96    1992  73    -11       64
  MINIMUM         50   1159 PM  29    1954  46      4       48
  AVERAGE         56                        59     -3       56

PRECIPITATION (IN)
  YESTERDAY        0.02          0.61 1983   0.02   0.00     0.13
  MONTH TO DATE    0.92                      0.58   0.34     1.75
  SINCE OCT 1     12.44                     11.73   0.71     9.31
  SINCE JAN 1      9.53                      8.08   1.45     6.66

SNOWFALL (IN)
  YESTERDAY        0.0           0.0  2006   0.0    0.0      0.0
  MONTH TO DATE    0.0                       0.0    0.0      0.0
  SINCE OCT 1     14.4                      19.2   -4.8     16.0
  SINCE JUL 1      0.0                       0.0    0.0      0.0
  SNOW DEPTH       0

DEGREE DAYS
 HEATING
  YESTERDAY        9                         7      2        9
  MONTH TO DATE   52                       104    -52       91
  SINCE SEP 1     52                       103    -51       91
  SINCE JUL 1     56                       121    -65       91

 COOLING
  YESTERDAY        0                         1     -1        0
  MONTH TO DATE  136                       100     36      148
  SINCE SEP 1    136                       100     36      148
  SINCE JAN 1   1119                       934    185     1320
..................................................................


WIND (MPH)
  HIGHEST WIND SPEED    23   HIGHEST WIND DIRECTION    NW (300)
  HIGHEST GUST SPEED    29   HIGHEST GUST DIRECTION    NW (300)
  AVERAGE WIND SPEED    10.0


SKY COVER
  POSSIBLE SUNSHINE  MM
  AVERAGE SKY COVER 0.6


WEATHER CONDITIONS
 THE FOLLOWING WEATHER WAS RECORDED YESTERDAY.
  LIGHT RAIN
  FOG


RELATIVE HUMIDITY (PERCENT)
 HIGHEST    96           300 AM
 LOWEST     34           500 PM
 AVERAGE    65

..........................................................


THE BOISE ID CLIMATE NORMALS FOR TODAY
                         NORMAL    RECORD    YEAR
 MAXIMUM TEMPERATURE (F)   72        94      1997
                                             1992
 MINIMUM TEMPERATURE (F)   46        28      1898


SUNRISE AND SUNSET
OCTOBER  1 2014.......SUNRISE   742 AM MDT   SUNSET   726 PM MDT
OCTOBER  2 2014.......SUNRISE   744 AM MDT   SUNSET   724 PM MDT


-  INDICATES NEGATIVE NUMBERS.
R  INDICATES RECORD WAS SET OR TIED.
MM INDICATES DATA IS MISSING.
T  INDICATES TRACE AMOUNT.




$$
