000
CDUS45 KBOI 310937
CLIBOI


CLIMATE REPORT
NATIONAL WEATHER SERVICE BOISE ID
337 AM MDT MON AUG 31 2015


...................................

...THE BOISE ID CLIMATE SUMMARY FOR AUGUST 30 2015...

CLIMATE NORMAL PERIOD 1981 TO 2010
CLIMATE RECORD PERIOD 1878 TO 2015


WEATHER ITEM   OBSERVED TIME   RECORD YEAR NORMAL DEPARTURE LAST
                VALUE   (LST)  VALUE       VALUE  FROM      YEAR
                                                  NORMAL
..................................................................
TEMPERATURE (F)
 YESTERDAY
  MAXIMUM         80    330 PM 105    1955  85     -5       81
  MINIMUM         56    635 AM  37    1965  56      0       56
  AVERAGE         68                        71     -3       69

PRECIPITATION (IN)
  YESTERDAY        0.00          0.60 1896   0.01  -0.01     0.01
  MONTH TO DATE    0.18                      0.23  -0.05     0.16
  SINCE OCT 1     12.02                     11.14   0.88    11.52
  SINCE JAN 1      6.11                      7.49  -1.38     8.61

SNOWFALL (IN)
  YESTERDAY        0.0           0.0  2006   0.0    0.0      0.0
  MONTH TO DATE    0.0                       0.0    0.0      0.0
  SINCE OCT 1     13.3                      19.2   -5.9     14.4
  SINCE JUL 1      0.0                       0.0    0.0      0.0
  SNOW DEPTH       0

DEGREE DAYS
 HEATING
  YESTERDAY        0                         1     -1        0
  MONTH TO DATE    0                         5     -5        0
  SINCE JUN 1      2                        77    -75       36
  SINCE JUL 1      0                        13    -13        0

 COOLING
  YESTERDAY        3                         7     -4        4
  MONTH TO DATE  391                       300     91      343
  SINCE JUN 1   1098                       781    317      959
  SINCE JAN 1   1133                       825    308      983
..................................................................


WIND (MPH)
  HIGHEST WIND SPEED    17   HIGHEST WIND DIRECTION     N (350)
  HIGHEST GUST SPEED    23   HIGHEST GUST DIRECTION     N (350)
  AVERAGE WIND SPEED     5.8


SKY COVER
  POSSIBLE SUNSHINE  MM
  AVERAGE SKY COVER 0.0


WEATHER CONDITIONS
 THE FOLLOWING WEATHER WAS RECORDED YESTERDAY.
  NO SIGNIFICANT WEATHER WAS OBSERVED.


RELATIVE HUMIDITY (PERCENT)
 HIGHEST    57           600 AM
 LOWEST     21           600 PM
 AVERAGE    39

..........................................................


THE BOISE ID CLIMATE NORMALS FOR TODAY
                         NORMAL    RECORD    YEAR
 MAXIMUM TEMPERATURE (F)   85       102      2004
 MINIMUM TEMPERATURE (F)   56        39      1887


SUNRISE AND SUNSET
AUGUST 31 2015........SUNRISE   707 AM MDT   SUNSET   822 PM MDT
SEPTEMBER  1 2015.....SUNRISE   708 AM MDT   SUNSET   821 PM MDT


-  INDICATES NEGATIVE NUMBERS.
R  INDICATES RECORD WAS SET OR TIED.
MM INDICATES DATA IS MISSING.
T  INDICATES TRACE AMOUNT.




$$
