000
CDUS45 KBOI 300120
CLIBOI


CLIMATE REPORT
NATIONAL WEATHER SERVICE BOISE ID
720 PM MDT WED JUL 29 2015


...................................

...THE BOISE ID CLIMATE SUMMARY FOR JULY 29 2015...
VALID TODAY AS OF 0600 PM LOCAL TIME.

CLIMATE NORMAL PERIOD 1981 TO 2010
CLIMATE RECORD PERIOD 1878 TO 2015


WEATHER ITEM   OBSERVED TIME   RECORD YEAR NORMAL DEPARTURE LAST
                VALUE   (LST)  VALUE       VALUE  FROM      YEAR
                                                  NORMAL
..................................................................
TEMPERATURE (F)
 TODAY
  MAXIMUM         89    559 PM 104    1934  93     -4       98
  MINIMUM         58    604 AM  44    1950  62     -4       74
  AVERAGE         74                        78     -4       86

PRECIPITATION (IN)
  TODAY            0.00          0.35 1964   0.01  -0.01      T
  MONTH TO DATE    0.97                      0.31   0.66     0.08
  SINCE OCT 1     11.84                     10.89   0.95    11.36
  SINCE JAN 1      5.93                      7.24  -1.31     8.45

DEGREE DAYS
 HEATING
  TODAY            0                         0      0        0
  MONTH TO DATE    0                         4     -4        0
  SINCE JUN 1      2                        68    -66       36
  SINCE JUL 1      0                         4     -4        0

 COOLING
  TODAY            9                        13     -4       21
  MONTH TO DATE  338                       317     21      467
  SINCE JUN 1    676                       456    220      579
  SINCE JAN 1    711                       500    211      603
..................................................................


WIND (MPH)
  HIGHEST WIND SPEED    12   HIGHEST WIND DIRECTION     S (180)
  HIGHEST GUST SPEED    18   HIGHEST GUST DIRECTION    SE (130)
  AVERAGE WIND SPEED     5.9



WEATHER CONDITIONS
 THE FOLLOWING WEATHER WAS RECORDED TODAY.
  NO SIGNIFICANT WEATHER WAS OBSERVED.


RELATIVE HUMIDITY (PERCENT)
 HIGHEST    47           400 AM
 LOWEST     12           200 PM
 AVERAGE    30

..........................................................


THE BOISE ID CLIMATE NORMALS FOR TOMORROW
                         NORMAL    RECORD    YEAR
 MAXIMUM TEMPERATURE (F)   93       106      2003
 MINIMUM TEMPERATURE (F)   62        46      1950
                                             1890
                                             1877


SUNRISE AND SUNSET
JULY 29 2015..........SUNRISE   631 AM MDT   SUNSET   911 PM MDT
JULY 30 2015..........SUNRISE   632 AM MDT   SUNSET   910 PM MDT


-  INDICATES NEGATIVE NUMBERS.
R  INDICATES RECORD WAS SET OR TIED.
MM INDICATES DATA IS MISSING.
T  INDICATES TRACE AMOUNT.




$$
