000
CDUS45 KBOI 300930
CLIBOI


CLIMATE REPORT
NATIONAL WEATHER SERVICE BOISE ID
330 AM MDT TUE AUG 30 2016


...................................

...THE BOISE ID CLIMATE SUMMARY FOR AUGUST 29 2016...

CLIMATE NORMAL PERIOD 1981 TO 2010
CLIMATE RECORD PERIOD 1875 TO 2016


WEATHER ITEM   OBSERVED TIME   RECORD YEAR NORMAL DEPARTURE LAST
                VALUE   (LST)  VALUE       VALUE  FROM      YEAR
                                                  NORMAL
..................................................................
TEMPERATURE (F)
 YESTERDAY
  MAXIMUM         94    309 PM  98    1998  86      8       93
                                      1915
                                      1890
  MINIMUM         67    718 AM  37    1980  57     10       73
  AVERAGE         81                        71     10       83

PRECIPITATION (IN)
  YESTERDAY        0.00          0.46 1896   0.01  -0.01      T
  MONTH TO DATE    T                         0.22  -0.22     0.18
  SINCE OCT 1      9.31                     11.13  -1.82    12.02
  SINCE JAN 1      4.97                      7.48  -2.51     6.11

SNOWFALL (IN)
  YESTERDAY        0.0           0.0  2006   0.0    0.0      0.0
  MONTH TO DATE    0.0                       0.0    0.0      0.0
  SINCE OCT 1     10.9                      19.2   -8.3     13.3
  SINCE JUL 1      0.0                       0.0    0.0      0.0
  SNOW DEPTH       0

DEGREE DAYS
 HEATING
  YESTERDAY        0                         1     -1        0
  MONTH TO DATE    0                         4     -4        0
  SINCE JUN 1     45                        76    -31        2
  SINCE JUL 1      8                        12     -4        0

 COOLING
  YESTERDAY       16                         7      9       18
  MONTH TO DATE  295                       293      2      388
  SINCE JUN 1    881                       774    107     1095
  SINCE JAN 1    912                       818     94     1130
..................................................................


WIND (MPH)
  HIGHEST WIND SPEED    15   HIGHEST WIND DIRECTION    SE (120)
  HIGHEST GUST SPEED    18   HIGHEST GUST DIRECTION    SE (120)
  AVERAGE WIND SPEED     6.4


SKY COVER
  POSSIBLE SUNSHINE  MM
  AVERAGE SKY COVER 0.0


WEATHER CONDITIONS
 THE FOLLOWING WEATHER WAS RECORDED YESTERDAY.
  HAZE


RELATIVE HUMIDITY (PERCENT)
 HIGHEST    40           800 AM
 LOWEST     13           500 PM
 AVERAGE    27

..........................................................


THE BOISE ID CLIMATE NORMALS FOR TODAY
                         NORMAL    RECORD    YEAR
 MAXIMUM TEMPERATURE (F)   85       105      1955
 MINIMUM TEMPERATURE (F)   56        37      1965


SUNRISE AND SUNSET
AUGUST 30 2016........SUNRISE   707 AM MDT   SUNSET   823 PM MDT
AUGUST 31 2016........SUNRISE   708 AM MDT   SUNSET   821 PM MDT


-  INDICATES NEGATIVE NUMBERS.
R  INDICATES RECORD WAS SET OR TIED.
MM INDICATES DATA IS MISSING.
T  INDICATES TRACE AMOUNT.




$$
