000
CDUS45 KBOI 240931
CLIBOI


CLIMATE REPORT
NATIONAL WEATHER SERVICE BOISE ID
331 AM MDT MON APR 24 2017


...................................

...THE BOISE ID CLIMATE SUMMARY FOR APRIL 23 2017...

CLIMATE NORMAL PERIOD 1981 TO 2010
CLIMATE RECORD PERIOD 1875 TO 2017


WEATHER ITEM   OBSERVED TIME   RECORD YEAR NORMAL DEPARTURE LAST
                VALUE   (LST)  VALUE       VALUE  FROM      YEAR
                                                  NORMAL
..................................................................
TEMPERATURE (F)
 YESTERDAY
  MAXIMUM         65    213 PM  91    2012  64      1       56
  MINIMUM         49    728 AM  25    1992  41      8       45
  AVERAGE         57                        52      5       51

PRECIPITATION (IN)
  YESTERDAY        0.20          0.82 1997   0.04   0.16     0.47
  MONTH TO DATE    1.48                      0.94   0.54     0.69
  SINCE OCT 1     12.02                      8.21   3.81     7.99
  SINCE JAN 1      8.52                      4.56   3.96     3.65

SNOWFALL (IN)
  YESTERDAY        0.0           0.0  2007   0.0    0.0      0.0
  MONTH TO DATE    T                         0.3   -0.3      0.0
  SINCE OCT 1     39.0                      19.2   19.8     10.9
  SINCE JUL 1     39.0                      19.2   19.8     10.9
  SNOW DEPTH       0

DEGREE DAYS
 HEATING
  YESTERDAY        8                        13     -5       14
  MONTH TO DATE  348                       347      1      179
  SINCE MAR 1    840                       983   -143      714
  SINCE JUL 1   5127                      5142    -15     4463

 COOLING
  YESTERDAY        0                         0      0        0
  MONTH TO DATE    0                         0      0        5
  SINCE MAR 1      0                         0      0        5
  SINCE JAN 1      0                         0      0        5
..................................................................


WIND (MPH)
  HIGHEST WIND SPEED    22   HIGHEST WIND DIRECTION     W (250)
  HIGHEST GUST SPEED    31   HIGHEST GUST DIRECTION     W (250)
  AVERAGE WIND SPEED     6.3


SKY COVER
  POSSIBLE SUNSHINE  MM
  AVERAGE SKY COVER 0.5


WEATHER CONDITIONS
 THE FOLLOWING WEATHER WAS RECORDED YESTERDAY.
  LIGHT RAIN


RELATIVE HUMIDITY (PERCENT)
 HIGHEST    77           700 AM
 LOWEST     36           100 AM
 AVERAGE    57

..........................................................


THE BOISE ID CLIMATE NORMALS FOR TODAY
                         NORMAL    RECORD    YEAR
 MAXIMUM TEMPERATURE (F)   65        91      1977
                                             1910
 MINIMUM TEMPERATURE (F)   41        22      1950


SUNRISE AND SUNSET
APRIL 24 2017.........SUNRISE   647 AM MDT   SUNSET   839 PM MDT
APRIL 25 2017.........SUNRISE   646 AM MDT   SUNSET   840 PM MDT


-  INDICATES NEGATIVE NUMBERS.
R  INDICATES RECORD WAS SET OR TIED.
MM INDICATES DATA IS MISSING.
T  INDICATES TRACE AMOUNT.




$$
