000
CDUS45 KBOI 190121
CLIBOI


CLIMATE REPORT
NATIONAL WEATHER SERVICE BOISE ID
721 PM MDT THU SEP 18 2014


...................................

...THE BOISE ID CLIMATE SUMMARY FOR SEPTEMBER 18 2014...
VALID TODAY AS OF 0600 PM LOCAL TIME.

CLIMATE NORMAL PERIOD 1981 TO 2010
CLIMATE RECORD PERIOD 1878 TO 2014


WEATHER ITEM   OBSERVED TIME   RECORD YEAR NORMAL DEPARTURE LAST
                VALUE   (LST)  VALUE       VALUE  FROM      YEAR
                                                  NORMAL
..................................................................
TEMPERATURE (F)
 TODAY
  MAXIMUM         87    403 PM  98    1875  78      9       67
  MINIMUM         68    640 AM  27    1965  50     18       50
  AVERAGE         78                        64     14       59

PRECIPITATION (IN)
  TODAY            T             0.86 1882   0.02  -0.02      T
  MONTH TO DATE    0.02                      0.31  -0.29     0.85
  SINCE OCT 1     11.54                     11.46   0.08     8.41
  SINCE JAN 1      8.63                      7.81   0.82     5.76

DEGREE DAYS
 HEATING
  TODAY            0                         4     -4        6
  MONTH TO DATE   24                        40    -16        6
  SINCE SEP 1     24                        40    -16        6
  SINCE JUL 1     28                        58    -30        6

 COOLING
  TODAY           13                         3     10        0
  MONTH TO DATE   90                        78     12      143
  SINCE SEP 1     90                        78     12      143
  SINCE JAN 1   1073                       912    161     1315
..................................................................


WIND (MPH)
  HIGHEST WIND SPEED    18   HIGHEST WIND DIRECTION    NW (300)
  HIGHEST GUST SPEED    23   HIGHEST GUST DIRECTION    NW (310)
  AVERAGE WIND SPEED     4.7



WEATHER CONDITIONS
 THE FOLLOWING WEATHER WAS RECORDED TODAY.
  LIGHT RAIN
  HAZE


RELATIVE HUMIDITY (PERCENT)
 HIGHEST    40           500 AM
 LOWEST     17           300 PM
 AVERAGE    29

..........................................................


THE BOISE ID CLIMATE NORMALS FOR TOMORROW
                         NORMAL    RECORD    YEAR
 MAXIMUM TEMPERATURE (F)   77        94      2008
                                             1917
 MINIMUM TEMPERATURE (F)   50        31      1978


SUNRISE AND SUNSET
SEPTEMBER 18 2014.....SUNRISE   728 AM MDT   SUNSET   749 PM MDT
SEPTEMBER 19 2014.....SUNRISE   729 AM MDT   SUNSET   748 PM MDT


-  INDICATES NEGATIVE NUMBERS.
R  INDICATES RECORD WAS SET OR TIED.
MM INDICATES DATA IS MISSING.
T  INDICATES TRACE AMOUNT.




$$
