000
CDUS41 KBOX 210752
CLIBOS


CLIMATE REPORT
NATIONAL WEATHER SERVICE TAUNTON MA
249 AM EST SUN DEC 21 2014


...................................

...THE BOSTON MA CLIMATE SUMMARY FOR DECEMBER 20 2014...

CLIMATE NORMAL PERIOD 1981 TO 2010
CLIMATE RECORD PERIOD 1872 TO 2014


WEATHER ITEM   OBSERVED TIME   RECORD YEAR NORMAL DEPARTURE LAST
                VALUE   (LST)  VALUE       VALUE  FROM      YEAR
                                                  NORMAL
..................................................................
TEMPERATURE (F)
 YESTERDAY
  MAXIMUM         36   1039 PM  63    1957  40     -4       51
  MINIMUM         27    654 AM -11    1942  27      0       32
                                      1875
  AVERAGE         32                        33     -1       42

PRECIPITATION (IN)
  YESTERDAY        T             1.35 1936   0.11  -0.11     0.00
  MONTH TO DATE    5.55                      2.52   3.03     2.56
  SINCE DEC 1      5.55                      2.52   3.03     2.56
  SINCE JAN 1     44.24                     42.51   1.73    38.30

SNOWFALL (IN)
  YESTERDAY        T            10.0  2009   0.3   -0.3      0.0
  MONTH TO DATE    0.3                       5.0   -4.7     11.4
  SINCE DEC 1      0.3                       5.0   -4.7     11.4
  SINCE JUL 1      2.9                       6.3   -3.4     11.4
  SNOW DEPTH      MM

DEGREE DAYS
 HEATING
  YESTERDAY       33                        32      1       23
  MONTH TO DATE  543                       570    -27      634
  SINCE DEC 1    543                       570    -27      634
  SINCE JUL 1   1556                      1625    -69     1650

 COOLING
  YESTERDAY        0                         0      0        0
  MONTH TO DATE    0                         0      0        0
  SINCE DEC 1      0                         0      0        0
  SINCE JAN 1    769                       747     22      920
..................................................................


WIND (MPH)
  RESULTANT WIND SPEED   8   RESULTANT WIND DIRECTION   N (340)
  HIGHEST WIND SPEED    21   HIGHEST WIND DIRECTION    NE (30)
  HIGHEST GUST SPEED    26   HIGHEST GUST DIRECTION    NE (30)
  AVERAGE WIND SPEED     9.6


SKY COVER
  POSSIBLE SUNSHINE  MM
  AVERAGE SKY COVER 0.6


WEATHER CONDITIONS
 THE FOLLOWING WEATHER WAS RECORDED YESTERDAY.
  LIGHT SNOW


RELATIVE HUMIDITY (PERCENT)
 HIGHEST    89           700 PM
 LOWEST     69          1200 AM
 AVERAGE    79

..........................................................


THE BOSTON MA CLIMATE NORMALS FOR TODAY
                         NORMAL    RECORD    YEAR
 MAXIMUM TEMPERATURE (F)   39        62      1957
 MINIMUM TEMPERATURE (F)   26        -5      1942


SUNRISE AND SUNSET
DECEMBER 21 2014......SUNRISE   710 AM EST   SUNSET   415 PM EST
DECEMBER 22 2014......SUNRISE   710 AM EST   SUNSET   415 PM EST


-  INDICATES NEGATIVE NUMBERS.
R  INDICATES RECORD WAS SET OR TIED.
MM INDICATES DATA IS MISSING.
T  INDICATES TRACE AMOUNT.




$$
