000
CDUS45 KRIW 250039
CLIBPI


CLIMATE REPORT
NATIONAL WEATHER SERVICE RIVERTON WY
638 PM MDT MON APR 24 2017


...................................

...THE BIG PINEY WY CLIMATE SUMMARY FOR APRIL 24 2017...
VALID TODAY AS OF 0500 PM LOCAL TIME.

CLIMATE NORMAL PERIOD 1981 TO 2010
CLIMATE RECORD PERIOD 1976 TO 2017


WEATHER ITEM   OBSERVED TIME   RECORD YEAR NORMAL DEPARTURE LAST
                VALUE   (LST)  VALUE       VALUE  FROM      YEAR
                                                  NORMAL
..................................................................
TEMPERATURE (F)
 TODAY
  MAXIMUM         41        MM  76    2012  55    -14       55
  MINIMUM         25        MM  12    2011  24      1       36
  AVERAGE         33

PRECIPITATION (IN)
  TODAY            0.28          0.42 1999   0.02   0.26     0.00
  MONTH TO DATE    1.12                      0.39   0.73     0.88
  SINCE MAR 1      2.57                      0.83   1.74     1.70
  SINCE JAN 1      4.31                      1.49   2.82     1.87

DEGREE DAYS
 HEATING
  TODAY           32                        26      6       19
  MONTH TO DATE  672                       688    -16      579
  SINCE MAR 1   1783                      1860    -77     1643
  SINCE JUL 1   9213                      9383   -170     8497

 COOLING
  TODAY            0                         0      0        0
  MONTH TO DATE    0                         0      0        0
  SINCE MAR 1      0                         0      0        0
  SINCE JAN 1      0                         0      0        0
..................................................................


WIND (MPH)
  HIGHEST WIND SPEED     9   HIGHEST WIND DIRECTION    SW (210)
  HIGHEST GUST SPEED    MM   HIGHEST GUST DIRECTION    MM
  AVERAGE WIND SPEED     3.7


SKY COVER
  POSSIBLE SUNSHINE  MM
  AVERAGE SKY COVER 0.6


WEATHER CONDITIONS
 THE FOLLOWING WEATHER WAS RECORDED TODAY.
  RAIN
  LIGHT RAIN
  LIGHT SNOW
  FOG


RELATIVE HUMIDITY (PERCENT)
 HIGHEST    92           200 AM
 LOWEST     69          1200 AM
 AVERAGE    81

..........................................................


THE BIG PINEY WY CLIMATE NORMALS FOR TOMORROW
                         NORMAL    RECORD    YEAR
 MAXIMUM TEMPERATURE (F)   55        71      2012
 MINIMUM TEMPERATURE (F)   24        14      2000


SUNRISE AND SUNSET
APRIL 24 2017.........SUNRISE   625 AM MDT   SUNSET   813 PM MDT
APRIL 25 2017.........SUNRISE   623 AM MDT   SUNSET   814 PM MDT


-  INDICATES NEGATIVE NUMBERS.
R  INDICATES RECORD WAS SET OR TIED.
MM INDICATES DATA IS MISSING.
T  INDICATES TRACE AMOUNT.




$$
