125
CDUS45 KRIW 290742
CLIBPI


CLIMATE REPORT
NATIONAL WEATHER SERVICE RIVERTON WY
132 AM MDT FRI APR 29 2016


...................................

...THE BIG PINEY WY CLIMATE SUMMARY FOR APRIL 28 2016...

CLIMATE NORMAL PERIOD 1981 TO 2010
CLIMATE RECORD PERIOD 1976 TO 2016


WEATHER ITEM   OBSERVED TIME   RECORD YEAR NORMAL DEPARTURE LAST
                VALUE   (LST)  VALUE       VALUE  FROM      YEAR
                                                  NORMAL
..................................................................
TEMPERATURE (F)
 YESTERDAY
  MAXIMUM         46    135 PM  75    2007  56    -10       65
  MINIMUM         30    507 AM  12    2011  25      5       26
  AVERAGE         38                        40     -2       46

PRECIPITATION (IN)
  YESTERDAY        0.00          0.27 2005   0.02  -0.02     0.00
  MONTH TO DATE    1.06                      0.48   0.58     0.56
  SINCE MAR 1      1.88                      0.92   0.96     0.62
  SINCE JAN 1      2.05                      1.58   0.47     0.68

DEGREE DAYS
 HEATING
  YESTERDAY       27                        25      2       19
  MONTH TO DATE  690                       788    -98      751
  SINCE MAR 1   1754                      1960   -206     1681
  SINCE JUL 1   8608                      9483   -875     7781

 COOLING
  YESTERDAY        0                         0      0        0
  MONTH TO DATE    0                         0      0        0
  SINCE MAR 1      0                         0      0        0
  SINCE JAN 1      0                         0      0        0
..................................................................


WIND (MPH)
  HIGHEST WIND SPEED    23   HIGHEST WIND DIRECTION     S (200)
  HIGHEST GUST SPEED    28   HIGHEST GUST DIRECTION     S (190)
  AVERAGE WIND SPEED    10.6


SKY COVER
  POSSIBLE SUNSHINE  MM
  AVERAGE SKY COVER 0.9


WEATHER CONDITIONS
 THE FOLLOWING WEATHER WAS RECORDED YESTERDAY.
  NO SIGNIFICANT WEATHER WAS OBSERVED.


RELATIVE HUMIDITY (PERCENT)
 HIGHEST    85           300 AM
 LOWEST     49           100 PM
 AVERAGE    67

..........................................................


THE BIG PINEY WY CLIMATE NORMALS FOR TODAY
                         NORMAL    RECORD    YEAR
 MAXIMUM TEMPERATURE (F)   56        77      2007
 MINIMUM TEMPERATURE (F)   25        11      1991


SUNRISE AND SUNSET
APRIL 29 2016.........SUNRISE   617 AM MDT   SUNSET   819 PM MDT
APRIL 30 2016.........SUNRISE   616 AM MDT   SUNSET   820 PM MDT


-  INDICATES NEGATIVE NUMBERS.
R  INDICATES RECORD WAS SET OR TIED.
MM INDICATES DATA IS MISSING.
T  INDICATES TRACE AMOUNT.




$$
