000
CDUS45 KRIW 280740
CLIBPI


CLIMATE REPORT
NATIONAL WEATHER SERVICE RIVERTON WY
130 AM MDT THU JUL 28 2016


...................................

...THE BIG PINEY WY CLIMATE SUMMARY FOR JULY 27 2016...

CLIMATE NORMAL PERIOD 1981 TO 2010
CLIMATE RECORD PERIOD 1976 TO 2016


WEATHER ITEM   OBSERVED TIME   RECORD YEAR NORMAL DEPARTURE LAST
                VALUE   (LST)  VALUE       VALUE  FROM      YEAR
                                                  NORMAL
..................................................................
TEMPERATURE (F)
 YESTERDAY
  MAXIMUM         90R   407 PM  89    2008  82      8       79
                                      1978
  MINIMUM         43    347 AM  33    2001  44     -1       36
                                      1999
  AVERAGE         67                        63      4       58

PRECIPITATION (IN)
  YESTERDAY        0.00          0.25 2004   0.03  -0.03      T
  MONTH TO DATE    0.12                      0.60  -0.48     1.73
  SINCE JUN 1      0.85                      1.39  -0.54     1.96
  SINCE JAN 1      6.90                      3.86   3.04     4.94

DEGREE DAYS
 HEATING
  YESTERDAY        0                         3     -3        7
  MONTH TO DATE  104                       103      1      122
  SINCE JUN 1    282                       408   -126      257
  SINCE JUL 1    104                       103      1      122

 COOLING
  YESTERDAY        2                         1      1        0
  MONTH TO DATE   13                        19     -6       18
  SINCE JUN 1     14                        21     -7       42
  SINCE JAN 1     14                        21     -7       42
..................................................................


WIND (MPH)
  HIGHEST WIND SPEED    20   HIGHEST WIND DIRECTION    NW (330)
  HIGHEST GUST SPEED    25   HIGHEST GUST DIRECTION    NW (330)
  AVERAGE WIND SPEED     6.6


SKY COVER
  POSSIBLE SUNSHINE  MM
  AVERAGE SKY COVER 0.2


WEATHER CONDITIONS
 THE FOLLOWING WEATHER WAS RECORDED YESTERDAY.
  HAZE


RELATIVE HUMIDITY (PERCENT)
 HIGHEST    53           400 AM
 LOWEST      9           300 PM
 AVERAGE    31

..........................................................


THE BIG PINEY WY CLIMATE NORMALS FOR TODAY
                         NORMAL    RECORD    YEAR
 MAXIMUM TEMPERATURE (F)   82        92      2006
 MINIMUM TEMPERATURE (F)   44        29      2015


SUNRISE AND SUNSET
JULY 28 2016..........SUNRISE   609 AM MDT   SUNSET   844 PM MDT
JULY 29 2016..........SUNRISE   610 AM MDT   SUNSET   843 PM MDT


-  INDICATES NEGATIVE NUMBERS.
R  INDICATES RECORD WAS SET OR TIED.
MM INDICATES DATA IS MISSING.
T  INDICATES TRACE AMOUNT.




$$
