000
CDUS45 KRIW 220732
CLIBPI


CLIMATE REPORT
NATIONAL WEATHER SERVICE RIVERTON WY
130 AM MDT MON SEP 22 2014


...................................

...THE BIG PINEY WY CLIMATE SUMMARY FOR SEPTEMBER 21 2014...

CLIMATE NORMAL PERIOD 1981 TO 2010
CLIMATE RECORD PERIOD 1976 TO 2014


WEATHER ITEM   OBSERVED TIME   RECORD YEAR NORMAL DEPARTURE LAST
                VALUE   (LST)  VALUE       VALUE  FROM      YEAR
                                                  NORMAL
..................................................................
TEMPERATURE (F)
 YESTERDAY
  MAXIMUM         69    201 PM  77    2012  66      3       74
  MINIMUM         38    553 AM   9    1983  30      8       31
  AVERAGE         54                        48      6       53

PRECIPITATION (IN)
  YESTERDAY        0.01          0.40 1997   0.03  -0.02     0.00
  MONTH TO DATE    0.17                      0.54  -0.37     0.76
  SINCE SEP 1      0.17                      0.54  -0.37     0.76
  SINCE JAN 1      3.54                      5.20  -1.66     3.76

DEGREE DAYS
 HEATING
  YESTERDAY       11                        17     -6       12
  MONTH TO DATE  239                       285    -46      159
  SINCE SEP 1    239                       285    -46      159
  SINCE JUL 1    468                       578   -110      260

 COOLING
  YESTERDAY        0                         0      0        0
  MONTH TO DATE    0                         0      0        5
  SINCE SEP 1      0                         0      0        5
  SINCE JAN 1     26                        35     -9       89
..................................................................


WIND (MPH)
  HIGHEST WIND SPEED    21   HIGHEST WIND DIRECTION     S (200)
  HIGHEST GUST SPEED    25   HIGHEST GUST DIRECTION    SW (210)
  AVERAGE WIND SPEED     5.2


SKY COVER
  POSSIBLE SUNSHINE  MM
  AVERAGE SKY COVER 0.4


WEATHER CONDITIONS
 THE FOLLOWING WEATHER WAS RECORDED YESTERDAY.
  LIGHT RAIN
  FOG


RELATIVE HUMIDITY (PERCENT)
 HIGHEST   100          1000 PM
 LOWEST     31           200 PM
 AVERAGE    66

..........................................................


THE BIG PINEY WY CLIMATE NORMALS FOR TODAY
                         NORMAL    RECORD    YEAR
 MAXIMUM TEMPERATURE (F)   65        78      2012
 MINIMUM TEMPERATURE (F)   29        15      1983


SUNRISE AND SUNSET
SEPTEMBER 22 2014.....SUNRISE   708 AM MDT   SUNSET   718 PM MDT
SEPTEMBER 23 2014.....SUNRISE   709 AM MDT   SUNSET   716 PM MDT


-  INDICATES NEGATIVE NUMBERS.
R  INDICATES RECORD WAS SET OR TIED.
MM INDICATES DATA IS MISSING.
T  INDICATES TRACE AMOUNT.




$$
