000
CDUS45 KRIW 270735
CLIBPI


CLIMATE REPORT
NATIONAL WEATHER SERVICE RIVERTON WY
134 AM MDT THU JUL 27 2017


...................................

...THE BIG PINEY WY CLIMATE SUMMARY FOR JULY 26 2017...

CLIMATE NORMAL PERIOD 1981 TO 2010
CLIMATE RECORD PERIOD 1976 TO 2017


WEATHER ITEM   OBSERVED TIME   RECORD YEAR NORMAL DEPARTURE LAST
                VALUE   (LST)  VALUE       VALUE  FROM      YEAR
                                                  NORMAL
..................................................................
TEMPERATURE (F)
 YESTERDAY
  MAXIMUM         74    516 PM  91    2002  82     -8       90
  MINIMUM         48    518 AM  35    2001  44      4       42
                                      1987
                                      1980
  AVERAGE         61                        63     -2       66

PRECIPITATION (IN)
  YESTERDAY        T             0.40 1982   0.03  -0.03     0.00
  MONTH TO DATE    0.85                      0.57   0.28     0.12
  SINCE JUN 1      0.99                      1.36  -0.37     0.85
  SINCE JAN 1      6.45                      3.83   2.62     6.90

DEGREE DAYS
 HEATING
  YESTERDAY        4                         3      1        0
  MONTH TO DATE   24                       100    -76      104
  SINCE JUN 1    295                       405   -110      282
  SINCE JUL 1     24                       100    -76      104

 COOLING
  YESTERDAY        0                         1     -1        1
  MONTH TO DATE   23                        18      5       11
  SINCE JUN 1     24                        20      4       12
  SINCE JAN 1     24                        20      4       12
..................................................................


WIND (MPH)
  HIGHEST WIND SPEED    22   HIGHEST WIND DIRECTION    NW (330)
  HIGHEST GUST SPEED    27   HIGHEST GUST DIRECTION    NW (320)
  AVERAGE WIND SPEED     5.0


SKY COVER
  POSSIBLE SUNSHINE  MM
  AVERAGE SKY COVER 0.3


WEATHER CONDITIONS
 THE FOLLOWING WEATHER WAS RECORDED YESTERDAY.
  LIGHT RAIN


RELATIVE HUMIDITY (PERCENT)
 HIGHEST    93          1200 AM
 LOWEST     47           300 PM
 AVERAGE    70

..........................................................


THE BIG PINEY WY CLIMATE NORMALS FOR TODAY
                         NORMAL    RECORD    YEAR
 MAXIMUM TEMPERATURE (F)   82        90      2016
 MINIMUM TEMPERATURE (F)   44        33      2001
                                             1999


SUNRISE AND SUNSET
JULY 27 2017..........SUNRISE   608 AM MDT   SUNSET   846 PM MDT
JULY 28 2017..........SUNRISE   609 AM MDT   SUNSET   844 PM MDT


-  INDICATES NEGATIVE NUMBERS.
R  INDICATES RECORD WAS SET OR TIED.
MM INDICATES DATA IS MISSING.
T  INDICATES TRACE AMOUNT.




$$
