000
CDUS45 KRIW 300733
CLIBPI


CLIMATE REPORT
NATIONAL WEATHER SERVICE RIVERTON WY
132 AM MDT TUE SEP 30 2014


...................................

...THE BIG PINEY WY CLIMATE SUMMARY FOR SEPTEMBER 29 2014...

CLIMATE NORMAL PERIOD 1981 TO 2010
CLIMATE RECORD PERIOD 1976 TO 2014


WEATHER ITEM   OBSERVED TIME   RECORD YEAR NORMAL DEPARTURE LAST
                VALUE   (LST)  VALUE       VALUE  FROM      YEAR
                                                  NORMAL
..................................................................
TEMPERATURE (F)
 YESTERDAY
  MAXIMUM         56    256 PM  78    2010  63     -7       63
                                      2001
  MINIMUM         40   1024 PM  11    1999  27     13       27
  AVERAGE         48                        45      3       45

PRECIPITATION (IN)
  YESTERDAY        0.01          0.20 1991   0.03  -0.02     0.00
  MONTH TO DATE    1.16                      0.76   0.40     0.83
  SINCE SEP 1      1.16                      0.76   0.40     0.83
  SINCE JAN 1      4.53                      5.42  -0.89     3.83

DEGREE DAYS
 HEATING
  YESTERDAY       17                        20     -3       20
  MONTH TO DATE  332                       437   -105      325
  SINCE SEP 1    332                       437   -105      325
  SINCE JUL 1    561                       730   -169      426

 COOLING
  YESTERDAY        0                         0      0        0
  MONTH TO DATE    0                         0      0        5
  SINCE SEP 1      0                         0      0        5
  SINCE JAN 1     26                        35     -9       89
..................................................................


WIND (MPH)
  HIGHEST WIND SPEED    17   HIGHEST WIND DIRECTION    NW (320)
  HIGHEST GUST SPEED    22   HIGHEST GUST DIRECTION    NW (300)
  AVERAGE WIND SPEED     8.1


SKY COVER
  POSSIBLE SUNSHINE  MM
  AVERAGE SKY COVER 0.8


WEATHER CONDITIONS
 THE FOLLOWING WEATHER WAS RECORDED YESTERDAY.
  LIGHT RAIN


RELATIVE HUMIDITY (PERCENT)
 HIGHEST    96           800 AM
 LOWEST     50           400 PM
 AVERAGE    73

..........................................................


THE BIG PINEY WY CLIMATE NORMALS FOR TODAY
                         NORMAL    RECORD    YEAR
 MAXIMUM TEMPERATURE (F)   62        79      2011
 MINIMUM TEMPERATURE (F)   27        12      1983


SUNRISE AND SUNSET
SEPTEMBER 30 2014.....SUNRISE   716 AM MDT   SUNSET   703 PM MDT
OCTOBER  1 2014.......SUNRISE   718 AM MDT   SUNSET   702 PM MDT


-  INDICATES NEGATIVE NUMBERS.
R  INDICATES RECORD WAS SET OR TIED.
MM INDICATES DATA IS MISSING.
T  INDICATES TRACE AMOUNT.




$$
