000
CDUS45 KRIW 290040
CLIBPI


CLIMATE REPORT
NATIONAL WEATHER SERVICE RIVERTON WY
537 PM MST SUN DEC 28 2014


...................................

...THE BIG PINEY WY CLIMATE SUMMARY FOR DECEMBER 28 2014...
VALID TODAY AS OF 0500 PM LOCAL TIME.

CLIMATE NORMAL PERIOD 1981 TO 2010
CLIMATE RECORD PERIOD 1976 TO 2014


WEATHER ITEM   OBSERVED TIME   RECORD YEAR NORMAL DEPARTURE LAST
                VALUE   (LST)  VALUE       VALUE  FROM      YEAR
                                                  NORMAL
..................................................................
TEMPERATURE (F)
 TODAY
  MAXIMUM         17        MM  47    1999  26     -9       32
  MINIMUM        -14        MM -26    1983  -2    -12        0
                                      1982
  AVERAGE          2

PRECIPITATION (IN)
  TODAY            T             0.30 1988   0.02  -0.02     0.00
  MONTH TO DATE    0.12                      0.26  -0.14     0.19
  SINCE DEC 1      0.12                      0.26  -0.14     0.19
  SINCE JAN 1      4.79                      6.44  -1.65     4.70

DEGREE DAYS
 HEATING
  TODAY           63                        54      9       49
  MONTH TO DATE 1152                      1464   -312     1496
  SINCE DEC 1   1152                      1464   -312     1496
  SINCE JUL 1   3380                      4279   -899     3961

 COOLING
  TODAY            0                         0      0        0
  MONTH TO DATE    0                         0      0        0
  SINCE DEC 1      0                         0      0        0
  SINCE JAN 1     26                        35     -9       89
..................................................................


WIND (MPH)
  HIGHEST WIND SPEED     7   HIGHEST WIND DIRECTION    NE (40)
  HIGHEST GUST SPEED    MM   HIGHEST GUST DIRECTION    MM
  AVERAGE WIND SPEED     2.8


SKY COVER
  POSSIBLE SUNSHINE  MM
  AVERAGE SKY COVER 0.8


WEATHER CONDITIONS
 THE FOLLOWING WEATHER WAS RECORDED TODAY.
  LIGHT SNOW
  FOG


RELATIVE HUMIDITY (PERCENT)
 HIGHEST    95          1000 AM
 LOWEST     73           300 PM
 AVERAGE    84

..........................................................


THE BIG PINEY WY CLIMATE NORMALS FOR TOMORROW
                         NORMAL    RECORD    YEAR
 MAXIMUM TEMPERATURE (F)   26        51      1999
 MINIMUM TEMPERATURE (F)   -2       -29      1983


SUNRISE AND SUNSET
DECEMBER 28 2014......SUNRISE   750 AM MST   SUNSET   455 PM MST
DECEMBER 29 2014......SUNRISE   750 AM MST   SUNSET   455 PM MST


-  INDICATES NEGATIVE NUMBERS.
R  INDICATES RECORD WAS SET OR TIED.
MM INDICATES DATA IS MISSING.
T  INDICATES TRACE AMOUNT.




$$
