000
CDUS45 KRIW 130739
CLIBPI


CLIMATE REPORT
NATIONAL WEATHER SERVICE RIVERTON WY
1230 AM MST SAT FEB 13 2016


...................................

...THE BIG PINEY WY CLIMATE SUMMARY FOR FEBRUARY 12 2016...

CLIMATE NORMAL PERIOD 1981 TO 2010
CLIMATE RECORD PERIOD 1976 TO 2016


WEATHER ITEM   OBSERVED TIME   RECORD YEAR NORMAL DEPARTURE LAST
                VALUE   (LST)  VALUE       VALUE  FROM      YEAR
                                                  NORMAL
..................................................................
TEMPERATURE (F)
 YESTERDAY
  MAXIMUM         46    419 PM  51    2015  28     18       51
  MINIMUM         17    718 AM -17    1980  -1     18       21
  AVERAGE         32                        13     19       36

PRECIPITATION (IN)
  YESTERDAY        0.00          0.14 2005   0.01  -0.01     0.00
  MONTH TO DATE    T                         0.14  -0.14     0.01
  SINCE DEC 1      0.15                      0.75  -0.60     0.14
  SINCE JAN 1      0.04                      0.45  -0.41     0.02

DEGREE DAYS
 HEATING
  YESTERDAY       33                        52    -19       29
  MONTH TO DATE  536                       634    -98      397
  SINCE DEC 1   3780                      3932   -152     3208
  SINCE JUL 1   6261                      6747   -486     5436

 COOLING
  YESTERDAY        0                         0      0        0
  MONTH TO DATE    0                         0      0        0
  SINCE DEC 1      0                         0      0        0
  SINCE JAN 1      0                         0      0        0
..................................................................


WIND (MPH)
  HIGHEST WIND SPEED     9   HIGHEST WIND DIRECTION     N (340)
  HIGHEST GUST SPEED    10   HIGHEST GUST DIRECTION     N (340)
  AVERAGE WIND SPEED     3.6


SKY COVER
  POSSIBLE SUNSHINE  MM
  AVERAGE SKY COVER 0.0


WEATHER CONDITIONS
 THE FOLLOWING WEATHER WAS RECORDED YESTERDAY.
  NO SIGNIFICANT WEATHER WAS OBSERVED.


RELATIVE HUMIDITY (PERCENT)
 HIGHEST    92           200 AM
 LOWEST     49           200 PM
 AVERAGE    71

..........................................................


THE BIG PINEY WY CLIMATE NORMALS FOR TODAY
                         NORMAL    RECORD    YEAR
 MAXIMUM TEMPERATURE (F)   28        57      2015
 MINIMUM TEMPERATURE (F)    1       -19      2004


SUNRISE AND SUNSET
FEBRUARY 13 2016......SUNRISE   720 AM MST   SUNSET   549 PM MST
FEBRUARY 14 2016......SUNRISE   719 AM MST   SUNSET   551 PM MST


-  INDICATES NEGATIVE NUMBERS.
R  INDICATES RECORD WAS SET OR TIED.
MM INDICATES DATA IS MISSING.
T  INDICATES TRACE AMOUNT.




$$
