000
CDUS45 KRIW 250056
CLIBPI


CLIMATE REPORT
NATIONAL WEATHER SERVICE RIVERTON WY
656 PM MDT THU APR 24 2014


...................................

...THE BIG PINEY WY CLIMATE SUMMARY FOR APRIL 24 2014...
VALID TODAY AS OF 0500 PM LOCAL TIME.

CLIMATE NORMAL PERIOD 1981 TO 2010
CLIMATE RECORD PERIOD 1976 TO 2014


WEATHER ITEM   OBSERVED TIME   RECORD YEAR NORMAL DEPARTURE LAST
                VALUE   (LST)  VALUE       VALUE  FROM      YEAR
                                                  NORMAL
..................................................................
TEMPERATURE (F)
 TODAY
  MAXIMUM         53        MM  76    2012  55     -2       49
  MINIMUM         17        MM  12    2011  24     -7       15
  AVERAGE         35

PRECIPITATION (IN)
  TODAY            0.00          0.42 1999   0.02  -0.02     0.00
  MONTH TO DATE    0.02                      0.39  -0.37     0.25
  SINCE MAR 1      0.14                      0.83  -0.69     0.28
  SINCE JAN 1      0.18                      1.49  -1.31     0.44

DEGREE DAYS
 HEATING
  TODAY           30                        26      4       33
  MONTH TO DATE  691                       688      3      786
  SINCE MAR 1   1750                      1860   -110     1904
  SINCE JUL 1   8694                      9383   -689     8768

 COOLING
  TODAY            0                         0      0        0
  MONTH TO DATE    0                         0      0        0
  SINCE MAR 1      0                         0      0        0
  SINCE JAN 1      0                         0      0        0
..................................................................


WIND (MPH)
  HIGHEST WIND SPEED    25   HIGHEST WIND DIRECTION     W (270)
  HIGHEST GUST SPEED    40   HIGHEST GUST DIRECTION     W (270)
  AVERAGE WIND SPEED     8.7


SKY COVER
  POSSIBLE SUNSHINE  MM
  AVERAGE SKY COVER 0.5


WEATHER CONDITIONS
 THE FOLLOWING WEATHER WAS RECORDED TODAY.
  NO SIGNIFICANT WEATHER WAS OBSERVED.


RELATIVE HUMIDITY (PERCENT)
 HIGHEST    74           300 AM
 LOWEST     29           100 PM
 AVERAGE    52

..........................................................


THE BIG PINEY WY CLIMATE NORMALS FOR TOMORROW
                         NORMAL    RECORD    YEAR
 MAXIMUM TEMPERATURE (F)   55        71      2012
 MINIMUM TEMPERATURE (F)   24        14      2000


SUNRISE AND SUNSET
APRIL 24 2014.........SUNRISE   625 AM MDT   SUNSET   813 PM MDT
APRIL 25 2014.........SUNRISE   624 AM MDT   SUNSET   814 PM MDT


-  INDICATES NEGATIVE NUMBERS.
R  INDICATES RECORD WAS SET OR TIED.
MM INDICATES DATA IS MISSING.
T  INDICATES TRACE AMOUNT.




$$
