000
CDUS45 KRIW 310033
CLIBPI


CLIMATE REPORT
NATIONAL WEATHER SERVICE RIVERTON WY
631 PM MDT WED JUL 30 2014


...................................

...THE BIG PINEY WY CLIMATE SUMMARY FOR JULY 30 2014...
VALID TODAY AS OF 0500 PM LOCAL TIME.

CLIMATE NORMAL PERIOD 1981 TO 2010
CLIMATE RECORD PERIOD 1976 TO 2014


WEATHER ITEM   OBSERVED TIME   RECORD YEAR NORMAL DEPARTURE LAST
                VALUE   (LST)  VALUE       VALUE  FROM      YEAR
                                                  NORMAL
..................................................................
TEMPERATURE (F)
 TODAY
  MAXIMUM         58        MM  93    1982  82    -24       81
  MINIMUM         54        MM  32    1977  44     10       42
  AVERAGE         56

PRECIPITATION (IN)
  TODAY            0.06          0.40 1976   0.03   0.03     0.02
  MONTH TO DATE    0.44                      0.68  -0.24     0.89
  SINCE JUN 1      0.62                      1.47  -0.85     0.89
  SINCE JAN 1      1.77                      3.94  -2.17     2.59

DEGREE DAYS
 HEATING
  TODAY            9                         3      6        3
  MONTH TO DATE   45                       112    -67       24
  SINCE JUN 1    392                       417    -25      241
  SINCE JUL 1     45                       112    -67       24

 COOLING
  TODAY            0                         1     -1        0
  MONTH TO DATE   26                        22      4       57
  SINCE JUN 1     26                        24      2       77
  SINCE JAN 1     26                        24      2       77
..................................................................


WIND (MPH)
  HIGHEST WIND SPEED    12   HIGHEST WIND DIRECTION    NW (330)
  HIGHEST GUST SPEED    MM   HIGHEST GUST DIRECTION    MM
  AVERAGE WIND SPEED     5.5


SKY COVER
  POSSIBLE SUNSHINE  MM
  AVERAGE SKY COVER 0.9


WEATHER CONDITIONS
 THE FOLLOWING WEATHER WAS RECORDED TODAY.
  RAIN
  LIGHT RAIN
  FOG


RELATIVE HUMIDITY (PERCENT)
 HIGHEST    93           200 AM
 LOWEST     72           300 PM
 AVERAGE    83

..........................................................


THE BIG PINEY WY CLIMATE NORMALS FOR TOMORROW
                         NORMAL    RECORD    YEAR
 MAXIMUM TEMPERATURE (F)   82        92      2003
 MINIMUM TEMPERATURE (F)   44        28      1987


SUNRISE AND SUNSET
JULY 30 2014..........SUNRISE   610 AM MDT   SUNSET   843 PM MDT
JULY 31 2014..........SUNRISE   611 AM MDT   SUNSET   841 PM MDT


-  INDICATES NEGATIVE NUMBERS.
R  INDICATES RECORD WAS SET OR TIED.
MM INDICATES DATA IS MISSING.
T  INDICATES TRACE AMOUNT.




$$
