000
CDUS45 KRIW 260037
CLIBPI


CLIMATE REPORT
NATIONAL WEATHER SERVICE RIVERTON WY
628 PM MDT FRI JUL 25 2014


...................................

...THE BIG PINEY WY CLIMATE SUMMARY FOR JULY 25 2014...
VALID TODAY AS OF 0500 PM LOCAL TIME.

CLIMATE NORMAL PERIOD 1981 TO 2010
CLIMATE RECORD PERIOD 1976 TO 2014


WEATHER ITEM   OBSERVED TIME   RECORD YEAR NORMAL DEPARTURE LAST
                VALUE   (LST)  VALUE       VALUE  FROM      YEAR
                                                  NORMAL
..................................................................
TEMPERATURE (F)
 TODAY
  MAXIMUM         86        MM  90    1978  82      4       83
  MINIMUM         40        MM  35    2000  44     -4       50
                                      1995
                                      1993
  AVERAGE         63

PRECIPITATION (IN)
  TODAY            0.00          0.46 1977   0.03  -0.03     0.00
  MONTH TO DATE    0.28                      0.54  -0.26     0.54
  SINCE JUN 1      0.46                      1.33  -0.87     0.54
  SINCE JAN 1      1.61                      3.80  -2.19     2.24

DEGREE DAYS
 HEATING
  TODAY            2                         3     -1        0
  MONTH TO DATE   30                        97    -67        9
  SINCE JUN 1    377                       402    -25      226
  SINCE JUL 1     30                        97    -67        9

 COOLING
  TODAY            0                         1     -1        2
  MONTH TO DATE   23                        17      6       56
  SINCE JUN 1     23                        19      4       76
  SINCE JAN 1     23                        19      4       76
..................................................................


WIND (MPH)
  HIGHEST WIND SPEED    24   HIGHEST WIND DIRECTION     W (260)
  HIGHEST GUST SPEED    31   HIGHEST GUST DIRECTION     W (260)
  AVERAGE WIND SPEED     8.6


SKY COVER
  POSSIBLE SUNSHINE  MM
  AVERAGE SKY COVER 0.0


WEATHER CONDITIONS
 THE FOLLOWING WEATHER WAS RECORDED TODAY.
  NO SIGNIFICANT WEATHER WAS OBSERVED.


RELATIVE HUMIDITY (PERCENT)
 HIGHEST    57           400 AM
 LOWEST     12           400 PM
 AVERAGE    35

..........................................................


THE BIG PINEY WY CLIMATE NORMALS FOR TOMORROW
                         NORMAL    RECORD    YEAR
 MAXIMUM TEMPERATURE (F)   82        91      2002
 MINIMUM TEMPERATURE (F)   44        35      2001
                                             1987
                                             1980


SUNRISE AND SUNSET
JULY 25 2014..........SUNRISE   605 AM MDT   SUNSET   848 PM MDT
JULY 26 2014..........SUNRISE   606 AM MDT   SUNSET   847 PM MDT


-  INDICATES NEGATIVE NUMBERS.
R  INDICATES RECORD WAS SET OR TIED.
MM INDICATES DATA IS MISSING.
T  INDICATES TRACE AMOUNT.




$$
