000
CDUS44 KLCH 170818
CLIBPT


CLIMATE REPORT
NATIONAL WEATHER SERVICE LAKE CHARLES, LA
317 AM CDT THU APR 17 2014


...................................

...THE BEAUMONT PORT ARTHUR CLIMATE SUMMARY FOR APRIL 16 2014...

CLIMATE NORMAL PERIOD 1981 TO 2010
CLIMATE RECORD PERIOD 1901 TO 2014


WEATHER ITEM   OBSERVED TIME   RECORD YEAR NORMAL DEPARTURE LAST
                VALUE   (LST)  VALUE       VALUE  FROM      YEAR
                                                  NORMAL
..................................................................
TEMPERATURE (F)
 YESTERDAY
  MAXIMUM         66    331 PM  90    1944  78    -12       79
                                      1925
  MINIMUM         43    351 AM  37    1961  59    -16       73
  AVERAGE         55                        69    -14       76

PRECIPITATION (IN)
  YESTERDAY        0.00          4.12 1912   0.09  -0.09     0.00
  MONTH TO DATE    1.97                      1.56   0.41     5.07
  SINCE MAR 1      4.26                      5.09  -0.83     6.18
  SINCE JAN 1     10.98                     13.93  -2.95    17.70

SNOWFALL (IN)
  YESTERDAY        0.0           0.0    MM   0.0    0.0      0.0
  MONTH TO DATE    0.0                       0.0    0.0      0.0
  SINCE MAR 1      0.0                       0.0    0.0      0.0
  SINCE JUL 1      0.3                       T      0.3      0.0
  SNOW DEPTH       0

DEGREE DAYS
 HEATING
  YESTERDAY       10                         1      9        0
  MONTH TO DATE   34                        31      3       41
  SINCE MAR 1    238                       179     59      242
  SINCE JUL 1   1707                      1392    315     1214

 COOLING
  YESTERDAY        0                         5     -5       11
  MONTH TO DATE   57                        61     -4       49
  SINCE MAR 1     80                       116    -36       92
  SINCE JAN 1    104                       142    -38      122
..................................................................


WIND (MPH)
  HIGHEST WIND SPEED    17   HIGHEST WIND DIRECTION    SE (130)
  HIGHEST GUST SPEED    21   HIGHEST GUST DIRECTION    SE (130)
  AVERAGE WIND SPEED     8.5


SKY COVER
  POSSIBLE SUNSHINE  MM
  AVERAGE SKY COVER 0.2


WEATHER CONDITIONS
 THE FOLLOWING WEATHER WAS RECORDED YESTERDAY.
  NO SIGNIFICANT WEATHER WAS OBSERVED.


RELATIVE HUMIDITY (PERCENT)
 HIGHEST    89          1000 PM
 LOWEST     47           900 AM
 AVERAGE    68

..........................................................


THE BEAUMONT PORT ARTHUR CLIMATE NORMALS FOR TODAY
                         NORMAL    RECORD    YEAR
 MAXIMUM TEMPERATURE (F)   78        91      1925
 MINIMUM TEMPERATURE (F)   59        41      1999
                                             1921


SUNRISE AND SUNSET
APRIL 17 2014.........SUNRISE   647 AM CDT   SUNSET   745 PM CDT
APRIL 18 2014.........SUNRISE   646 AM CDT   SUNSET   745 PM CDT


-  INDICATES NEGATIVE NUMBERS.
R  INDICATES RECORD WAS SET OR TIED.
MM INDICATES DATA IS MISSING.
T  INDICATES TRACE AMOUNT.




$$
