000
CDUS44 KLCH 270902
CLIBPT


CLIMATE REPORT
NATIONAL WEATHER SERVICE LAKE CHARLES, LA
402 AM CDT THU JUL 27 2017


...................................

...THE BEAUMONT PORT ARTHUR CLIMATE SUMMARY FOR JULY 26 2017...

CLIMATE NORMAL PERIOD 1981 TO 2010
CLIMATE RECORD PERIOD 1901 TO 2017


WEATHER ITEM   OBSERVED TIME   RECORD YEAR NORMAL DEPARTURE LAST
                VALUE   (LST)  VALUE       VALUE  FROM      YEAR
                                                  NORMAL
..................................................................
TEMPERATURE (F)
 YESTERDAY
  MAXIMUM         94    212 PM 100    1924  92      2       92
                                      1917
  MINIMUM         76   1159 PM  69    2000  74      2       74
  AVERAGE         85                        83      2       83

PRECIPITATION (IN)
  YESTERDAY        T             2.71 1963   0.17  -0.17      T
  MONTH TO DATE    4.11                      5.07  -0.96     5.81
  SINCE JUN 1     16.36                     12.16   4.20    15.61
  SINCE JAN 1     34.54                     32.97   1.57    45.11

SNOWFALL (IN)
  YESTERDAY        0.0           0.0    MM   0.0    0.0      0.0
  MONTH TO DATE    0.0                       0.0    0.0      0.0
  SINCE JUN 1      0.0                       0.0    0.0      0.0
  SINCE JUL 1      0.0                       0.0    0.0      0.0
  SNOW DEPTH       0

DEGREE DAYS
 HEATING
  YESTERDAY        0                         0      0        0
  MONTH TO DATE    0                         0      0        0
  SINCE JUN 1      0                         0      0        0
  SINCE JUL 1      0                         0      0        0

 COOLING
  YESTERDAY       20                        18      2       18
  MONTH TO DATE  343                       468   -125      535
  SINCE JUN 1    796                       952   -156     1064
  SINCE JAN 1   1681                      1518    163     1771
..................................................................


WIND (MPH)
  HIGHEST WIND SPEED    14   HIGHEST WIND DIRECTION     S (180)
  HIGHEST GUST SPEED    17   HIGHEST GUST DIRECTION     S (190)
  AVERAGE WIND SPEED     4.7


SKY COVER
  POSSIBLE SUNSHINE  MM
  AVERAGE SKY COVER 0.1


WEATHER CONDITIONS
 THE FOLLOWING WEATHER WAS RECORDED YESTERDAY.
  THUNDERSTORM
  FOG


RELATIVE HUMIDITY (PERCENT)
 HIGHEST    97           500 AM
 LOWEST     49           400 PM
 AVERAGE    73

..........................................................


THE BEAUMONT PORT ARTHUR CLIMATE NORMALS FOR TODAY
                         NORMAL    RECORD    YEAR
 MAXIMUM TEMPERATURE (F)   92        99      1937
                                             1925
                                             1915
 MINIMUM TEMPERATURE (F)   74        67      1911


SUNRISE AND SUNSET
JULY 27 2017..........SUNRISE   632 AM CDT   SUNSET   812 PM CDT
JULY 28 2017..........SUNRISE   633 AM CDT   SUNSET   812 PM CDT


-  INDICATES NEGATIVE NUMBERS.
R  INDICATES RECORD WAS SET OR TIED.
MM INDICATES DATA IS MISSING.
T  INDICATES TRACE AMOUNT.




$$
