000
CDUS44 KLCH 170953
CLIBPT


CLIMATE REPORT
NATIONAL WEATHER SERVICE LAKE CHARLES, LA
352 AM CST TUE JAN 17 2017


...................................

...THE BEAUMONT PORT ARTHUR CLIMATE SUMMARY FOR JANUARY 16 2017...

CLIMATE NORMAL PERIOD 1981 TO 2010
CLIMATE RECORD PERIOD 1901 TO 2017


WEATHER ITEM   OBSERVED TIME   RECORD YEAR NORMAL DEPARTURE LAST
                VALUE   (LST)  VALUE       VALUE  FROM      YEAR
                                                  NORMAL
..................................................................
TEMPERATURE (F)
 YESTERDAY
  MAXIMUM         82R   123 PM  78    1952  62     20       60
  MINIMUM         65    635 AM  22    1972  43     22       45
  AVERAGE         74                        52     22       53

PRECIPITATION (IN)
  YESTERDAY        0.00          2.51 1919   0.17  -0.17     0.32
  MONTH TO DATE    0.85                      2.82  -1.97     2.53
  SINCE DEC 1     13.87                      8.11   5.76     6.67
  SINCE JAN 1      0.85                      2.82  -1.97     2.53

SNOWFALL (IN)
  YESTERDAY        0.0           0.0    MM   0.0    0.0     MM
  MONTH TO DATE    0.0                       0.0    0.0      0.0
  SINCE DEC 1      0.0                       T      0.0      0.0
  SINCE JUL 1      0.0                       T      0.0      0.0
  SNOW DEPTH       0

DEGREE DAYS
 HEATING
  YESTERDAY        0                        13    -13       12
  MONTH TO DATE  123                       208    -85      210
  SINCE DEC 1    344                       563   -219      395
  SINCE JUL 1    414                       758   -344      459

 COOLING
  YESTERDAY        9                         0      9        0
  MONTH TO DATE   46                         0     46        0
  SINCE DEC 1    116                        22     94       68
  SINCE JAN 1     46                         0     46        0
..................................................................


WIND (MPH)
  HIGHEST WIND SPEED    23   HIGHEST WIND DIRECTION     S (160)
  HIGHEST GUST SPEED    30   HIGHEST GUST DIRECTION     S (170)
  AVERAGE WIND SPEED    12.6


SKY COVER
  POSSIBLE SUNSHINE  MM
  AVERAGE SKY COVER 0.8


WEATHER CONDITIONS
 THE FOLLOWING WEATHER WAS RECORDED YESTERDAY.
  FOG
  HAZE


RELATIVE HUMIDITY (PERCENT)
 HIGHEST    97           800 PM
 LOWEST     67           100 PM
 AVERAGE    82

..........................................................


THE BEAUMONT PORT ARTHUR CLIMATE NORMALS FOR TODAY
                         NORMAL    RECORD    YEAR
 MAXIMUM TEMPERATURE (F)   62        81      1906
 MINIMUM TEMPERATURE (F)   43        20      1965


SUNRISE AND SUNSET
JANUARY 17 2017.......SUNRISE   712 AM CST   SUNSET   541 PM CST
JANUARY 18 2017.......SUNRISE   712 AM CST   SUNSET   542 PM CST


-  INDICATES NEGATIVE NUMBERS.
R  INDICATES RECORD WAS SET OR TIED.
MM INDICATES DATA IS MISSING.
T  INDICATES TRACE AMOUNT.




$$
