000
CDUS44 KLCH 231203
CLIBPT


CLIMATE REPORT
NATIONAL WEATHER SERVICE LAKE CHARLES, LA
602 AM CST FRI FEB 23 2018


...................................

...THE BEAUMONT PORT ARTHUR CLIMATE SUMMARY FOR FEBRUARY 22 2018...

CLIMATE NORMAL PERIOD 1981 TO 2010
CLIMATE RECORD PERIOD 1901 TO 2018


WEATHER ITEM   OBSERVED TIME   RECORD YEAR NORMAL DEPARTURE LAST
                VALUE   (LST)  VALUE       VALUE  FROM      YEAR
                                                  NORMAL
..................................................................
TEMPERATURE (F)
 YESTERDAY
  MAXIMUM         81   1240 PM  82    2017  67     14       82
                                      1980
  MINIMUM         64    527 AM  24    1978  48     16       54
  AVERAGE         73                        57     16       68

PRECIPITATION (IN)
  YESTERDAY        T             2.03 1918   0.12  -0.12     0.00
  MONTH TO DATE    3.27                      2.87   0.40     1.11
  SINCE DEC 1     19.21                     13.42   5.79    15.07
  SINCE JAN 1     13.60                      8.13   5.47     2.05

SNOWFALL (IN)
  YESTERDAY        0.0           T    1963   0.0    0.0      0.0
  MONTH TO DATE    0.0                       0.0    0.0      0.0
  SINCE DEC 1      3.1                       T      3.1      0.0
  SINCE JUL 1      3.1                       T      3.1      0.0
  SNOW DEPTH       0

DEGREE DAYS
 HEATING
  YESTERDAY        0                         8     -8        0
  MONTH TO DATE  103                       224   -121       57
  SINCE DEC 1    985                       972     13      477
  SINCE JUL 1   1115                      1167    -52      547

 COOLING
  YESTERDAY        8                         1      7        3
  MONTH TO DATE   67                        10     57       88
  SINCE DEC 1     86                        43     43      234
  SINCE JAN 1     68                        21     47      164
..................................................................


WIND (MPH)
  HIGHEST WIND SPEED    23   HIGHEST WIND DIRECTION     S (160)
  HIGHEST GUST SPEED    29   HIGHEST GUST DIRECTION     S (170)
  AVERAGE WIND SPEED    11.7


SKY COVER
  POSSIBLE SUNSHINE  MM
  AVERAGE SKY COVER 1.0


WEATHER CONDITIONS
 THE FOLLOWING WEATHER WAS RECORDED YESTERDAY.
  LIGHT RAIN
  FOG


RELATIVE HUMIDITY (PERCENT)
 HIGHEST    93          1200 AM
 LOWEST     69          1200 PM
 AVERAGE    81

..........................................................


THE BEAUMONT PORT ARTHUR CLIMATE NORMALS FOR TODAY
                         NORMAL    RECORD    YEAR
 MAXIMUM TEMPERATURE (F)   67        82      1977
                                             1927
 MINIMUM TEMPERATURE (F)   48        29      1968
                                             1964


SUNRISE AND SUNSET
FEBRUARY 23 2018......SUNRISE   648 AM CST   SUNSET   611 PM CST
FEBRUARY 24 2018......SUNRISE   647 AM CST   SUNSET   612 PM CST


-  INDICATES NEGATIVE NUMBERS.
R  INDICATES RECORD WAS SET OR TIED.
MM INDICATES DATA IS MISSING.
T  INDICATES TRACE AMOUNT.




$$
