000
CDUS43 KDVN 012124
CLIBRL


CLIMATE REPORT
NATIONAL WEATHER SERVICE QUAD CITIES IA IL
423 PM CDT TUE SEP 1 2015


...................................

...THE BURLINGTON IA CLIMATE SUMMARY FOR SEPTEMBER 1 2015...
VALID TODAY AS OF 0400 PM LOCAL TIME.

CLIMATE NORMAL PERIOD 1981 TO 2010
CLIMATE RECORD PERIOD 1897 TO 2015


WEATHER ITEM   OBSERVED TIME   RECORD YEAR NORMAL DEPARTURE LAST
                VALUE   (LST)  VALUE       VALUE  FROM      YEAR
                                                  NORMAL
..................................................................
TEMPERATURE (F)
 TODAY
  MAXIMUM         92    201 PM 103    1913  83      9       81
  MINIMUM         71    557 AM  40    1949  62      9       67
  AVERAGE         82                        73      9       74

PRECIPITATION (IN)
  TODAY            0.00         MM      MM   0.14  -0.14     0.03
  MONTH TO DATE    0.00                      0.14  -0.14     0.03
  SINCE SEP 1      0.00                      0.14  -0.14     0.03
  SINCE JAN 1     28.59                     27.39   1.20    29.10

DEGREE DAYS
 HEATING
  TODAY            0                         0      0        0
  MONTH TO DATE    0                         0      0        0
  SINCE SEP 1      0                         0      0        0
  SINCE JUL 1      7                         4      3        7

 COOLING
  TODAY           17                         8      9        9
  MONTH TO DATE   17                         8      9        9
  SINCE SEP 1     17                         8      9        9
  SINCE JAN 1    869                      1051   -182      863
..................................................................


WIND (MPH)
  HIGHEST WIND SPEED    14   HIGHEST WIND DIRECTION    SW (220)
  HIGHEST GUST SPEED    18   HIGHEST GUST DIRECTION    SW (240)
  AVERAGE WIND SPEED     7.8


SKY COVER
  POSSIBLE SUNSHINE  MM
  AVERAGE SKY COVER 0.0


WEATHER CONDITIONS
 THE FOLLOWING WEATHER WAS RECORDED TODAY.
  FOG
  HAZE


RELATIVE HUMIDITY (PERCENT)
 HIGHEST   100           500 AM
 LOWEST     49           200 PM
 AVERAGE    75

..........................................................


THE BURLINGTON IA CLIMATE NORMALS FOR TOMORROW
                         NORMAL    RECORD    YEAR
 MAXIMUM TEMPERATURE (F)   83       101      1913
 MINIMUM TEMPERATURE (F)   62        43      1946


SUNRISE AND SUNSET
SEPTEMBER  1 2015.....SUNRISE   631 AM CDT   SUNSET   737 PM CDT
SEPTEMBER  2 2015.....SUNRISE   632 AM CDT   SUNSET   735 PM CDT


-  INDICATES NEGATIVE NUMBERS.
R  INDICATES RECORD WAS SET OR TIED.
MM INDICATES DATA IS MISSING.
T  INDICATES TRACE AMOUNT.




$$
