000
CDUS43 KDVN 250943
CLIBRL


CLIMATE REPORT
NATIONAL WEATHER SERVICE QUAD CITIES IA IL
443 AM CDT MON JUL 25 2016


...................................

...THE BURLINGTON IA CLIMATE SUMMARY FOR JULY 24 2016...

CLIMATE NORMAL PERIOD 1981 TO 2010
CLIMATE RECORD PERIOD 1897 TO 2016


WEATHER ITEM   OBSERVED TIME   RECORD YEAR NORMAL DEPARTURE LAST
                VALUE   (LST)  VALUE       VALUE  FROM      YEAR
                                                  NORMAL
..................................................................
TEMPERATURE (F)
 YESTERDAY
  MAXIMUM         92    151 PM 107    1901  87      5       85
  MINIMUM         74   1159 PM  51    2003  67      7       63
  AVERAGE         83                        77      6       74

PRECIPITATION (IN)
  YESTERDAY        0.03         MM      MM   0.13  -0.10     0.02
  MONTH TO DATE    6.45                      3.34   3.11     6.78
  SINCE JUN 1      7.51                      7.81  -0.30    15.45
  SINCE JAN 1     18.36                     22.07  -3.71    24.41

DEGREE DAYS
 HEATING
  YESTERDAY        0                         0      0        0
  MONTH TO DATE    6                         0      6        4
  SINCE JUN 1      6                        13     -7        9
  SINCE JUL 1      6                         0      6        4

 COOLING
  YESTERDAY       18                        12      6        9
  MONTH TO DATE  240                       288    -48      218
  SINCE JUN 1    551                       548      3      442
  SINCE JAN 1    650                       651     -1      535
..................................................................


WIND (MPH)
  HIGHEST WIND SPEED    15   HIGHEST WIND DIRECTION    SW (240)
  HIGHEST GUST SPEED    20   HIGHEST GUST DIRECTION     W (250)
  AVERAGE WIND SPEED     7.9


SKY COVER
  POSSIBLE SUNSHINE  MM
  AVERAGE SKY COVER 0.1


WEATHER CONDITIONS
 THE FOLLOWING WEATHER WAS RECORDED YESTERDAY.
  THUNDERSTORM
  RAIN
  LIGHT RAIN
  FOG


RELATIVE HUMIDITY (PERCENT)
 HIGHEST    97           300 AM
 LOWEST     70           100 PM
 AVERAGE    84

..........................................................


THE BURLINGTON IA CLIMATE NORMALS FOR TODAY
                         NORMAL    RECORD    YEAR
 MAXIMUM TEMPERATURE (F)   87       107      1936
 MINIMUM TEMPERATURE (F)   67        53      1911


SUNRISE AND SUNSET
JULY 25 2016..........SUNRISE   555 AM CDT   SUNSET   826 PM CDT
JULY 26 2016..........SUNRISE   556 AM CDT   SUNSET   826 PM CDT


-  INDICATES NEGATIVE NUMBERS.
R  INDICATES RECORD WAS SET OR TIED.
MM INDICATES DATA IS MISSING.
T  INDICATES TRACE AMOUNT.




$$
