000
CDUS43 KDVN 230910
CLIBRL


CLIMATE REPORT
NATIONAL WEATHER SERVICE QUAD CITIES IA IL
409 AM CDT SUN APR 23 2017


...................................

...THE BURLINGTON IA CLIMATE SUMMARY FOR APRIL 22 2017...

CLIMATE NORMAL PERIOD 1981 TO 2010
CLIMATE RECORD PERIOD 1897 TO 2017


WEATHER ITEM   OBSERVED TIME   RECORD YEAR NORMAL DEPARTURE LAST
                VALUE   (LST)  VALUE       VALUE  FROM      YEAR
                                                  NORMAL
..................................................................
TEMPERATURE (F)
 YESTERDAY
  MAXIMUM         64    437 PM  89    1980  67     -3       66
  MINIMUM         43   1139 PM  27    1986  45     -2       45
  AVERAGE         54                        56     -2       56

PRECIPITATION (IN)
  YESTERDAY        0.00         MM      MM   0.14  -0.14     0.00
  MONTH TO DATE    3.08                      2.58   0.50     1.64
  SINCE MAR 1      6.06                      5.37   0.69     4.85
  SINCE JAN 1      7.92                      8.23  -0.31     6.23

DEGREE DAYS
 HEATING
  YESTERDAY       11                        10      1        9
  MONTH TO DATE  193                       290    -97      308
  SINCE MAR 1    884                      1018   -134      890
  SINCE JUL 1   4578                      5396   -818     4772

 COOLING
  YESTERDAY        0                         1     -1        0
  MONTH TO DATE   19                        12      7        8
  SINCE MAR 1     19                        14      5        9
  SINCE JAN 1     19                        14      5        9
..................................................................


WIND (MPH)
  HIGHEST WIND SPEED    22   HIGHEST WIND DIRECTION    NE (40)
  HIGHEST GUST SPEED    28   HIGHEST GUST DIRECTION    NE (30)
  AVERAGE WIND SPEED    11.0


SKY COVER
  POSSIBLE SUNSHINE  MM
  AVERAGE SKY COVER 0.0


WEATHER CONDITIONS
 THE FOLLOWING WEATHER WAS RECORDED YESTERDAY.
  NO SIGNIFICANT WEATHER WAS OBSERVED.


RELATIVE HUMIDITY (PERCENT)
 HIGHEST    71           100 AM
 LOWEST     36           200 PM
 AVERAGE    54

..........................................................


THE BURLINGTON IA CLIMATE NORMALS FOR TODAY
                         NORMAL    RECORD    YEAR
 MAXIMUM TEMPERATURE (F)   67        84      1960
 MINIMUM TEMPERATURE (F)   45        24      1910


SUNRISE AND SUNSET
APRIL 23 2017.........SUNRISE   613 AM CDT   SUNSET   753 PM CDT
APRIL 24 2017.........SUNRISE   612 AM CDT   SUNSET   754 PM CDT


-  INDICATES NEGATIVE NUMBERS.
R  INDICATES RECORD WAS SET OR TIED.
MM INDICATES DATA IS MISSING.
T  INDICATES TRACE AMOUNT.




$$
