000
CDUS43 KDVN 212122
CLIBRL


CLIMATE REPORT
NATIONAL WEATHER SERVICE QUAD CITIES IA IL
420 PM CDT THU SEP 21 2017


...................................

...THE BURLINGTON IA CLIMATE SUMMARY FOR SEPTEMBER 21 2017...
VALID TODAY AS OF 0400 PM LOCAL TIME.

CLIMATE NORMAL PERIOD 1981 TO 2010
CLIMATE RECORD PERIOD 1897 TO 2017


WEATHER ITEM   OBSERVED TIME   RECORD YEAR NORMAL DEPARTURE LAST
                VALUE   (LST)  VALUE       VALUE  FROM      YEAR
                                                  NORMAL
..................................................................
TEMPERATURE (F)
 TODAY
  MAXIMUM         84    259 PM  94    1908  77      7       89
  MINIMUM         68    332 AM  35    1918  54     14       69
  AVERAGE         76                        65     11       79

PRECIPITATION (IN)
  TODAY            0.09         MM      MM   0.12  -0.03     0.00
  MONTH TO DATE    0.12                      2.57  -2.45     3.23
  SINCE SEP 1      0.12                      2.57  -2.45     3.23
  SINCE JAN 1     25.45                     29.82  -4.37    27.48

DEGREE DAYS
 HEATING
  TODAY            0                         3     -3        0
  MONTH TO DATE   23                        28     -5        3
  SINCE SEP 1     23                        28     -5        3
  SINCE JUL 1     23                        32     -9        9

 COOLING
  TODAY           11                         3      8       14
  MONTH TO DATE   88                       118    -30      152
  SINCE SEP 1     88                       118    -30      152
  SINCE JAN 1    962                      1161   -199     1185
..................................................................


WIND (MPH)
  HIGHEST WIND SPEED    28   HIGHEST WIND DIRECTION    NE (30)
  HIGHEST GUST SPEED    33   HIGHEST GUST DIRECTION    NE (30)
  AVERAGE WIND SPEED    10.0


SKY COVER
  POSSIBLE SUNSHINE  MM
  AVERAGE SKY COVER 0.6


WEATHER CONDITIONS
 THE FOLLOWING WEATHER WAS RECORDED TODAY.
  THUNDERSTORM
  LIGHT RAIN
  FOG


RELATIVE HUMIDITY (PERCENT)
 HIGHEST    97           400 AM
 LOWEST     58           200 PM
 AVERAGE    78

..........................................................


THE BURLINGTON IA CLIMATE NORMALS FOR TOMORROW
                         NORMAL    RECORD    YEAR
 MAXIMUM TEMPERATURE (F)   76        94      1937
 MINIMUM TEMPERATURE (F)   53        31      1995


SUNRISE AND SUNSET
SEPTEMBER 21 2017.....SUNRISE   651 AM CDT   SUNSET   703 PM CDT
SEPTEMBER 22 2017.....SUNRISE   652 AM CDT   SUNSET   701 PM CDT


-  INDICATES NEGATIVE NUMBERS.
R  INDICATES RECORD WAS SET OR TIED.
MM INDICATES DATA IS MISSING.
T  INDICATES TRACE AMOUNT.




$$
