000
CDUS43 KDVN 060914
CLIBRL


CLIMATE REPORT
NATIONAL WEATHER SERVICE QUAD CITIES IA IL
413 AM CDT FRI MAY 6 2016


...................................

...THE BURLINGTON IA CLIMATE SUMMARY FOR MAY 5 2016...

CLIMATE NORMAL PERIOD 1981 TO 2010
CLIMATE RECORD PERIOD 1897 TO 2016


WEATHER ITEM   OBSERVED TIME   RECORD YEAR NORMAL DEPARTURE LAST
                VALUE   (LST)  VALUE       VALUE  FROM      YEAR
                                                  NORMAL
..................................................................
TEMPERATURE (F)
 YESTERDAY
  MAXIMUM         67    447 PM  92    1949  71     -4       81
  MINIMUM         40    513 AM  32    1944  49     -9       59
  AVERAGE         54                        60     -6       70

PRECIPITATION (IN)
  YESTERDAY        0.00         MM      MM   0.16  -0.16     0.31
  MONTH TO DATE    0.02                      0.82  -0.80     0.61
  SINCE MAR 1      6.49                      7.37  -0.88     2.51
  SINCE JAN 1      7.87                     10.23  -2.36     4.93

DEGREE DAYS
 HEATING
  YESTERDAY       11                         6      5        0
  MONTH TO DATE   57                        33     24       12
  SINCE MAR 1   1013                      1117   -104     1076
  SINCE JUL 1   4895                      5495   -600     6007

 COOLING
  YESTERDAY        0                         1     -1        5
  MONTH TO DATE    0                         5     -5       16
  SINCE MAR 1     18                        25     -7       19
  SINCE JAN 1     18                        25     -7       19
..................................................................


WIND (MPH)
  HIGHEST WIND SPEED    14   HIGHEST WIND DIRECTION     N (20)
  HIGHEST GUST SPEED    18   HIGHEST GUST DIRECTION     N (340)
  AVERAGE WIND SPEED     6.1


SKY COVER
  POSSIBLE SUNSHINE  MM
  AVERAGE SKY COVER 0.0


WEATHER CONDITIONS
 THE FOLLOWING WEATHER WAS RECORDED YESTERDAY.
  HAZE


RELATIVE HUMIDITY (PERCENT)
 HIGHEST    82           600 AM
 LOWEST     37           400 PM
 AVERAGE    60

..........................................................


THE BURLINGTON IA CLIMATE NORMALS FOR TODAY
                         NORMAL    RECORD    YEAR
 MAXIMUM TEMPERATURE (F)   71        93      1934
 MINIMUM TEMPERATURE (F)   50        32      1989


SUNRISE AND SUNSET
MAY  6 2016...........SUNRISE   556 AM CDT   SUNSET   806 PM CDT
MAY  7 2016...........SUNRISE   555 AM CDT   SUNSET   808 PM CDT


-  INDICATES NEGATIVE NUMBERS.
R  INDICATES RECORD WAS SET OR TIED.
MM INDICATES DATA IS MISSING.
T  INDICATES TRACE AMOUNT.




$$
