000
CDUS43 KDVN 061004
CLIBRL


CLIMATE REPORT
NATIONAL WEATHER SERVICE QUAD CITIES IA IL
403 AM CST FRI MAR 6 2015


...................................

...THE BURLINGTON IA CLIMATE SUMMARY FOR MARCH 5 2015...

CLIMATE NORMAL PERIOD 1981 TO 2010
CLIMATE RECORD PERIOD 1897 TO 2015


WEATHER ITEM   OBSERVED TIME   RECORD YEAR NORMAL DEPARTURE LAST
                VALUE   (LST)  VALUE       VALUE  FROM      YEAR
                                                  NORMAL
..................................................................
TEMPERATURE (F)
 YESTERDAY
  MAXIMUM         16    456 PM  73    1910  46    -30       27
  MINIMUM          2    728 AM -13    1960  28    -26       22
  AVERAGE          9                        37    -28       25

PRECIPITATION (IN)
  YESTERDAY        0.00         MM      MM   0.09  -0.09     0.15
  MONTH TO DATE    0.11                      0.43  -0.32     0.36
  SINCE MAR 1      0.11                      0.43  -0.32     0.36
  SINCE JAN 1      2.53                      3.29  -0.76     4.73

DEGREE DAYS
 HEATING
  YESTERDAY       56                        28     28       40
  MONTH TO DATE  226                       146     80      253
  SINCE MAR 1    226                       146     80      253
  SINCE JUL 1   5157                      4524    633     5576

 COOLING
  YESTERDAY        0                         0      0        0
  MONTH TO DATE    0                         0      0        0
  SINCE MAR 1      0                         0      0        0
  SINCE JAN 1      0                         0      0        0
..................................................................


WIND (MPH)
  HIGHEST WIND SPEED    16   HIGHEST WIND DIRECTION     N (360)
  HIGHEST GUST SPEED    19   HIGHEST GUST DIRECTION     N (360)
  AVERAGE WIND SPEED     6.6


SKY COVER
  POSSIBLE SUNSHINE  MM
  AVERAGE SKY COVER 0.2


WEATHER CONDITIONS
 THE FOLLOWING WEATHER WAS RECORDED YESTERDAY.
  NO SIGNIFICANT WEATHER WAS OBSERVED.


RELATIVE HUMIDITY (PERCENT)
 HIGHEST    76           800 PM
 LOWEST     51           300 PM
 AVERAGE    64

..........................................................


THE BURLINGTON IA CLIMATE NORMALS FOR TODAY
                         NORMAL    RECORD    YEAR
 MAXIMUM TEMPERATURE (F)   46        72      2012
                                             2005
                                             2000
 MINIMUM TEMPERATURE (F)   28        -8      1960


SUNRISE AND SUNSET
MARCH  6 2015.........SUNRISE   631 AM CST   SUNSET   601 PM CST
MARCH  7 2015.........SUNRISE   629 AM CST   SUNSET   602 PM CST


-  INDICATES NEGATIVE NUMBERS.
R  INDICATES RECORD WAS SET OR TIED.
MM INDICATES DATA IS MISSING.
T  INDICATES TRACE AMOUNT.




$$
