000
CDUS43 KDVN 221010
CLIBRL


CLIMATE REPORT
NATIONAL WEATHER SERVICE QUAD CITIES IA IL
409 AM CST SAT NOV 22 2014


...................................

...THE BURLINGTON IA CLIMATE SUMMARY FOR NOVEMBER 21 2014...

CLIMATE NORMAL PERIOD 1981 TO 2010
CLIMATE RECORD PERIOD 1897 TO 2014


WEATHER ITEM   OBSERVED TIME   RECORD YEAR NORMAL DEPARTURE LAST
                VALUE   (LST)  VALUE       VALUE  FROM      YEAR
                                                  NORMAL
..................................................................
TEMPERATURE (F)
 YESTERDAY
  MAXIMUM         38    158 PM  75    1913  48    -10       47
  MINIMUM         12    446 AM   4    1937  31    -19       37
  AVERAGE         25                        40    -15       42

PRECIPITATION (IN)
  YESTERDAY        T            MM      MM   0.07  -0.07     0.06
  MONTH TO DATE    0.27                      1.75  -1.48     1.14
  SINCE SEP 1      9.54                      8.39   1.15     5.33
  SINCE JAN 1     38.61                     35.64   2.97    32.39

DEGREE DAYS
 HEATING
  YESTERDAY       40                        25     15       23
  MONTH TO DATE  651                       427    224      465
  SINCE SEP 1   1093                       817    276      878
  SINCE JUL 1   1100                       821    279      889

 COOLING
  YESTERDAY        0                         0      0        0
  MONTH TO DATE    0                         0      0        0
  SINCE SEP 1     86                       163    -77      214
  SINCE JAN 1    940                      1206   -266     1115
..................................................................


WIND (MPH)
  HIGHEST WIND SPEED    18   HIGHEST WIND DIRECTION     S (190)
  HIGHEST GUST SPEED    24   HIGHEST GUST DIRECTION     S (180)
  AVERAGE WIND SPEED     9.3


SKY COVER
  POSSIBLE SUNSHINE  MM
  AVERAGE SKY COVER 0.3


WEATHER CONDITIONS
 THE FOLLOWING WEATHER WAS RECORDED YESTERDAY.
  LIGHT RAIN


RELATIVE HUMIDITY (PERCENT)
 HIGHEST    84           500 AM
 LOWEST     32           200 PM
 AVERAGE    58

..........................................................


THE BURLINGTON IA CLIMATE NORMALS FOR TODAY
                         NORMAL    RECORD    YEAR
 MAXIMUM TEMPERATURE (F)   48        72      1913
 MINIMUM TEMPERATURE (F)   30         6      1929


SUNRISE AND SUNSET
NOVEMBER 22 2014......SUNRISE   700 AM CST   SUNSET   441 PM CST
NOVEMBER 23 2014......SUNRISE   701 AM CST   SUNSET   441 PM CST


-  INDICATES NEGATIVE NUMBERS.
R  INDICATES RECORD WAS SET OR TIED.
MM INDICATES DATA IS MISSING.
T  INDICATES TRACE AMOUNT.




$$
