000
CDUS43 KDVN 200918
CLIBRL


CLIMATE REPORT
NATIONAL WEATHER SERVICE QUAD CITIES IA IL
416 AM CDT SUN APR 20 2014


...................................

...THE BURLINGTON IA CLIMATE SUMMARY FOR APRIL 19 2014...

CLIMATE NORMAL PERIOD 1981 TO 2010
CLIMATE RECORD PERIOD 1897 TO 2014


WEATHER ITEM   OBSERVED TIME   RECORD YEAR NORMAL DEPARTURE LAST
                VALUE   (LST)  VALUE       VALUE  FROM      YEAR
                                                  NORMAL
..................................................................
TEMPERATURE (F)
 YESTERDAY
  MAXIMUM         75    348 PM  85    1915  66      9       43
  MINIMUM         40    607 AM  26    1988  44     -4       33
  AVERAGE         58                        55      3       38

PRECIPITATION (IN)
  YESTERDAY        0.00         MM      MM   0.14  -0.14      T
  MONTH TO DATE    2.30                      2.17   0.13     5.27
  SINCE MAR 1      3.47                      4.96  -1.49     7.22
  SINCE JAN 1      7.84                      7.82   0.02    11.19

DEGREE DAYS
 HEATING
  YESTERDAY        7                        11     -4       27
  MONTH TO DATE  309                       260     49      316
  SINCE MAR 1   1274                       988    286     1271
  SINCE JUL 1   6597                      5366   1231     5642

 COOLING
  YESTERDAY        0                         1     -1        0
  MONTH TO DATE    5                         9     -4        0
  SINCE MAR 1      5                        11     -6        0
  SINCE JAN 1      5                        11     -6        0
..................................................................


WIND (MPH)
  HIGHEST WIND SPEED    17   HIGHEST WIND DIRECTION     S (180)
  HIGHEST GUST SPEED    22   HIGHEST GUST DIRECTION     S (170)
  AVERAGE WIND SPEED    10.5


SKY COVER
  POSSIBLE SUNSHINE  MM
  AVERAGE SKY COVER 0.0


WEATHER CONDITIONS
 THE FOLLOWING WEATHER WAS RECORDED YESTERDAY.
  NO SIGNIFICANT WEATHER WAS OBSERVED.


RELATIVE HUMIDITY (PERCENT)
 HIGHEST    82           300 AM
 LOWEST     29           500 PM
 AVERAGE    56

..........................................................


THE BURLINGTON IA CLIMATE NORMALS FOR TODAY
                         NORMAL    RECORD    YEAR
 MAXIMUM TEMPERATURE (F)   67        89      1987
 MINIMUM TEMPERATURE (F)   44        28      1956
                                             1953


SUNRISE AND SUNSET
APRIL 20 2014.........SUNRISE   618 AM CDT   SUNSET   749 PM CDT
APRIL 21 2014.........SUNRISE   617 AM CDT   SUNSET   750 PM CDT


-  INDICATES NEGATIVE NUMBERS.
R  INDICATES RECORD WAS SET OR TIED.
MM INDICATES DATA IS MISSING.
T  INDICATES TRACE AMOUNT.




$$
