000
CDUS43 KDVN 252121
CLIBRL


CLIMATE REPORT
NATIONAL WEATHER SERVICE QUAD CITIES IA IL
420 PM CDT THU MAY 25 2017


...................................

...THE BURLINGTON IA CLIMATE SUMMARY FOR MAY 25 2017...
VALID TODAY AS OF 0400 PM LOCAL TIME.

CLIMATE NORMAL PERIOD 1981 TO 2010
CLIMATE RECORD PERIOD 1897 TO 2017


WEATHER ITEM   OBSERVED TIME   RECORD YEAR NORMAL DEPARTURE LAST
                VALUE   (LST)  VALUE       VALUE  FROM      YEAR
                                                  NORMAL
..................................................................
TEMPERATURE (F)
 TODAY
  MAXIMUM         72    231 PM  95    1911  77     -5       84
  MINIMUM         48    509 AM  35    1925  56     -8       61
  AVERAGE         60                        66     -6       73

PRECIPITATION (IN)
  TODAY            0.00         MM      MM   0.15  -0.15     0.04
  MONTH TO DATE    3.02                      3.96  -0.94     1.53
  SINCE MAR 1     11.99                     10.51   1.48     8.00
  SINCE JAN 1     13.85                     13.37   0.48     9.38

DEGREE DAYS
 HEATING
  TODAY            5                         2      3        0
  MONTH TO DATE  134                       114     20      158
  SINCE MAR 1   1112                      1198    -86     1114
  SINCE JUL 1   4806                      5576   -770     4996

 COOLING
  TODAY            0                         4     -4        8
  MONTH TO DATE   48                        56     -8       33
  SINCE MAR 1     68                        76     -8       51
  SINCE JAN 1     68                        76     -8       51
..................................................................


WIND (MPH)
  HIGHEST WIND SPEED    12   HIGHEST WIND DIRECTION    NW (310)
  HIGHEST GUST SPEED    16   HIGHEST GUST DIRECTION     W (290)
  AVERAGE WIND SPEED     5.8


SKY COVER
  POSSIBLE SUNSHINE  MM
  AVERAGE SKY COVER 0.1


WEATHER CONDITIONS
 THE FOLLOWING WEATHER WAS RECORDED TODAY.
  NO SIGNIFICANT WEATHER WAS OBSERVED.


RELATIVE HUMIDITY (PERCENT)
 HIGHEST   100           100 AM
 LOWEST     53           300 PM
 AVERAGE    77

..........................................................


THE BURLINGTON IA CLIMATE NORMALS FOR TOMORROW
                         NORMAL    RECORD    YEAR
 MAXIMUM TEMPERATURE (F)   78        96      1926
 MINIMUM TEMPERATURE (F)   56        37      1901


SUNRISE AND SUNSET
MAY 25 2017...........SUNRISE   539 AM CDT   SUNSET   824 PM CDT
MAY 26 2017...........SUNRISE   538 AM CDT   SUNSET   825 PM CDT


-  INDICATES NEGATIVE NUMBERS.
R  INDICATES RECORD WAS SET OR TIED.
MM INDICATES DATA IS MISSING.
T  INDICATES TRACE AMOUNT.




$$
