000
CDUS43 KDVN 220921
CLIBRL


CLIMATE REPORT
NATIONAL WEATHER SERVICE QUAD CITIES IA IL
420 AM CDT MON SEP 22 2014


...................................

...THE BURLINGTON IA CLIMATE SUMMARY FOR SEPTEMBER 21 2014...

CLIMATE NORMAL PERIOD 1981 TO 2010
CLIMATE RECORD PERIOD 1897 TO 2014


WEATHER ITEM   OBSERVED TIME   RECORD YEAR NORMAL DEPARTURE LAST
                VALUE   (LST)  VALUE       VALUE  FROM      YEAR
                                                  NORMAL
..................................................................
TEMPERATURE (F)
 YESTERDAY
  MAXIMUM         69    222 PM  94    1908  77     -8       71
  MINIMUM         52   1159 PM  35    1918  54     -2       49
  AVERAGE         61                        65     -4       60

PRECIPITATION (IN)
  YESTERDAY        0.00         MM      MM   0.12  -0.12     0.00
  MONTH TO DATE    5.14                      2.57   2.57     1.08
  SINCE SEP 1      5.14                      2.57   2.57     1.08
  SINCE JAN 1     34.21                     29.82   4.39    28.14

DEGREE DAYS
 HEATING
  YESTERDAY        4                         3      1        5
  MONTH TO DATE   87                        28     59       24
  SINCE SEP 1     87                        28     59       24
  SINCE JUL 1     94                        32     62       35

 COOLING
  YESTERDAY        0                         3     -3        0
  MONTH TO DATE   59                       118    -59      164
  SINCE SEP 1     59                       118    -59      164
  SINCE JAN 1    913                      1161   -248     1065
..................................................................


WIND (MPH)
  HIGHEST WIND SPEED    22   HIGHEST WIND DIRECTION     N (350)
  HIGHEST GUST SPEED    35   HIGHEST GUST DIRECTION    NW (320)
  AVERAGE WIND SPEED     9.5


SKY COVER
  POSSIBLE SUNSHINE  MM
  AVERAGE SKY COVER 0.2


WEATHER CONDITIONS
 THE FOLLOWING WEATHER WAS RECORDED YESTERDAY.
  LIGHT RAIN


RELATIVE HUMIDITY (PERCENT)
 HIGHEST    93           400 AM
 LOWEST     45          1100 AM
 AVERAGE    69

..........................................................


THE BURLINGTON IA CLIMATE NORMALS FOR TODAY
                         NORMAL    RECORD    YEAR
 MAXIMUM TEMPERATURE (F)   76        94      1937
 MINIMUM TEMPERATURE (F)   53        31      1995


SUNRISE AND SUNSET
SEPTEMBER 22 2014.....SUNRISE   652 AM CDT   SUNSET   702 PM CDT
SEPTEMBER 23 2014.....SUNRISE   653 AM CDT   SUNSET   700 PM CDT


-  INDICATES NEGATIVE NUMBERS.
R  INDICATES RECORD WAS SET OR TIED.
MM INDICATES DATA IS MISSING.
T  INDICATES TRACE AMOUNT.




$$
