000
CDUS43 KDVN 012141
CLIBRL


CLIMATE REPORT
NATIONAL WEATHER SERVICE QUAD CITIES IA IL
441 PM CDT MON JUN 1 2015


...................................

...THE BURLINGTON IA CLIMATE SUMMARY FOR JUNE 1 2015...
VALID TODAY AS OF 0400 PM LOCAL TIME.

CLIMATE NORMAL PERIOD 1981 TO 2010
CLIMATE RECORD PERIOD 1897 TO 2015


WEATHER ITEM   OBSERVED TIME   RECORD YEAR NORMAL DEPARTURE LAST
                VALUE   (LST)  VALUE       VALUE  FROM      YEAR
                                                  NORMAL
..................................................................
TEMPERATURE (F)
 TODAY
  MAXIMUM         70    215 PM 104    1934  80    -10       88
  MINIMUM         54    702 AM  44    1972  58     -4       70
  AVERAGE         62                        69     -7       79

PRECIPITATION (IN)
  TODAY            0.00         MM      MM   0.14  -0.14     0.03
  MONTH TO DATE    0.00                      0.14  -0.14     0.03
  SINCE JUN 1      0.00                      0.14  -0.14     0.03
  SINCE JAN 1      8.96                     14.40  -5.44    11.42

DEGREE DAYS
 HEATING
  TODAY            3                         1      2        0
  MONTH TO DATE    3                         1      2        0
  SINCE JUN 1      3                         1      2        0
  SINCE JUL 1   6099                      5588    511     6824

 COOLING
  TODAY            0                         5     -5       14
  MONTH TO DATE    0                         5     -5       14
  SINCE JUN 1      0                         5     -5       14
  SINCE JAN 1     93                       108    -15      152
..................................................................


WIND (MPH)
  HIGHEST WIND SPEED    13   HIGHEST WIND DIRECTION     E (80)
  HIGHEST GUST SPEED    19   HIGHEST GUST DIRECTION    NE (60)
  AVERAGE WIND SPEED     7.8


SKY COVER
  POSSIBLE SUNSHINE  MM
  AVERAGE SKY COVER 0.9


WEATHER CONDITIONS
 THE FOLLOWING WEATHER WAS RECORDED TODAY.
  HAZE


RELATIVE HUMIDITY (PERCENT)
 HIGHEST    86          1200 AM
 LOWEST     52          1200 PM
 AVERAGE    69

..........................................................


THE BURLINGTON IA CLIMATE NORMALS FOR TOMORROW
                         NORMAL    RECORD    YEAR
 MAXIMUM TEMPERATURE (F)   80       103      1934
 MINIMUM TEMPERATURE (F)   59        41      1956


SUNRISE AND SUNSET
JUNE  1 2015..........SUNRISE   535 AM CDT   SUNSET   830 PM CDT
JUNE  2 2015..........SUNRISE   535 AM CDT   SUNSET   830 PM CDT


-  INDICATES NEGATIVE NUMBERS.
R  INDICATES RECORD WAS SET OR TIED.
MM INDICATES DATA IS MISSING.
T  INDICATES TRACE AMOUNT.




$$
