000
CDUS44 KBRO 200726
CLIBRO


CLIMATE REPORT
NATIONAL WEATHER SERVICE BROWNSVILLE TX
126 AM CST MON FEB 20 2017


...................................

...THE BROWNSVILLE CLIMATE SUMMARY FOR FEBRUARY 19 2017...

CLIMATE NORMAL PERIOD 1981 TO 2010
CLIMATE RECORD PERIOD 1878 TO 2017


WEATHER ITEM   OBSERVED TIME   RECORD YEAR NORMAL DEPARTURE LAST
                VALUE   (LST)  VALUE       VALUE  FROM      YEAR
                                                  NORMAL
..................................................................
TEMPERATURE (F)
 YESTERDAY
  MAXIMUM         87    149 PM  94    1986  74     13       80
  MINIMUM         74    719 AM  34    1942  55     19       60
  AVERAGE         81                        65     16       70

PRECIPITATION (IN)
  YESTERDAY        0.00          4.27 1958   0.03  -0.03     0.00
  MONTH TO DATE    1.21                      0.81   0.40     0.00
  SINCE DEC 1      3.06                      3.23  -0.17     2.04
  SINCE JAN 1      1.39                      2.08  -0.69     1.88

SNOWFALL (IN)
  YESTERDAY        0.0           0.0  2002   0.0
                                      2000
  MONTH TO DATE    0.0                       0.0
  SINCE DEC 1      0.0                       0.0
  SINCE JUL 1      0.0                       0.0

DEGREE DAYS
 HEATING
  YESTERDAY        0                         3     -3        0
  MONTH TO DATE    9                        80    -71       55
  SINCE DEC 1    191                       425   -234      320
  SINCE JUL 1    199                       479   -280      342

 COOLING
  YESTERDAY       16                         3     13        5
  MONTH TO DATE  160                        52    108       40
  SINCE DEC 1    477                       191    286      195
  SINCE JAN 1    301                       111    190       61
..................................................................


WIND (MPH)
  HIGHEST WIND SPEED    31   HIGHEST WIND DIRECTION    SE (150)
  HIGHEST GUST SPEED    39   HIGHEST GUST DIRECTION    SE (150)
  AVERAGE WIND SPEED    19.7


SKY COVER
  POSSIBLE SUNSHINE  MM
  AVERAGE SKY COVER 0.7


WEATHER CONDITIONS
 THE FOLLOWING WEATHER WAS RECORDED YESTERDAY.
  NO SIGNIFICANT WEATHER WAS OBSERVED.


RELATIVE HUMIDITY (PERCENT)
 HIGHEST    94          1000 PM
 LOWEST     61           200 PM
 AVERAGE    78

..........................................................


THE BROWNSVILLE CLIMATE NORMALS FOR TODAY
                         NORMAL    RECORD    YEAR
 MAXIMUM TEMPERATURE (F)   75        94      1912
 MINIMUM TEMPERATURE (F)   56        34      1895


SUNRISE AND SUNSET
FEBRUARY 20 2017......SUNRISE   701 AM CST   SUNSET   626 PM CST
FEBRUARY 21 2017......SUNRISE   700 AM CST   SUNSET   627 PM CST


-  INDICATES NEGATIVE NUMBERS.
R  INDICATES RECORD WAS SET OR TIED.
MM INDICATES DATA IS MISSING.
T  INDICATES TRACE AMOUNT.




$$
