000
CDUS44 KBRO 200627
CLIBRO


CLIMATE REPORT
NATIONAL WEATHER SERVICE BROWNSVILLE TX
126 AM CDT SAT SEP 20 2014


...................................

...THE BROWNSVILLE CLIMATE SUMMARY FOR SEPTEMBER 19 2014...

CLIMATE NORMAL PERIOD 1981 TO 2010
CLIMATE RECORD PERIOD 1878 TO 2014


WEATHER ITEM   OBSERVED TIME   RECORD YEAR NORMAL DEPARTURE LAST
                VALUE   (LST)  VALUE       VALUE  FROM      YEAR
                                                  NORMAL
..................................................................
TEMPERATURE (F)
 YESTERDAY
  MAXIMUM         93    134 PM  98    1947  90      3       91
                                      1900
  MINIMUM         77    638 AM  58    1901  73      4       77
  AVERAGE         85                        81      4       84

PRECIPITATION (IN)
  YESTERDAY        0.00          6.48 2010   0.20  -0.20      T
  MONTH TO DATE    8.51                      3.72   4.79    11.53
  SINCE SEP 1      8.51                      3.72   4.79    11.53
  SINCE JAN 1     18.03                     18.53  -0.50    21.58

DEGREE DAYS
 HEATING
  YESTERDAY        0                         0      0        0
  MONTH TO DATE    0                         0      0        0
  SINCE SEP 1      0                         0      0        0
  SINCE JUL 1      0                         0      0        0

 COOLING
  YESTERDAY       20                        16      4       19
  MONTH TO DATE  350                       337     13      345
  SINCE SEP 1    350                       337     13      345
  SINCE JAN 1   3170                      3244    -74     3378
..................................................................


WIND (MPH)
  HIGHEST WIND SPEED    16   HIGHEST WIND DIRECTION     E (110)
  HIGHEST GUST SPEED    23   HIGHEST GUST DIRECTION     E (100)
  AVERAGE WIND SPEED     7.0


SKY COVER
  POSSIBLE SUNSHINE  MM
  AVERAGE SKY COVER 0.3


WEATHER CONDITIONS
 THE FOLLOWING WEATHER WAS RECORDED YESTERDAY.
  FOG


RELATIVE HUMIDITY (PERCENT)
 HIGHEST   100           100 AM
 LOWEST     60           100 PM
 AVERAGE    80

..........................................................


THE BROWNSVILLE CLIMATE NORMALS FOR TODAY
                         NORMAL    RECORD    YEAR
 MAXIMUM TEMPERATURE (F)   90       104      1947
 MINIMUM TEMPERATURE (F)   72        61      1991
                                             1881


SUNRISE AND SUNSET
SEPTEMBER 20 2014.....SUNRISE   717 AM CDT   SUNSET   728 PM CDT
SEPTEMBER 21 2014.....SUNRISE   718 AM CDT   SUNSET   727 PM CDT


-  INDICATES NEGATIVE NUMBERS.
R  INDICATES RECORD WAS SET OR TIED.
MM INDICATES DATA IS MISSING.
T  INDICATES TRACE AMOUNT.

$$
