000
CDUS44 KBRO 280729
CLIBRO


CLIMATE REPORT
NATIONAL WEATHER SERVICE BROWNSVILLE TX
128 AM CST SUN DEC 28 2014


...................................

...THE BROWNSVILLE CLIMATE SUMMARY FOR DECEMBER 27 2014...

CLIMATE NORMAL PERIOD 1981 TO 2010
CLIMATE RECORD PERIOD 1878 TO 2014


WEATHER ITEM   OBSERVED TIME   RECORD YEAR NORMAL DEPARTURE LAST
                VALUE   (LST)  VALUE       VALUE  FROM      YEAR
                                                  NORMAL
..................................................................
TEMPERATURE (F)
 YESTERDAY
  MAXIMUM         79    319 PM  87    1968  70      9       62
  MINIMUM         52   1159 PM  29    1892  51      1       54
  AVERAGE         66                        61      5       58

PRECIPITATION (IN)
  YESTERDAY        0.04          0.99 1925   0.03   0.01     0.23
  MONTH TO DATE    0.93                      1.01  -0.08     0.73
  SINCE DEC 1      0.93                      1.01  -0.08     0.73
  SINCE JAN 1     28.09                     27.30   0.79    26.22

SNOWFALL (IN)
  YESTERDAY        0.0           0.0  2001   0.0
  MONTH TO DATE    0.0                       0.0
  SINCE DEC 1      0.0                       0.0
  SINCE JUL 1      0.0                       0.0

DEGREE DAYS
 HEATING
  YESTERDAY        0                         6     -6        7
  MONTH TO DATE   39                       139   -100      170
  SINCE DEC 1     39                       139   -100      170
  SINCE JUL 1    152                       193    -41      278

 COOLING
  YESTERDAY        1                         2     -1        0
  MONTH TO DATE  107                        71     36       77
  SINCE DEC 1    107                        71     36       77
  SINCE JAN 1   4007                      4016     -9     4197
..................................................................


WIND (MPH)
  HIGHEST WIND SPEED    25   HIGHEST WIND DIRECTION     S (160)
  HIGHEST GUST SPEED    32   HIGHEST GUST DIRECTION    NW (330)
  AVERAGE WIND SPEED    13.6


SKY COVER
  POSSIBLE SUNSHINE  MM
  AVERAGE SKY COVER 0.6


WEATHER CONDITIONS
 THE FOLLOWING WEATHER WAS RECORDED YESTERDAY.
  LIGHT RAIN
  FOG


RELATIVE HUMIDITY (PERCENT)
 HIGHEST    97           100 AM
 LOWEST     74           100 PM
 AVERAGE    86

..........................................................


THE BROWNSVILLE CLIMATE NORMALS FOR TODAY
                         NORMAL    RECORD    YEAR
 MAXIMUM TEMPERATURE (F)   70        86      1921
 MINIMUM TEMPERATURE (F)   51        26      1925


SUNRISE AND SUNSET
DECEMBER 28 2014......SUNRISE   715 AM CST   SUNSET   547 PM CST
DECEMBER 29 2014......SUNRISE   716 AM CST   SUNSET   548 PM CST


-  INDICATES NEGATIVE NUMBERS.
R  INDICATES RECORD WAS SET OR TIED.
MM INDICATES DATA IS MISSING.
T  INDICATES TRACE AMOUNT.




$$
