000
CDUS44 KBRO 102125
CLIBRO


CLIMATE REPORT
NATIONAL WEATHER SERVICE BROWNSVILLE TX
425 PM CDT THU JUL 10 2014


...................................

...THE BROWNSVILLE CLIMATE SUMMARY FOR JULY 10 2014...
VALID TODAY AS OF 0400 PM LOCAL TIME.

CLIMATE NORMAL PERIOD 1981 TO 2010
CLIMATE RECORD PERIOD 1878 TO 2014


WEATHER ITEM   OBSERVED TIME   RECORD YEAR NORMAL DEPARTURE LAST
                VALUE   (LST)  VALUE       VALUE  FROM      YEAR
                                                  NORMAL
..................................................................
TEMPERATURE (F)
 TODAY
  MAXIMUM         80    917 AM  99    1917  93    -13       93
  MINIMUM         71   1101 AM  69    1913  76     -5       77
                                      1901
  AVERAGE         76                        85     -9       85

PRECIPITATION (IN)
  TODAY            0.61          1.00 1971   0.07   0.54     0.17
  MONTH TO DATE    1.64                      0.78   0.86     0.45
  SINCE JUN 1      2.28                      3.35  -1.07     1.30
  SINCE JAN 1      7.61                     11.11  -3.50     6.90

SNOWFALL (IN)
  TODAY            0.0          MM    2001   0.0
  MONTH TO DATE    0.0                       0.0
  SINCE JUN 1      0.0                       0.0
  SINCE JUL 1      0.0                       0.0

DEGREE DAYS
 HEATING
  TODAY            0                         0      0        0
  MONTH TO DATE    0                         0      0        0
  SINCE JUN 1      0                         0      0        0
  SINCE JUL 1      0                         0      0        0

 COOLING
  TODAY           11                        20     -9       20
  MONTH TO DATE  180                       200    -20      196
  SINCE JUN 1    777                       767     10      819
  SINCE JAN 1   1699                      1860   -161     1941
..................................................................


WIND (MPH)
  HIGHEST WIND SPEED    31   HIGHEST WIND DIRECTION     S (180)
  HIGHEST GUST SPEED    38   HIGHEST GUST DIRECTION     S (180)
  AVERAGE WIND SPEED     9.5


SKY COVER
  POSSIBLE SUNSHINE  MM
  AVERAGE SKY COVER 0.8


WEATHER CONDITIONS
 THE FOLLOWING WEATHER WAS RECORDED TODAY.
  THUNDERSTORM
  HEAVY RAIN
  RAIN
  LIGHT RAIN


RELATIVE HUMIDITY (PERCENT)
 HIGHEST   100           100 PM
 LOWEST     74           900 AM
 AVERAGE    87

..........................................................


THE BROWNSVILLE CLIMATE NORMALS FOR TOMORROW
                         NORMAL    RECORD    YEAR
 MAXIMUM TEMPERATURE (F)   93        99      1980
 MINIMUM TEMPERATURE (F)   76        62      1901


SUNRISE AND SUNSET
JULY 10 2014..........SUNRISE   645 AM CDT   SUNSET   825 PM CDT
JULY 11 2014..........SUNRISE   646 AM CDT   SUNSET   825 PM CDT


-  INDICATES NEGATIVE NUMBERS.
R  INDICATES RECORD WAS SET OR TIED.
MM INDICATES DATA IS MISSING.
T  INDICATES TRACE AMOUNT.




$$
