000
CDUS44 KBRO 220645
CLIBRO


CLIMATE REPORT
NATIONAL WEATHER SERVICE BROWNSVILLE TX
145 AM CDT FRI AUG 22 2014


...................................

...THE BROWNSVILLE CLIMATE SUMMARY FOR AUGUST 21 2014...

CLIMATE NORMAL PERIOD 1981 TO 2010
CLIMATE RECORD PERIOD 1878 TO 2014


WEATHER ITEM   OBSERVED TIME   RECORD YEAR NORMAL DEPARTURE LAST
                VALUE   (LST)  VALUE       VALUE  FROM      YEAR
                                                  NORMAL
..................................................................
TEMPERATURE (F)
 YESTERDAY
  MAXIMUM         97    222 PM  99    1991  94      3       94
                                      1918
                                      1896
  MINIMUM         79    635 AM  70    1961  76      3       74
                                      1901
  AVERAGE         88                        85      3       84

PRECIPITATION (IN)
  YESTERDAY        0.00          1.35 1878   0.09  -0.09     0.51
  MONTH TO DATE    0.21                      1.39  -1.18     0.61
  SINCE JUN 1      2.49                      6.00  -3.51     3.59
  SINCE JAN 1      7.82                     13.76  -5.94     9.19

SNOWFALL (IN)
  YESTERDAY        0.0           0.0  2002   0.0
                                      2001
  MONTH TO DATE    0.0                       0.0
  SINCE JUN 1      0.0                       0.0
  SINCE JUL 1      0.0                       0.0

DEGREE DAYS
 HEATING
  YESTERDAY        0                         0      0        0
  MONTH TO DATE    0                         0      0        0
  SINCE JUN 1      0                         0      0        0
  SINCE JUL 1      0                         0      0        0

 COOLING
  YESTERDAY       23                        20      3       19
  MONTH TO DATE  463                       436     27      462
  SINCE JUN 1   1684                      1621     63     1717
  SINCE JAN 1   2606                      2714   -108     2839
..................................................................


WIND (MPH)
  HIGHEST WIND SPEED    25   HIGHEST WIND DIRECTION     S (160)
  HIGHEST GUST SPEED    36   HIGHEST GUST DIRECTION    SE (140)
  AVERAGE WIND SPEED    14.1


SKY COVER
  POSSIBLE SUNSHINE  MM
  AVERAGE SKY COVER 0.2


WEATHER CONDITIONS
 THE FOLLOWING WEATHER WAS RECORDED YESTERDAY.
  NO SIGNIFICANT WEATHER WAS OBSERVED.


RELATIVE HUMIDITY (PERCENT)
 HIGHEST    91           200 AM
 LOWEST     48           200 PM
 AVERAGE    70

..........................................................


THE BROWNSVILLE CLIMATE NORMALS FOR TODAY
                         NORMAL    RECORD    YEAR
 MAXIMUM TEMPERATURE (F)   94        99      1883
 MINIMUM TEMPERATURE (F)   76        68      1956
                                             1946


SUNRISE AND SUNSET
AUGUST 22 2014........SUNRISE   706 AM CDT   SUNSET   759 PM CDT
AUGUST 23 2014........SUNRISE   706 AM CDT   SUNSET   758 PM CDT


-  INDICATES NEGATIVE NUMBERS.
R  INDICATES RECORD WAS SET OR TIED.
MM INDICATES DATA IS MISSING.
T  INDICATES TRACE AMOUNT.




$$
