000
CDUS44 KBRO 242240
CLIBRO


CLIMATE REPORT
NATIONAL WEATHER SERVICE BROWNSVILLE TX
439 PM CST FRI NOV 24 2017


...................................

...THE BROWNSVILLE CLIMATE SUMMARY FOR NOVEMBER 24 2017...
VALID TODAY AS OF 0400 PM LOCAL TIME.

CLIMATE NORMAL PERIOD 1981 TO 2010
CLIMATE RECORD PERIOD 1878 TO 2017


WEATHER ITEM   OBSERVED TIME   RECORD YEAR NORMAL DEPARTURE LAST
                VALUE   (LST)  VALUE       VALUE  FROM      YEAR
                                                  NORMAL
..................................................................
TEMPERATURE (F)
 TODAY
  MAXIMUM         81    225 PM  87    2010  77      4       83
                                      1981
                                      1977
  MINIMUM         47    702 AM  37    1938  57    -10       63
                                      1918
  AVERAGE         64                        67     -3       73

PRECIPITATION (IN)
  TODAY            0.00          0.88 1943   0.05  -0.05     0.00
  MONTH TO DATE    0.79                      1.54  -0.75     4.35
  SINCE SEP 1      8.68                     11.20  -2.52     7.41
  SINCE JAN 1     21.72                     26.01  -4.29    21.07

SNOWFALL (IN)
  TODAY            0.0
  MONTH TO DATE    0.0
  SINCE SEP 1      0.0
  SINCE JUL 1      0.0

DEGREE DAYS
 HEATING
  TODAY            1                         3     -2        0
  MONTH TO DATE    9                        33    -24        8
  SINCE SEP 1     16                        37    -21        8
  SINCE JUL 1     16                        37    -21        8

 COOLING
  TODAY            0                         5     -5        8
  MONTH TO DATE  238                       156     82      205
  SINCE SEP 1   1146                      1014    132     1302
  SINCE JAN 1   4673                      3921    752     4407
..................................................................


WIND (MPH)
  HIGHEST WIND SPEED    16   HIGHEST WIND DIRECTION    SE (140)
  HIGHEST GUST SPEED    21   HIGHEST GUST DIRECTION    SE (140)
  AVERAGE WIND SPEED     3.7


SKY COVER
  POSSIBLE SUNSHINE  MM
  AVERAGE SKY COVER 0.0


WEATHER CONDITIONS
 THE FOLLOWING WEATHER WAS RECORDED TODAY.
  NO SIGNIFICANT WEATHER WAS OBSERVED.


RELATIVE HUMIDITY (PERCENT)
 HIGHEST    93           400 AM
 LOWEST     30           300 PM
 AVERAGE    62

..........................................................


THE BROWNSVILLE CLIMATE NORMALS FOR TOMORROW
                         NORMAL    RECORD    YEAR
 MAXIMUM TEMPERATURE (F)   76        88      1965
 MINIMUM TEMPERATURE (F)   57        35      1881


SUNRISE AND SUNSET
NOVEMBER 24 2017......SUNRISE   655 AM CST   SUNSET   538 PM CST
NOVEMBER 25 2017......SUNRISE   655 AM CST   SUNSET   538 PM CST


-  INDICATES NEGATIVE NUMBERS.
R  INDICATES RECORD WAS SET OR TIED.
MM INDICATES DATA IS MISSING.
T  INDICATES TRACE AMOUNT.

$$
