000
CDAK49 PABR 280934
CLIBRW

CLIMATE REPORT
NATIONAL WEATHER SERVICE BARROW, AK
1234 AM AKST SAT FEB 28 2015

...................................
...THE BARROW WSO AP CLIMATE SUMMARY FOR FEBRUARY 27 2015...

CLIMATE NORMAL PERIOD  1981 TO  2010
CLIMATE RECORD PERIOD  1915 TO  2015

WEATHER ITEM   OBSERVED TIME    RECORD YEAR NORMAL DEPARTURE LAST
               VALUE    (LST)   VALUE       VALUE  FROM      YEAR
                                                   NORMAL
...................................................................
TEMPERATURE
YESTERDAY
 MAXIMUM            30   141 AM    30  2015     -8      38      1
 MINIMUM             2   653 PM   -50  1957    -21      23     -7
 AVERAGE            16                         -14      30     -3

PRECIPITATION
(INCHES)
 YESTERDAY        0.03           0.13  1962   0.01    0.02      T
 MONTH TO DATE    0.21                        0.14    0.07   0.19
 SINCE DEC 1      0.67                        0.41    0.26   1.54
 SINCE JAN 1      0.47                        0.27    0.20   0.37

SNOWFALL
(INCHES)
 YESTERDAY         0.3            1.4  1939    0.1     0.2      T
 MONTH TO DATE     2.9                         2.5     0.4    2.2
 SINCE DEC 1      10.5                         8.6     1.9   18.7
 SINCE JUL 1      41.6                        28.9    12.7   42.6
 SNOW DEPTH (IN)     5                                          8

DEGREE DAYS
 HEATING
  YESTERDAY         49                          79     -30     68
  MONTH TO DATE   1945                        2133    -188   1959
  SINCE DEC 1     6479                        6819    -340   6241
  SINCE JUL 1    12081                       12769    -688  11650

 COOLING
  YESTERDAY          0                           0       0      0
  MONTH TO DATE      0                           0       0      0
  SINCE DEC 1        0                           0       0      0
  SINCE JAN 1        0                           0       0      0
...................................................................

WIND (MPH)
 HIGHEST WIND SPEED    32     HIGHEST WIND DIRECTION    260
 HIGHEST GUST SPEED    38     HIGHEST GUST DIRECTION    260
 AVERAGE WIND SPEED  17.4

SKY COVER
  POSSIBLE SUNSHINE    MM          AVERAGE SKY COVER     MM

WEATHER CONDITIONS
 THE FOLLOWING WEATHER WAS RECORDED YESTERDAY.
 FOG
 BLOWING SNOW
 SNOW


RELATIVE HUMIDITY
 HIGHEST RH    100 PERCENT       153 AM
 LOWEST  RH     76 PERCENT      1041 PM
 AVERAGE RH     88 PERCENT
...................................................................

THE BARROW CLIMATE NORMALS FOR TODAY
                           NORMAL    RECORD   YEAR
 MAXIMUM TEMPERATURE (F)     -8        32     1960
 MINIMUM TEMPERATURE (F)    -21       -50     1957

SUNRISE AND SUNSET
 FEB 28 2015..........SUNRISE  9:05 AM      SUNSET  6:17 PM
 MAR 1 2015..........SUNRISE  9:00 AM      SUNSET  6:22 PM

-  INDICATES NEGATIVE NUMBERS.
R  INDICATES RECORD HAS BEEN SET OR TIED.
MM INDICATES DATA IS MISSING.
T  INDICATES TRACE OF PRECIPITATION.

&&
-------------------------------------------------------------------

AMOUNT OF DAYLIGHT TODAY  (HOUR:MIN)........9 HOURS 12 MINUTES
GAIN/LOSS SINCE YESTERDAY (HOUR:MIN:SEC)....+0:09:46

$$
