629
CDAK49 PAFG 300044
CLIBRW

CLIMATE REPORT
NATIONAL WEATHER SERVICE FAIRBANKS AK
444 PM AKDT SAT APR 29 2017


...................................

...THE BARROW AK CLIMATE SUMMARY FOR APRIL 29 2017...
VALID TODAY AS OF 0400 PM LOCAL TIME.

CLIMATE NORMAL PERIOD 1981 TO 2010
CLIMATE RECORD PERIOD 1920 TO 2017


WEATHER ITEM   OBSERVED TIME   RECORD YEAR NORMAL DEPARTURE LAST
                VALUE   (LST)  VALUE       VALUE  FROM      YEAR
                                                  NORMAL
..................................................................
TEMPERATURE (F)
 TODAY
  MAXIMUM         12    259 PM  38    1967  17     -5       29
  MINIMUM          0    550 AM -19    1973   5     -5       26
                                      1968
  AVERAGE          6                        11     -5       28

PRECIPITATION (IN)
  TODAY            0.00          0.03 1995   0.00   0.00      T
  MONTH TO DATE    T                         0.15  -0.15     0.07
  SINCE MAR 1      0.30                      0.24   0.06     0.21
  SINCE JAN 1      1.17                      0.51   0.66     3.27

SNOWFALL (IN)
  TODAY            0.0           1.2  1922   0.1   -0.1       T
  MONTH TO DATE    0.6                       3.1   -2.5      0.4
  SINCE MAR 1      3.0                       5.2   -2.2      0.6
  SINCE JUL 1     29.9                      34.2   -4.3      9.4
  SNOW DEPTH       5

DEGREE DAYS
 HEATING
  TODAY           59                        54      5       37
  MONTH TO DATE 1686                      1842   -156     1538
  SINCE MAR 1   3923                      4249   -326     3554
  SINCE JUL 1  14885                     17106  -2221    14950

 COOLING
  TODAY            0                         0      0        0
  MONTH TO DATE    0                         0      0        0
  SINCE MAR 1      0                         0      0        0
  SINCE JAN 1      0                         0      0        0
..................................................................


WIND (MPH)
  HIGHEST GUST SPEED    20   HIGHEST GUST DIRECTION     E (100)


SKY COVER
  AVERAGE SKY COVER 0.2


WEATHER CONDITIONS
 THE FOLLOWING WEATHER WAS RECORDED TODAY.
  FOG
  HAZE
  BLOWING SNOW


RELATIVE HUMIDITY (PERCENT)
 HIGHEST    87
 LOWEST     76
 AVERAGE    82

..........................................................


THE BARROW AK CLIMATE NORMALS FOR TOMORROW
                         NORMAL    RECORD    YEAR
 MAXIMUM TEMPERATURE (F)   18        39      2009
                                             1943
 MINIMUM TEMPERATURE (F)    6       -18      1936


SUNRISE AND SUNSET
APRIL 29 2017.........SUNRISE   446 AM AKDT  SUNSET  1209 AM AKDT
APRIL 30 2017.........SUNRISE   439 AM AKDT  SUNSET  1216 AM AKDT

-  INDICATES NEGATIVE NUMBERS.
R  INDICATES RECORD WAS SET OR TIED.
MM INDICATES DATA IS MISSING.
T  INDICATES TRACE AMOUNT.

&&

SNOW DEPTH IS MEASURED AT 3AM AKST/4AM AKDT.

----------------------------
AVAILABLE DAYLIGHT

AMOUNT OF DAYLIGHT TODAY  (HOUR:MIN)........19:17
GAIN/LOSS SINCE YESTERDAY (HOUR:MIN:SEC)....+0:08:59

$$
CCC APR 17
