000
CDAK49 PAFG 070050
CLIBRW

CLIMATE REPORT
NATIONAL WEATHER SERVICE FAIRBANKS AK
350 PM AKST TUE DEC 6 2016


...................................

...THE BARROW AK CLIMATE SUMMARY FOR DECEMBER 6 2016...
VALID TODAY AS OF 0300 PM LOCAL TIME.

CLIMATE NORMAL PERIOD 1981 TO 2010
CLIMATE RECORD PERIOD 1920 TO 2016


WEATHER ITEM   OBSERVED TIME   RECORD YEAR NORMAL DEPARTURE LAST
                VALUE   (LST)  VALUE       VALUE  FROM      YEAR
                                                  NORMAL
..................................................................
TEMPERATURE (F)
 TODAY
  MAXIMUM         -4    802 AM  32    1972   0     -4      -15
  MINIMUM        -17    141 AM -39    1948 -11     -6      -21
  AVERAGE        -10                        -6     -4      -18

PRECIPITATION (IN)
  TODAY            0.00          0.16 2009   0.00   0.00     0.00
                                      1938
  MONTH TO DATE    T                         0.03  -0.03      T
  SINCE DEC 1      T                         0.03  -0.03      T
  SINCE JAN 1      7.13                      4.42   2.71     5.26

SNOWFALL (IN)
  TODAY            0.0           2.2  1938   0.1   -0.1      0.0
  MONTH TO DATE    T                         0.8   -0.8       T
  SINCE DEC 1      T                         0.8   -0.8       T
  SINCE JUL 1     13.0                      21.1   -8.1      3.5
  SNOW DEPTH       6

DEGREE DAYS
 HEATING
  TODAY           75                        71      4       83
  MONTH TO DATE  440                       421     19      473
  SINCE DEC 1    440                       421     19      473
  SINCE JUL 1   5395                      6373   -978     5534

 COOLING
  TODAY            0                         0      0        0
  MONTH TO DATE    0                         0      0        0
  SINCE DEC 1      0                         0      0        0
  SINCE JAN 1      0                         0      0        0
..................................................................


WIND (MPH)
  HIGHEST GUST SPEED    19   HIGHEST GUST DIRECTION    SE (130)


SKY COVER
  AVERAGE SKY COVER 0.5


WEATHER CONDITIONS
 THE FOLLOWING WEATHER WAS RECORDED TODAY.
  FOG
  FOG W/VISIBILITY <= 1/4 MILE
  HAZE


RELATIVE HUMIDITY (PERCENT)
 HIGHEST    83
 LOWEST     75
 AVERAGE    79

..........................................................


THE BARROW AK CLIMATE NORMALS FOR TOMORROW
                         NORMAL    RECORD    YEAR
 MAXIMUM TEMPERATURE (F)    0        30      2013
                                             1972
 MINIMUM TEMPERATURE (F)  -12       -36      1964


SUNRISE AND SUNSET
DECEMBER 06 2016......SUN BELOW VISIBLE HORIZON.
DECEMBER 07 2016......SUN BELOW VISIBLE HORIZON.

-  INDICATES NEGATIVE NUMBERS.
R  INDICATES RECORD WAS SET OR TIED.
MM INDICATES DATA IS MISSING.
T  INDICATES TRACE AMOUNT.

&&

SNOW DEPTH IS MEASURED AT 3AM AKST/4AM AKDT.

----------------------------
AVAILABLE DAYLIGHT

AMOUNT OF DAYLIGHT TODAY  (HOUR:MIN)........0:00
GAIN/LOSS SINCE YESTERDAY (HOUR:MIN:SEC)....+0:00:00

$$
CCC DEC 16
