000
CDAK49 PABR 080023
CLIBRW

CLIMATE REPORT
NATIONAL WEATHER SERVICE BARROW, AK
323 PM AKST SUN FEB 7 2016

...................................
...THE BARROW WSO AP CLIMATE SUMMARY FOR FEBRUARY 7 2016...
VALID TODAY AS OF 2:00 PM LOCAL TIME

CLIMATE NORMAL PERIOD  1981 TO  2010
CLIMATE RECORD PERIOD  1915 TO  2016

WEATHER ITEM   OBSERVED TIME    RECORD YEAR NORMAL DEPARTURE LAST
               VALUE    (LST)   VALUE       VALUE  FROM      YEAR
                                                   NORMAL
...................................................................
TEMPERATURE
TODAY
 MAXIMUM           -11  1130 AM    34  1982     -8      -3     -4
 MINIMUM           -15  0158 AM   -50  1925    -20       5    -17
 AVERAGE           -13                         -14       1    -11

PRECIPITATION
(INCHES)
 TODAY            0.00           0.15  1962   0.00    0.00   0.02
 MONTH TO DATE       T                        0.03   -0.03   0.08
 SINCE DEC 1      0.34                        0.30    0.04   0.54
 SINCE JAN 1      0.30                        0.16    0.14   0.34

SNOWFALL
(INCHES)
 TODAY             0.0            1.8  1962    0.1    -0.1    0.3
 MONTH TO DATE     0.1                         0.6    -0.5    1.1
 SINCE DEC 1       7.9                         6.7     1.2    8.7
 SINCE JUL 1      21.1                        27.0    -5.9   39.8
 SNOW DEPTH (IN)     7                                          6

DEGREE DAYS
 HEATING
  TODAY             78                          79      -1     76
  MONTH TO DATE    509                         553     -44    528
  SINCE DEC 1     4857                        5239    -382   5068
  SINCE JUL 1    10671                       11189    -518  10708

 COOLING
  TODAY              0                           0       0      0
  MONTH TO DATE      0                           0       0      0
  SINCE DEC 1        0                           0       0      0
  SINCE JAN 1        0                           0       0      0
...................................................................

WIND (MPH)
 HIGHEST WIND SPEED    28     HIGHEST WIND DIRECTION     90
 HIGHEST GUST SPEED    33     HIGHEST GUST DIRECTION     80
 AVERAGE WIND SPEED    MM

SKY COVER
  POSSIBLE SUNSHINE  MM            AVERAGE SKY COVER MM

WEATHER CONDITIONS
 THE FOLLOWING WEATHER WAS RECORDED TODAY.
  HAZE
  FOG
  BLOWING SNOW

...................................................................

THE BARROW CLIMATE NORMALS FOR TOMORROW
                        NORMAL    RECORD   YEAR
 MAXIMUM TEMPERATURE      -8        32     1982
 MINIMUM TEMPERATURE     -20       -50     1925

SUNRISE AND SUNSET
 FEB 7 2016..........SUNRISE 1059 AM      SUNSET  425 PM
 FEB 8 2016..........SUNRISE 1053 AM      SUNSET  431 PM

-  INDICATES NEGATIVE NUMBERS.
R  INDICATES RECORD HAS BEEN SET OR TIED.
MM INDICATES DATA IS MISSING.
T  INDICATES TRACE OF PRECIPITATION.

&&
-------------------------------------------------------------------

AMOUNT OF DAYLIGHT TODAY  (HOUR:MIN)........5 HOURS 25 MINUTES
GAIN/LOSS SINCE YESTERDAY (HOUR:MIN:SEC)....+0:12:16

$$
*** FEB 16
