000
CDAK49 PABR 230913
CLIBRW

CLIMATE REPORT
NATIONAL WEATHER SERVICE BARROW, AK
113 AM AKDT WED APR 23 2014

...................................
...THE BARROW WSO AP CLIMATE SUMMARY FOR APRIL 22 2014...

CLIMATE NORMAL PERIOD  1981 TO  2010
CLIMATE RECORD PERIOD  1915 TO  2014

WEATHER ITEM   OBSERVED TIME    RECORD YEAR NORMAL DEPARTURE LAST
               VALUE    (LST)   VALUE       VALUE  FROM      YEAR
                                                   NORMAL
...................................................................
TEMPERATURE
YESTERDAY
 MAXIMUM            18  1159 PM    36  1931     13       5     26
 MINIMUM             9  0652 AM   -30  1924      0       9      6
 AVERAGE            14                           6       8     16

PRECIPITATION
(INCHES)
 YESTERDAY        0.10           0.13  1961   0.01    0.09   0.05
 MONTH TO DATE    0.32                        0.12    0.20   0.09
 SINCE MAR 1      0.37                        0.21    0.16   0.59
 SINCE JAN 1      0.74                        0.48    0.26   0.72

SNOWFALL
(INCHES)
 YESTERDAY         0.8            1.3  1961    0.1     0.7    1.0
 MONTH TO DATE     2.1                         2.3    -0.2    2.6
 SINCE MAR 1       3.9                         4.4    -0.5   10.5
 SINCE JUL 1      46.5                        33.4    13.1   54.5
 SNOW DEPTH (IN)     8                                          6

DEGREE DAYS
 HEATING
  YESTERDAY         51                          59      -8     49
  MONTH TO DATE   1432                        1450     -18   1510
  SINCE MAR 1     3585                        3854    -269   3735
  SINCE JUL 1    15256                       16702   -1446  15781

 COOLING
  YESTERDAY          0                           0       0      0
  MONTH TO DATE      0                           0       0      0
  SINCE MAR 1        0                           0       0      0
  SINCE JAN 1        0                           0       0      0
...................................................................

WIND (MPH)
 HIGHEST WIND SPEED    18     HIGHEST WIND DIRECTION     90
 HIGHEST GUST SPEED    21     HIGHEST GUST DIRECTION    100
 AVERAGE WIND SPEED  11.4

WEATHER CONDITIONS
 THE FOLLOWING WEATHER WAS RECORDED YESTERDAY.
  FOG
  SNOW

RELATIVE HUMIDITY
 HIGHEST RH     96 PERCENT       953 AM
 LOWEST  RH     84 PERCENT       753 PM
 AVERAGE RH     89 PERCENT
...................................................................

THE BARROW CLIMATE NORMALS FOR TODAY
                           NORMAL    RECORD   YEAR
 MAXIMUM TEMPERATURE (F)     14        40     1931
 MINIMUM TEMPERATURE (F)      0       -28     1984

SUNRISE AND SUNSET
 APR 23 2014..........SUNRISE  5:26 AM      SUNSET 11:30 PM
 APR 24 2014..........SUNRISE  5:20 AM      SUNSET 11:36 PM

-  INDICATES NEGATIVE NUMBERS.
R  INDICATES RECORD HAS BEEN SET OR TIED.
MM INDICATES DATA IS MISSING.
T  INDICATES TRACE OF PRECIPITATION.

&&
-------------------------------------------------------------------

AMOUNT OF DAYLIGHT TODAY  (HOUR:MIN)........18 HOURS 4 MINUTES
GAIN/LOSS SINCE YESTERDAY (HOUR:MIN:SEC)....+0:11:40

$$
GMS APR 14
