242
CDAK49 PAFG 011004
CLIBRW

CLIMATE REPORT
NATIONAL WEATHER SERVICE FAIRBANKS AK
104 AM AKST WED MAR 1 2017


...................................

...THE BARROW AK CLIMATE SUMMARY FOR FEBRUARY 28 2017...

CLIMATE NORMAL PERIOD 1981 TO 2010
CLIMATE RECORD PERIOD 1920 TO 2017


WEATHER ITEM   OBSERVED TIME   RECORD YEAR NORMAL DEPARTURE LAST
                VALUE   (LST)  VALUE       VALUE  FROM      YEAR
                                                  NORMAL
..................................................................
TEMPERATURE (F)
 YESTERDAY
  MAXIMUM         -7    521 PM  32    1960  -8      1        5
  MINIMUM        -12    944 PM -50    1957 -21      9        0
  AVERAGE         -9                       -14      5        3

PRECIPITATION (IN)
  YESTERDAY        0.00          0.11 1963   0.00   0.00     0.00
                                      1935
  MONTH TO DATE    0.40                      0.14   0.26     2.09
  SINCE DEC 1      1.17                      0.41   0.76     3.07
  SINCE JAN 1      0.87                      0.27   0.60     3.06

SNOWFALL (IN)
  YESTERDAY        0.0           2.4  1935   0.1   -0.1      0.0
  MONTH TO DATE    4.9                       2.6    2.3      3.0
  SINCE DEC 1     13.8                       8.7    5.1      5.3
  SINCE JUL 1     26.9                      29.0   -2.1      8.8
  SNOW DEPTH       8

DEGREE DAYS
 HEATING
  YESTERDAY       74                        79     -5       62
  MONTH TO DATE 1987                      2212   -225     1923
  SINCE DEC 1   6007                      6905   -898     6272
  SINCE JUL 1  10962                     12857  -1895    11333

 COOLING
  YESTERDAY        0                         0      0        0
  MONTH TO DATE    0                         0      0        0
  SINCE DEC 1      0                         0      0        0
  SINCE JAN 1      0                         0      0        0
..................................................................


WIND (MPH)
  HIGHEST GUST SPEED    21   HIGHEST GUST DIRECTION    NW (320)


SKY COVER
  AVERAGE SKY COVER 0.2


WEATHER CONDITIONS
 THE FOLLOWING WEATHER WAS RECORDED YESTERDAY.
  NO SIGNIFICANT WEATHER WAS OBSERVED.


RELATIVE HUMIDITY (PERCENT)
 HIGHEST    79
 LOWEST     64
 AVERAGE    72

..........................................................


THE BARROW AK CLIMATE NORMALS FOR TODAY
                         NORMAL    RECORD    YEAR
 MAXIMUM TEMPERATURE (F)   -8        29      1960
 MINIMUM TEMPERATURE (F)  -21       -48      1971


SUNRISE AND SUNSET
MARCH 01 2017.........SUNRISE   858 AM AKST  SUNSET   624 PM AKST
MARCH 02 2017.........SUNRISE   853 AM AKST  SUNSET   629 PM AKST

-  INDICATES NEGATIVE NUMBERS.
R  INDICATES RECORD WAS SET OR TIED.
MM INDICATES DATA IS MISSING.
T  INDICATES TRACE AMOUNT.

&&

SNOW DEPTH IS MEASURED AT 3AM AKST/4AM AKDT.

----------------------------
AVAILABLE DAYLIGHT

AMOUNT OF DAYLIGHT TODAY  (HOUR:MIN)........9:26
GAIN/LOSS SINCE YESTERDAY (HOUR:MIN:SEC)....+0:09:41

$$
NTS MAR 17
