000
CDAK49 PABR 290912
CLIBRW

CLIMATE REPORT
NATIONAL WEATHER SERVICE BARROW, AK
112 AM AKDT WED JUL 29 2015

...................................
...THE BARROW WSO AP CLIMATE SUMMARY FOR JULY 28 2015...

CLIMATE NORMAL PERIOD  1981 TO  2010
CLIMATE RECORD PERIOD  1915 TO  2015

WEATHER ITEM   OBSERVED TIME    RECORD YEAR NORMAL DEPARTURE LAST
               VALUE    (LST)   VALUE       VALUE  FROM      YEAR
                                                   NORMAL
...................................................................
TEMPERATURE
YESTERDAY
 MAXIMUM            37  0453 PM    70  2009     47     -10     36
 MINIMUM            31  0835 AM    23  1936     35      -4     30
 AVERAGE            34                          41      -7     33

PRECIPITATION
(INCHES)
 YESTERDAY        0.01           0.42  1963   0.03   -0.02   0.00
 MONTH TO DATE    0.10                        0.87   -0.77   1.00
 SINCE JUN 1      0.94                        1.19   -0.25   2.47
 SINCE JAN 1      2.90                        1.89    1.01   4.09

SNOWFALL
(INCHES)
 YESTERDAY           T              T  2015    0.0       T    0.0
 MONTH TO DATE       T                         0.2    -0.2    0.9
 SINCE JUN 1       1.0                         0.9     0.1    1.8
 SINCE JUL 1         T                         0.2    -0.2    0.9
 SNOW DEPTH (IN)     0                                          0

DEGREE DAYS
 HEATING
  YESTERDAY         31                          24       7     32
  MONTH TO DATE    680                         675       5    755
  SINCE JUN 1     1422                        1555    -133   1688
  SINCE JUL 1      680                         675       5    755

 COOLING
  YESTERDAY          0                           0       0      0
  MONTH TO DATE      0                           0       0      0
  SINCE JUN 1        0                           0       0      0
  SINCE JAN 1        0                           0       0      0
...................................................................

WIND (MPH)
 HIGHEST WIND SPEED    12     HIGHEST WIND DIRECTION    350
 HIGHEST GUST SPEED    14     HIGHEST GUST DIRECTION    340
 AVERAGE WIND SPEED   8.6

WEATHER CONDITIONS
 THE FOLLOWING WEATHER WAS RECORDED YESTERDAY.
  DRIZZLE
  RAIN
  SNOW
  FOG WITH VISIBILITY AS LOW AS ONE QUARTER MILE.

RELATIVE HUMIDITY
 HIGHEST RH    100 PERCENT  AT  1153 PM AST
 LOWEST  RH     85 PERCENT  AT   153 PM AST
 AVERAGE RH     94 PERCENT
...................................................................

THE BARROW CLIMATE NORMALS FOR TODAY
                           NORMAL    RECORD   YEAR
 MAXIMUM TEMPERATURE (F)     47        71     1968
 MINIMUM TEMPERATURE (F)     35        27     1936

SUNRISE AND SUNSET
 THE SUN IS CONTINUOUSLY ABOVE THE HORIZON ALL DAY.

-  INDICATES NEGATIVE NUMBERS.
R  INDICATES RECORD HAS BEEN SET OR TIED.
MM INDICATES DATA IS MISSING.
T  INDICATES TRACE OF PRECIPITATION.

&&
-------------------------------------------------------------------

AMOUNT OF DAYLIGHT TODAY  (HOUR:MIN)........24 HOURS 00 MINUTES
GAIN/LOSS SINCE YESTERDAY (HOUR:MIN:SEC)....+0:00:00

$$
RFL JUL 15
