745
CDAK49 PAFG 220946
CLIBRW

CLIMATE REPORT
NATIONAL WEATHER SERVICE FAIRBANKS AK
1246 AM AKST THU FEB 22 2018


...................................

...THE BARROW AK CLIMATE SUMMARY FOR FEBRUARY 21 2018...

CLIMATE NORMAL PERIOD 1981 TO 2010
CLIMATE RECORD PERIOD 1920 TO 2018


WEATHER ITEM   OBSERVED TIME   RECORD YEAR NORMAL DEPARTURE LAST
                VALUE   (LST)  VALUE       VALUE  FROM      YEAR
                                                  NORMAL
..................................................................
TEMPERATURE (F)
 YESTERDAY
  MAXIMUM         22R  1211 AM  21    2008  -8     30       -5
                                      1972
  MINIMUM          2   1154 PM -48    1964 -20     22      -26
  AVERAGE         12                       -14     26      -15

PRECIPITATION (IN)
  YESTERDAY        T             0.13 1972   0.01  -0.01     0.05
  MONTH TO DATE    0.32                      0.11   0.21     0.14
  SINCE DEC 1      0.77                      0.38   0.39     0.91
  SINCE JAN 1      0.39                      0.24   0.15     0.61

SNOWFALL (IN)
  YESTERDAY        T             1.6  1972   0.1   -0.1      0.7
  MONTH TO DATE    2.9                       2.0    0.9      2.3
  SINCE DEC 1     10.3                       8.1    2.2     11.2
  SINCE JUL 1     27.0                      28.4   -1.4     24.3
  SNOW DEPTH       9

DEGREE DAYS
 HEATING
  YESTERDAY       53                        79    -26       80
  MONTH TO DATE 1214                      1659   -445     1451
  SINCE DEC 1   5189                      6346  -1157     5471
  SINCE JUL 1  10117                     12298  -2181    10426

 COOLING
  YESTERDAY        0                         0      0        0
  MONTH TO DATE    0                         0      0        0
  SINCE DEC 1      0                         0      0        0
  SINCE JAN 1      0                         0      0        0
..................................................................


WIND (MPH)
  HIGHEST GUST SPEED    44   HIGHEST GUST DIRECTION     W (250)


SKY COVER
  AVERAGE SKY COVER 0.4


WEATHER CONDITIONS
 THE FOLLOWING WEATHER WAS RECORDED YESTERDAY.
  LIGHT SNOW
  FOG


RELATIVE HUMIDITY (PERCENT)
 HIGHEST   100
 LOWEST     83
 AVERAGE    92

..........................................................


THE BARROW AK CLIMATE NORMALS FOR TODAY
                         NORMAL    RECORD    YEAR
 MAXIMUM TEMPERATURE (F)   -8        23      1972
                                             1928
 MINIMUM TEMPERATURE (F)  -20       -47      1964


SUNRISE AND SUNSET
FEBRUARY 22 2018......SUNRISE   934 AM AKST  SUNSET   549 PM AKST
FEBRUARY 23 2018......SUNRISE   929 AM AKST  SUNSET   554 PM AKST

-  INDICATES NEGATIVE NUMBERS.
R  INDICATES RECORD WAS SET OR TIED.
MM INDICATES DATA IS MISSING.
T  INDICATES TRACE AMOUNT.

&&

SNOW DEPTH IS MEASURED AT 3AM AKST/4AM AKDT.

----------------------------
AVAILABLE DAYLIGHT

AMOUNT OF DAYLIGHT TODAY  (HOUR:MIN)........8:15
GAIN/LOSS SINCE YESTERDAY (HOUR:MIN:SEC)....+0:10:06

$$
SDB FEB 18
