817
CDAK49 PAFG 181005
CLIBRW

CLIMATE REPORT
NATIONAL WEATHER SERVICE FAIRBANKS AK
105 AM AKST WED JAN 18 2017


...................................

...THE BARROW AK CLIMATE SUMMARY FOR JANUARY 17 2017...

CLIMATE NORMAL PERIOD 1981 TO 2010
CLIMATE RECORD PERIOD 1920 TO 2017


WEATHER ITEM   OBSERVED TIME   RECORD YEAR NORMAL DEPARTURE LAST
                VALUE   (LST)  VALUE       VALUE  FROM      YEAR
                                                  NORMAL
..................................................................
TEMPERATURE (F)
 YESTERDAY
  MAXIMUM         -9    855 PM  33    1963  -8     -1       -5
                                      1922
  MINIMUM        -19    818 AM -48    1989 -20      1      -13
  AVERAGE        -14                       -14      0       -9

PRECIPITATION (IN)
  YESTERDAY        0.00          0.17 1962   0.00   0.00     0.00
  MONTH TO DATE    0.46                      0.07   0.39     0.28
  SINCE DEC 1      0.76                      0.21   0.55     0.29
  SINCE JAN 1      0.46                      0.07   0.39     0.28

SNOWFALL (IN)
  YESTERDAY        0.0           1.7  1962   0.1   -0.1      0.0
  MONTH TO DATE    4.2                       1.5    2.7      0.9
  SINCE DEC 1      8.4                       5.0    3.4      1.3
  SINCE JUL 1     21.5                      25.3   -3.8      4.8
  SNOW DEPTH       6

DEGREE DAYS
 HEATING
  YESTERDAY       79                        79      0       74
  MONTH TO DATE  991                      1323   -332     1060
  SINCE DEC 1   2995                      3580   -585     3394
  SINCE JUL 1   7950                      9532  -1582     8455

 COOLING
  YESTERDAY        0                         0      0        0
  MONTH TO DATE    0                         0      0        0
  SINCE DEC 1      0                         0      0        0
  SINCE JAN 1      0                         0      0        0
..................................................................


WIND (MPH)
  HIGHEST GUST SPEED    11   HIGHEST GUST DIRECTION     N (20)


SKY COVER
  AVERAGE SKY COVER 0.4


WEATHER CONDITIONS
 THE FOLLOWING WEATHER WAS RECORDED YESTERDAY.
  FOG
  HAZE


RELATIVE HUMIDITY (PERCENT)
 HIGHEST    81
 LOWEST     66
 AVERAGE    74

..........................................................


THE BARROW AK CLIMATE NORMALS FOR TODAY
                         NORMAL    RECORD    YEAR
 MAXIMUM TEMPERATURE (F)   -8        31      1962
                                             1922
 MINIMUM TEMPERATURE (F)  -20       -47      1951


SUNRISE AND SUNSET
JANUARY 18 2017.......SUN BELOW VISIBLE HORIZON.
JANUARY 19 2017.......SUN BELOW VISIBLE HORIZON.

-  INDICATES NEGATIVE NUMBERS.
R  INDICATES RECORD WAS SET OR TIED.
MM INDICATES DATA IS MISSING.
T  INDICATES TRACE AMOUNT.

&&

SNOW DEPTH IS MEASURED AT 3AM AKST/4AM AKDT.

----------------------------
AVAILABLE DAYLIGHT

AMOUNT OF DAYLIGHT TODAY  (HOUR:MIN)........0:00
GAIN/LOSS SINCE YESTERDAY (HOUR:MIN:SEC)....+0:00:00

$$
JAN 17
