557
CDUS43 KGRR 312123
CLIBTL


CLIMATE REPORT
NATIONAL WEATHER SERVICE GRAND RAPIDS, MI
523 PM EDT TUE MAY 31 2016


...................................

...THE BATTLE CREEK MI CLIMATE SUMMARY FOR MAY 31 2016...
VALID TODAY AS OF 0500 PM LOCAL TIME.

CLIMATE NORMAL PERIOD 1981 TO 2010
CLIMATE RECORD PERIOD 1998 TO 2016


WEATHER ITEM   OBSERVED TIME   NORMAL DEPARTURE LAST
                VALUE   (LST)  VALUE  FROM      YEAR
                                      NORMAL
......................................................
TEMPERATURE (F)
 TODAY
  MAXIMUM         82    248 PM  75      7       54
  MINIMUM         55    531 AM  51      4       48
  AVERAGE         69            63      6       51

PRECIPITATION (IN)
  TODAY            0.00          0.12  -0.12     0.91
  MONTH TO DATE    2.80          3.77  -0.97     5.17
  SINCE MAR 1      8.24          8.48  -0.24     7.24
  SINCE JAN 1      9.84         11.48  -1.64     8.25

DEGREE DAYS
 HEATING
  TODAY            0             4     -4       14
  MONTH TO DATE  241           246     -5      147
  SINCE MAR 1   1500          1669   -169     1583
  SINCE JUL 1   5415          6634  -1219     6788

 COOLING
  TODAY            4             2      2        0
  MONTH TO DATE   53            31     22       73
  SINCE MAR 1     55            38     17       73
  SINCE JAN 1     55            38     17       73
......................................................


WIND (MPH)
  RESULTANT WIND SPEED   4   RESULTANT WIND DIRECTION  SE (120)
  HIGHEST WIND SPEED    15   HIGHEST WIND DIRECTION    SE (130)
  HIGHEST GUST SPEED    19   HIGHEST GUST DIRECTION    SE (150)
  AVERAGE WIND SPEED     4.7


SKY COVER
  AVERAGE SKY COVER 0.0


WEATHER CONDITIONS
 THE FOLLOWING WEATHER WAS RECORDED TODAY.
  NO SIGNIFICANT WEATHER WAS OBSERVED.


RELATIVE HUMIDITY (PERCENT)
 HIGHEST    93           600 AM
 LOWEST     26           400 PM
 AVERAGE    60

..........................................................


THE BATTLE CREEK MI CLIMATE NORMALS FOR TOMORROW
                         NORMAL
 MAXIMUM TEMPERATURE (F)   75
 MINIMUM TEMPERATURE (F)   51


SUNRISE AND SUNSET
MAY 31 2016...........SUNRISE   607 AM EDT   SUNSET   911 PM EDT
JUNE  1 2016..........SUNRISE   607 AM EDT   SUNSET   911 PM EDT


-  INDICATES NEGATIVE NUMBERS.
R  INDICATES RECORD WAS SET OR TIED.
MM INDICATES DATA IS MISSING.
T  INDICATES TRACE AMOUNT.




$$
