000
CDUS43 KGRR 271357
CLIBTL


CLIMATE REPORT
NATIONAL WEATHER SERVICE GRAND RAPIDS, MI
956 AM EDT TUE JUN 27 2017


...................................

...THE BATTLE CREEK MI CLIMATE SUMMARY FOR JUNE 27 2017...
VALID AS OF 0900 AM LOCAL TIME.

CLIMATE NORMAL PERIOD 1981 TO 2010
CLIMATE RECORD PERIOD 1998 TO 2017


WEATHER ITEM   OBSERVED TIME   NORMAL DEPARTURE LAST
                VALUE   (LST)  VALUE  FROM      YEAR
                                      NORMAL
......................................................
TEMPERATURE (F)
 TODAY
  MAXIMUM         59    759 AM  82    -23       87
  MINIMUM         46    534 AM  58    -12       63
  AVERAGE         53            70    -17       75

PRECIPITATION (IN)
  TODAY            0.00          0.11  -0.11     0.00
  MONTH TO DATE    0.97          2.93  -1.96     1.40
  SINCE JUN 1      0.97          2.93  -1.96     1.40
  SINCE JAN 1     16.45         14.41   2.04    11.24

DEGREE DAYS
 HEATING
  TODAY           12             1     11        0
  MONTH TO DATE   29            55    -26       26
  SINCE JUN 1     29            55    -26       26
  SINCE JUL 1   5442          6689  -1247     5441

 COOLING
  TODAY            0             6     -6       10
  MONTH TO DATE  147           108     39      136
  SINCE JUN 1    147           108     39      136
  SINCE JAN 1    184           146     38      191
......................................................


WIND (MPH)
  RESULTANT WIND SPEED   6   RESULTANT WIND DIRECTION   W (280)
  HIGHEST WIND SPEED    10   HIGHEST WIND DIRECTION     W (290)
  HIGHEST GUST SPEED    14   HIGHEST GUST DIRECTION     W (270)
  AVERAGE WIND SPEED     6.4


SKY COVER
  AVERAGE SKY COVER 0.2


WEATHER CONDITIONS
 THE FOLLOWING WEATHER WAS RECORDED TODAY.
  NO SIGNIFICANT WEATHER WAS OBSERVED.


RELATIVE HUMIDITY (PERCENT)
 HIGHEST   100           600 AM
 LOWEST     75           800 AM
 AVERAGE    88

..........................................................


THE BATTLE CREEK MI CLIMATE NORMALS FOR TOMORROW
                         NORMAL
 MAXIMUM TEMPERATURE (F)   82
 MINIMUM TEMPERATURE (F)   58


SUNRISE AND SUNSET
JUNE 27 2017..........SUNRISE   606 AM EDT   SUNSET   922 PM EDT
JUNE 28 2017..........SUNRISE   607 AM EDT   SUNSET   922 PM EDT


-  INDICATES NEGATIVE NUMBERS.
R  INDICATES RECORD WAS SET OR TIED.
MM INDICATES DATA IS MISSING.
T  INDICATES TRACE AMOUNT.




$$

jam
