000
CDUS43 KGRR 170553
CLIBTL


CLIMATE REPORT
NATIONAL WEATHER SERVICE GRAND RAPIDS, MI
1252 AM EST TUE JAN 17 2017


...................................

...THE BATTLE CREEK MI CLIMATE SUMMARY FOR JANUARY 16 2017...

CLIMATE NORMAL PERIOD 1981 TO 2010
CLIMATE RECORD PERIOD 1998 TO 2017


WEATHER ITEM   OBSERVED TIME   NORMAL DEPARTURE LAST
                VALUE   (LST)  VALUE  FROM      YEAR
                                      NORMAL
......................................................
TEMPERATURE (F)
 YESTERDAY
  MAXIMUM         35   1159 PM  31      4       32
  MINIMUM         21    419 AM  15      6       25
  AVERAGE         28            23      5       29

PRECIPITATION (IN)
  YESTERDAY        0.44          0.06   0.38      T
  MONTH TO DATE    1.94          0.99   0.95     0.75
  SINCE DEC 1      2.98          2.98   0.00     3.87
  SINCE JAN 1      1.94          0.99   0.95     0.75

DEGREE DAYS
 HEATING
  YESTERDAY       37            42     -5       36
  MONTH TO DATE  642           662    -20      604
  SINCE DEC 1   1810          1824    -14     1214
  SINCE JUL 1   2653          3262   -609     2264

 COOLING
  YESTERDAY        0             0      0        0
  MONTH TO DATE    0             0      0        0
  SINCE DEC 1      0             0      0        0
  SINCE JAN 1      0             0      0        0
......................................................


WIND (MPH)
  RESULTANT WIND SPEED   4   RESULTANT WIND DIRECTION  SE (120)
  HIGHEST WIND SPEED    14   HIGHEST WIND DIRECTION     E (110)
  HIGHEST GUST SPEED    17   HIGHEST GUST DIRECTION     E (110)
  AVERAGE WIND SPEED     4.6


SKY COVER
  AVERAGE SKY COVER 0.8


WEATHER CONDITIONS
 THE FOLLOWING WEATHER WAS RECORDED YESTERDAY.
  RAIN
  LIGHT RAIN
  LT FREEZING RAIN
  FOG


RELATIVE HUMIDITY (PERCENT)
 HIGHEST   100           500 AM
 LOWEST     78           700 AM
 AVERAGE    89

..........................................................


THE BATTLE CREEK MI CLIMATE NORMALS FOR TODAY
                         NORMAL
 MAXIMUM TEMPERATURE (F)   31
 MINIMUM TEMPERATURE (F)   15


SUNRISE AND SUNSET
JANUARY 17 2017.......SUNRISE   806 AM EST   SUNSET   537 PM EST
JANUARY 18 2017.......SUNRISE   806 AM EST   SUNSET   538 PM EST


-  INDICATES NEGATIVE NUMBERS.
R  INDICATES RECORD WAS SET OR TIED.
MM INDICATES DATA IS MISSING.
T  INDICATES TRACE AMOUNT.




$$
