000
CDUS43 KGRR 222224
CLIBTL


CLIMATE REPORT
NATIONAL WEATHER SERVICE GRAND RAPIDS, MI
524 PM EST MON JAN 22 2018


...................................

...THE BATTLE CREEK MI CLIMATE SUMMARY FOR JANUARY 22 2018...
VALID TODAY AS OF 0500 PM LOCAL TIME.

CLIMATE NORMAL PERIOD 1981 TO 2010
CLIMATE RECORD PERIOD 1998 TO 2018


WEATHER ITEM   OBSERVED TIME   NORMAL DEPARTURE LAST
                VALUE   (LST)  VALUE  FROM      YEAR
                                      NORMAL
......................................................
TEMPERATURE (F)
 TODAY
  MAXIMUM         53    417 PM  32     21       47
  MINIMUM         40    208 AM  15     25       40
  AVERAGE         47            23     24       44

PRECIPITATION (IN)
  TODAY            0.47          0.04   0.43     0.00
  MONTH TO DATE    1.08          1.28  -0.20     2.68
  SINCE DEC 1      1.63          3.27  -1.64     3.72
  SINCE JAN 1      1.08          1.28  -0.20     2.68

DEGREE DAYS
 HEATING
  TODAY           18            42    -24       21
  MONTH TO DATE  961           914     47      782
  SINCE DEC 1   2184          2076    108     1950
  SINCE JUL 1   3379          3514   -135     2793

 COOLING
  TODAY            0             0      0        0
  MONTH TO DATE    0             0      0        0
  SINCE DEC 1      0             0      0        0
  SINCE JAN 1      0             0      0        0
......................................................


WIND (MPH)
  RESULTANT WIND SPEED   7   RESULTANT WIND DIRECTION   S (160)
  HIGHEST WIND SPEED    21   HIGHEST WIND DIRECTION     S (190)
  HIGHEST GUST SPEED    26   HIGHEST GUST DIRECTION     S (180)
  AVERAGE WIND SPEED     8.8


SKY COVER
  AVERAGE SKY COVER 1.0


WEATHER CONDITIONS
 THE FOLLOWING WEATHER WAS RECORDED TODAY.
  HEAVY RAIN
  RAIN
  LIGHT RAIN
  FOG
  FOG W/VISIBILITY <= 1/4 MILE


RELATIVE HUMIDITY (PERCENT)
 HIGHEST   100          1200 AM
 LOWEST     83           300 PM
 AVERAGE    92

..........................................................


THE BATTLE CREEK MI CLIMATE NORMALS FOR TOMORROW
                         NORMAL
 MAXIMUM TEMPERATURE (F)   32
 MINIMUM TEMPERATURE (F)   15


SUNRISE AND SUNSET
JANUARY 22 2018.......SUNRISE   803 AM EST   SUNSET   542 PM EST
JANUARY 23 2018.......SUNRISE   802 AM EST   SUNSET   544 PM EST


-  INDICATES NEGATIVE NUMBERS.
R  INDICATES RECORD WAS SET OR TIED.
MM INDICATES DATA IS MISSING.
T  INDICATES TRACE AMOUNT.




$$
