359
CDUS43 KGRR 232134
CLIBTL


CLIMATE REPORT
NATIONAL WEATHER SERVICE GRAND RAPIDS, MI
533 PM EDT MON OCT 23 2017


...................................

...THE BATTLE CREEK MI CLIMATE SUMMARY FOR OCTOBER 23 2017...
VALID TODAY AS OF 0500 PM LOCAL TIME.

CLIMATE NORMAL PERIOD 1981 TO 2010
CLIMATE RECORD PERIOD 1998 TO 2017


WEATHER ITEM   OBSERVED TIME   NORMAL DEPARTURE LAST
                VALUE   (LST)  VALUE  FROM      YEAR
                                      NORMAL
......................................................
TEMPERATURE (F)
 TODAY
  MAXIMUM         67   1251 AM  58      9       68
  MINIMUM         58    359 PM  37     21       41
  AVERAGE         63            48     15       55

PRECIPITATION (IN)
  TODAY            0.74          0.10   0.64     0.00
  MONTH TO DATE    8.98          2.35   6.63     1.69
  SINCE SEP 1      9.39          6.00   3.39     3.74
  SINCE JAN 1     30.99         27.54   3.45    27.20

DEGREE DAYS
 HEATING
  TODAY            2            17    -15       10
  MONTH TO DATE  106           317   -211      157
  SINCE SEP 1    193           473   -280      200
  SINCE JUL 1    213           514   -301      208

 COOLING
  TODAY            0             0      0        0
  MONTH TO DATE   15             2     13       19
  SINCE SEP 1    148            57     91      111
  SINCE JAN 1    735           575    160      727
......................................................


WIND (MPH)
  RESULTANT WIND SPEED   1   RESULTANT WIND DIRECTION  NE (30)
  HIGHEST WIND SPEED    13   HIGHEST WIND DIRECTION    NW (330)
  HIGHEST GUST SPEED    15   HIGHEST GUST DIRECTION     N (340)
  AVERAGE WIND SPEED     3.9


SKY COVER
  AVERAGE SKY COVER 1.0


WEATHER CONDITIONS
 THE FOLLOWING WEATHER WAS RECORDED TODAY.
  RAIN
  LIGHT RAIN
  FOG


RELATIVE HUMIDITY (PERCENT)
 HIGHEST   100           200 PM
 LOWEST     73           100 AM
 AVERAGE    87

..........................................................


THE BATTLE CREEK MI CLIMATE NORMALS FOR TOMORROW
                         NORMAL
 MAXIMUM TEMPERATURE (F)   58
 MINIMUM TEMPERATURE (F)   37


SUNRISE AND SUNSET
OCTOBER 23 2017.......SUNRISE   803 AM EDT   SUNSET   646 PM EDT
OCTOBER 24 2017.......SUNRISE   805 AM EDT   SUNSET   645 PM EDT


-  INDICATES NEGATIVE NUMBERS.
R  INDICATES RECORD WAS SET OR TIED.
MM INDICATES DATA IS MISSING.
T  INDICATES TRACE AMOUNT.




$$

JAM
