000
CDUS43 KGRR 280516
CLIBTL


CLIMATE REPORT
NATIONAL WEATHER SERVICE GRAND RAPIDS, MI
116 AM EDT FRI APR 28 2017


...................................

...THE BATTLE CREEK MI CLIMATE SUMMARY FOR APRIL 27 2017...

CLIMATE NORMAL PERIOD 1981 TO 2010
CLIMATE RECORD PERIOD 1998 TO 2017


WEATHER ITEM   OBSERVED TIME   NORMAL DEPARTURE LAST
                VALUE   (LST)  VALUE  FROM      YEAR
                                      NORMAL
......................................................
TEMPERATURE (F)
 YESTERDAY
  MAXIMUM         68    935 AM  65      3       61
  MINIMUM         47   1159 PM  40      7       40
  AVERAGE         58            52      6       51

PRECIPITATION (IN)
  YESTERDAY        T             0.10  -0.10     0.00
  MONTH TO DATE    2.60          2.51   0.09     1.84
  SINCE MAR 1      6.33          4.42   1.91     4.78
  SINCE JAN 1     11.80          7.42   4.38     6.38

DEGREE DAYS
 HEATING
  YESTERDAY        7            13     -6       14
  MONTH TO DATE  321           476   -155      478
  SINCE MAR 1   1226          1386   -160     1205
  SINCE JUL 1   5129          6351  -1222     5120

 COOLING
  YESTERDAY        0             0      0        0
  MONTH TO DATE    9             0      9        2
  SINCE MAR 1      9             0      9        2
  SINCE JAN 1      9             0      9        2
......................................................


WIND (MPH)
  RESULTANT WIND SPEED  13   RESULTANT WIND DIRECTION  SW (220)
  HIGHEST WIND SPEED    37   HIGHEST WIND DIRECTION    SW (220)
  HIGHEST GUST SPEED    44   HIGHEST GUST DIRECTION     S (200)
  AVERAGE WIND SPEED    16.1


SKY COVER
  AVERAGE SKY COVER 0.8


WEATHER CONDITIONS
 THE FOLLOWING WEATHER WAS RECORDED YESTERDAY.
  LIGHT RAIN


RELATIVE HUMIDITY (PERCENT)
 HIGHEST    84           600 AM
 LOWEST     56          1100 AM
 AVERAGE    70

..........................................................


THE BATTLE CREEK MI CLIMATE NORMALS FOR TODAY
                         NORMAL
 MAXIMUM TEMPERATURE (F)   65
 MINIMUM TEMPERATURE (F)   40


SUNRISE AND SUNSET
APRIL 28 2017.........SUNRISE   640 AM EDT   SUNSET   837 PM EDT
APRIL 29 2017.........SUNRISE   639 AM EDT   SUNSET   838 PM EDT


-  INDICATES NEGATIVE NUMBERS.
R  INDICATES RECORD WAS SET OR TIED.
MM INDICATES DATA IS MISSING.
T  INDICATES TRACE AMOUNT.




$$
