000
CDUS45 KMSO 222304
CLIBTM


CLIMATE REPORT
NATIONAL WEATHER SERVICE MISSOULA, MT
504 PM MDT TUE AUG 22 2017


...................................

...THE BUTTE MT CLIMATE SUMMARY FOR AUGUST 22 2017...
VALID TODAY AS OF 0500 PM LOCAL TIME.

CLIMATE NORMAL PERIOD 1981 TO 2010
CLIMATE RECORD PERIOD 1895 TO 2017


WEATHER ITEM   OBSERVED TIME   RECORD YEAR NORMAL DEPARTURE LAST
                VALUE   (LST)  VALUE       VALUE  FROM      YEAR
                                                  NORMAL
..................................................................
TEMPERATURE (F)
 TODAY
  MAXIMUM         86    259 PM  94    1976  78      8       78
  MINIMUM         41    549 AM  32    1988  43     -2       40
  AVERAGE         64                        61      3       59

PRECIPITATION (IN)
  TODAY            0.00          1.02 1965   0.04  -0.04     0.00
  MONTH TO DATE    0.15                      0.97  -0.82     0.66
  SINCE OCT 1     11.98                     11.38   0.60     8.80
  SINCE JAN 1      8.76                      9.49  -0.73     6.06

SNOWFALL (IN)
  TODAY           MM
  MONTH TO DATE   MM
  SINCE JAN 1     MM
  SINCE JUL 1     MM
  SNOW DEPTH      MM

DEGREE DAYS
 HEATING
  TODAY            1                         5     -4        6
  MONTH TO DATE   60                        71    -11       98
  SINCE JUN 1    303                       458   -155      420
  SINCE JUL 1     68                       171   -103      231

 COOLING
  TODAY            0                         1     -1        0
  MONTH TO DATE    7                        24    -17        4
  SINCE JUN 1    110                        75     35       51
  SINCE JAN 1    110                        75     35       51
..................................................................


WIND (MPH)
  HIGHEST WIND SPEED    13   HIGHEST WIND DIRECTION    NE (30)
  HIGHEST GUST SPEED    15   HIGHEST GUST DIRECTION    NE (30)
  AVERAGE WIND SPEED     2.5


SKY COVER
  POSSIBLE SUNSHINE  MM
  AVERAGE SKY COVER 0.0


WEATHER CONDITIONS
 THE FOLLOWING WEATHER WAS RECORDED TODAY.
  NO SIGNIFICANT WEATHER WAS OBSERVED.


RELATIVE HUMIDITY (PERCENT)
 HIGHEST    70           500 AM
 LOWEST     13           300 PM
 AVERAGE    42

..........................................................


THE BUTTE MT CLIMATE NORMALS FOR TOMORROW
                         NORMAL    RECORD    YEAR
 MAXIMUM TEMPERATURE (F)   78        94      1969
 MINIMUM TEMPERATURE (F)   43        30      1992


SUNRISE AND SUNSET
AUGUST 22 2017........SUNRISE   639 AM MDT   SUNSET   826 PM MDT
AUGUST 23 2017........SUNRISE   640 AM MDT   SUNSET   824 PM MDT


-  INDICATES NEGATIVE NUMBERS.
R  INDICATES RECORD WAS SET OR TIED.
MM INDICATES DATA IS MISSING.
T  INDICATES TRACE AMOUNT.




$$
