000
CDUS45 KMSO 012242
CLIBTM


CLIMATE REPORT
NATIONAL WEATHER SERVICE MISSOULA, MT
442 PM MDT MON JUN 1 2015


...................................

...THE BUTTE MT CLIMATE SUMMARY FOR JUNE 1 2015...
VALID TODAY AS OF 0400 PM LOCAL TIME.

CLIMATE NORMAL PERIOD 1981 TO 2010
CLIMATE RECORD PERIOD 1895 TO 2015


WEATHER ITEM   OBSERVED TIME   RECORD YEAR NORMAL DEPARTURE LAST
                VALUE   (LST)  VALUE       VALUE  FROM      YEAR
                                                  NORMAL
..................................................................
TEMPERATURE (F)
 TODAY
  MAXIMUM         69    104 PM  86    1977  65      4       59
  MINIMUM         45    453 AM  25    1934  38      7       40
  AVERAGE         57                        52      5       50

PRECIPITATION (IN)
  TODAY            0.13          1.08 1934   0.09   0.04     0.34
  MONTH TO DATE    0.13                      0.09   0.04     0.34
  SINCE OCT 1      5.87                      6.89  -1.02     5.66
  SINCE JAN 1      3.48                      5.00  -1.52     4.62

SNOWFALL (IN)
  TODAY           MM
  MONTH TO DATE   MM
  SINCE JAN 1     MM
  SINCE JUL 1     MM
  SNOW DEPTH       0

DEGREE DAYS
 HEATING
  TODAY            8                        13     -5       15
  MONTH TO DATE    8                        13     -5       15
  SINCE JUN 1      8                        13     -5       15
  SINCE JUL 1   8033                      8945   -912     8764

 COOLING
  TODAY            0                         0      0        0
  MONTH TO DATE    0                         0      0        0
  SINCE JUN 1      0                         0      0        0
  SINCE JAN 1      0                         0      0        0
..................................................................


WIND (MPH)
  HIGHEST WIND SPEED    26   HIGHEST WIND DIRECTION    NE (40)
  HIGHEST GUST SPEED    34   HIGHEST GUST DIRECTION    NE (40)
  AVERAGE WIND SPEED     5.1


SKY COVER
  POSSIBLE SUNSHINE  MM
  AVERAGE SKY COVER 0.3


WEATHER CONDITIONS
 THE FOLLOWING WEATHER WAS RECORDED TODAY.
  THUNDERSTORM
  LIGHT RAIN


RELATIVE HUMIDITY (PERCENT)
 HIGHEST   100           500 AM
 LOWEST     31           100 PM
 AVERAGE    66

..........................................................


THE BUTTE MT CLIMATE NORMALS FOR TOMORROW
                         NORMAL    RECORD    YEAR
 MAXIMUM TEMPERATURE (F)   66        84      1986
 MINIMUM TEMPERATURE (F)   39        25      1951


SUNRISE AND SUNSET
JUNE  1 2015..........SUNRISE   543 AM MDT   SUNSET   913 PM MDT
JUNE  2 2015..........SUNRISE   542 AM MDT   SUNSET   914 PM MDT


-  INDICATES NEGATIVE NUMBERS.
R  INDICATES RECORD WAS SET OR TIED.
MM INDICATES DATA IS MISSING.
T  INDICATES TRACE AMOUNT.




$$
