000
CDUS45 KMSO 290738
CLIBTM


CLIMATE REPORT
NATIONAL WEATHER SERVICE MISSOULA, MT
1237 AM MST THU JAN 29 2015


...................................

...THE BUTTE MT CLIMATE SUMMARY FOR JANUARY 28 2015...

CLIMATE NORMAL PERIOD 1981 TO 2010
CLIMATE RECORD PERIOD 1895 TO 2015


WEATHER ITEM   OBSERVED TIME   RECORD YEAR NORMAL DEPARTURE LAST
                VALUE   (LST)  VALUE       VALUE  FROM      YEAR
                                                  NORMAL
..................................................................
TEMPERATURE (F)
 YESTERDAY
  MAXIMUM         42    244 PM  53    1920  33      9       34
  MINIMUM         22   1158 PM -43    1951   8     14       -7
  AVERAGE         32                        20     12       14

PRECIPITATION (IN)
  YESTERDAY        0.00          1.00 1899   0.02  -0.02     0.00
  MONTH TO DATE    0.17                      0.43  -0.26     0.11
  SINCE OCT 1      2.56                      2.32   0.24     1.15
  SINCE JAN 1      0.17                      0.43  -0.26     0.11

SNOWFALL (IN)
  YESTERDAY       MM
  MONTH TO DATE   MM
  SINCE JAN 1     MM
  SINCE JUL 1     MM
  SNOW DEPTH      MM

DEGREE DAYS
 HEATING
  YESTERDAY       33                        45    -12       51
  MONTH TO DATE 1136                      1274   -138     1113
  SINCE DEC 1   2451                      2748   -297     2571
  SINCE JUL 1   4781                      5238   -457     4831

 COOLING
  YESTERDAY        0                         0      0        0
  MONTH TO DATE    0                         0      0        0
  SINCE DEC 1      0                         0      0        0
  SINCE JAN 1      0                         0      0        0
..................................................................


WIND (MPH)
  HIGHEST WIND SPEED    16   HIGHEST WIND DIRECTION    NW (330)
  HIGHEST GUST SPEED    21   HIGHEST GUST DIRECTION    NW (330)
  AVERAGE WIND SPEED     5.8


SKY COVER
  POSSIBLE SUNSHINE  MM
  AVERAGE SKY COVER 0.1


WEATHER CONDITIONS
 THE FOLLOWING WEATHER WAS RECORDED YESTERDAY.
  NO SIGNIFICANT WEATHER WAS OBSERVED.


RELATIVE HUMIDITY (PERCENT)
 HIGHEST    92           100 AM
 LOWEST     45           100 PM
 AVERAGE    69

..........................................................


THE BUTTE MT CLIMATE NORMALS FOR TODAY
                         NORMAL    RECORD    YEAR
 MAXIMUM TEMPERATURE (F)   33        58      1931
 MINIMUM TEMPERATURE (F)    8       -46      1951


SUNRISE AND SUNSET
JANUARY 29 2015.......SUNRISE   756 AM MST   SUNSET   531 PM MST
JANUARY 30 2015.......SUNRISE   755 AM MST   SUNSET   532 PM MST


-  INDICATES NEGATIVE NUMBERS.
R  INDICATES RECORD WAS SET OR TIED.
MM INDICATES DATA IS MISSING.
T  INDICATES TRACE AMOUNT.




$$
