000
CDUS45 KMSO 240746
CLIBTM


CLIMATE REPORT
NATIONAL WEATHER SERVICE MISSOULA, MT
146 AM MDT WED AUG 24 2016


...................................

...THE BUTTE MT CLIMATE SUMMARY FOR AUGUST 23 2016...

CLIMATE NORMAL PERIOD 1981 TO 2010
CLIMATE RECORD PERIOD 1895 TO 2016


WEATHER ITEM   OBSERVED TIME   RECORD YEAR NORMAL DEPARTURE LAST
                VALUE   (LST)  VALUE       VALUE  FROM      YEAR
                                                  NORMAL
..................................................................
TEMPERATURE (F)
 YESTERDAY
  MAXIMUM         69    239 PM  94    1969  78     -9       80
  MINIMUM         36    634 AM  30    1992  43     -7       34
  AVERAGE         53                        60     -7       57

PRECIPITATION (IN)
  YESTERDAY        0.00          1.15 1976   0.04  -0.04     0.00
  MONTH TO DATE    0.66                      1.01  -0.35     0.32
  SINCE OCT 1      8.80                     11.42  -2.62     8.85
  SINCE JAN 1      6.06                      9.53  -3.47     6.46

SNOWFALL (IN)
  YESTERDAY       MM
  MONTH TO DATE   MM
  SINCE JAN 1     MM
  SINCE JUL 1     MM
  SNOW DEPTH      MM

DEGREE DAYS
 HEATING
  YESTERDAY       12                         5      7        8
  MONTH TO DATE  110                        76     34      108
  SINCE JUN 1    432                       463    -31      360
  SINCE JUL 1    243                       176     67      212

 COOLING
  YESTERDAY        0                         0      0        0
  MONTH TO DATE    4                        24    -20       26
  SINCE JUN 1     51                        75    -24       93
  SINCE JAN 1     51                        75    -24       93
..................................................................


WIND (MPH)
  HIGHEST WIND SPEED    17   HIGHEST WIND DIRECTION    NW (320)
  HIGHEST GUST SPEED    22   HIGHEST GUST DIRECTION    NW (300)
  AVERAGE WIND SPEED     5.5


SKY COVER
  POSSIBLE SUNSHINE  MM
  AVERAGE SKY COVER 0.0


WEATHER CONDITIONS
 THE FOLLOWING WEATHER WAS RECORDED YESTERDAY.
  NO SIGNIFICANT WEATHER WAS OBSERVED.


RELATIVE HUMIDITY (PERCENT)
 HIGHEST    59           600 AM
 LOWEST     21           200 PM
 AVERAGE    40

..........................................................


THE BUTTE MT CLIMATE NORMALS FOR TODAY
                         NORMAL    RECORD    YEAR
 MAXIMUM TEMPERATURE (F)   78        95      1969
 MINIMUM TEMPERATURE (F)   42        31      1992


SUNRISE AND SUNSET
AUGUST 24 2016........SUNRISE   642 AM MDT   SUNSET   822 PM MDT
AUGUST 25 2016........SUNRISE   643 AM MDT   SUNSET   820 PM MDT


-  INDICATES NEGATIVE NUMBERS.
R  INDICATES RECORD WAS SET OR TIED.
MM INDICATES DATA IS MISSING.
T  INDICATES TRACE AMOUNT.




$$
