000
CDUS44 KLIX 280712
CLIBTR


CLIMATE REPORT
NATIONAL WEATHER SERVICE NEW ORLEANS
211 AM CDT WED JUN 28 2017


...................................

...THE BATON ROUGE  ASOS CLIMATE SUMMARY FOR JUNE 27 2017...

CLIMATE NORMAL PERIOD 1981 TO 2010
CLIMATE RECORD PERIOD 1894 TO 2017


WEATHER ITEM   OBSERVED TIME   RECORD YEAR NORMAL DEPARTURE LAST
                VALUE   (LST)  VALUE       VALUE  FROM      YEAR
                                                  NORMAL
..................................................................
TEMPERATURE (F)
 YESTERDAY
  MAXIMUM         88    206 PM 100    1930  92     -4       97
  MINIMUM         72   1158 PM  57    1974  73     -1       77
  AVERAGE         80                        82     -2       87

PRECIPITATION (IN)
  YESTERDAY        0.00          4.83 1989   0.23  -0.23     0.00
  MONTH TO DATE    7.49                      5.73   1.76     6.41
  SINCE JUN 1      7.49                      5.73   1.76     6.41
  SINCE JAN 1     39.14                     30.25   8.89    36.62

SNOWFALL (IN)
  YESTERDAY        0.0
  MONTH TO DATE    0.0
  SINCE JUN 1      0.0
  SINCE JUL 1      0.0
  SNOW DEPTH       0

DEGREE DAYS
 HEATING
  YESTERDAY        0                         0      0        0
  MONTH TO DATE    0                         0      0        0
  SINCE JUN 1      0                         0      0        0
  SINCE JUL 1    809                      1555   -746     1079

 COOLING
  YESTERDAY       15                        17     -2       22
  MONTH TO DATE  393                       431    -38      462
  SINCE JUN 1    393                       431    -38      462
  SINCE JAN 1   1130                       996    134     1038
..................................................................


WIND (MPH)
  HIGHEST WIND SPEED    10   HIGHEST WIND DIRECTION     E (70)
  HIGHEST GUST SPEED    15   HIGHEST GUST DIRECTION    NE (40)
  AVERAGE WIND SPEED     4.2


SKY COVER
  POSSIBLE SUNSHINE  MM
  AVERAGE SKY COVER 0.3


WEATHER CONDITIONS
 THE FOLLOWING WEATHER WAS RECORDED YESTERDAY.
  NO SIGNIFICANT WEATHER WAS OBSERVED.


RELATIVE HUMIDITY (PERCENT)
 HIGHEST    93           100 AM
 LOWEST     50           100 PM
 AVERAGE    72

..........................................................


THE BATON ROUGE  ASOS CLIMATE NORMALS FOR TODAY
                         NORMAL    RECORD    YEAR
 MAXIMUM TEMPERATURE (F)   92       101      1988
 MINIMUM TEMPERATURE (F)   73        59      1974


SUNRISE AND SUNSET
JUNE 28 2017..........SUNRISE   605 AM CDT   SUNSET   811 PM CDT
JUNE 29 2017..........SUNRISE   605 AM CDT   SUNSET   811 PM CDT


-  INDICATES NEGATIVE NUMBERS.
R  INDICATES RECORD WAS SET OR TIED.
MM INDICATES DATA IS MISSING.
T  INDICATES TRACE AMOUNT.




$$
