204
CDUS44 KLIX 162222
CLIBTR


CLIMATE REPORT
NATIONAL WEATHER SERVICE NEW ORLEANS
NATIONAL WEATHER SERVICE NEW ORL
422 PM CST SAT DEC 16 2017


...................................

...THE BATON ROUGE  ASOS CLIMATE SUMMARY FOR DECEMBER 16 2017...
VALID TODAY AS OF 0400 PM LOCAL TIME.

CLIMATE NORMAL PERIOD 1981 TO 2010
CLIMATE RECORD PERIOD 1894 TO 2017


WEATHER ITEM   OBSERVED TIME   RECORD YEAR NORMAL DEPARTURE LAST
                VALUE   (LST)  VALUE       VALUE  FROM      YEAR
                                                  NORMAL
..................................................................
TEMPERATURE (F)
 TODAY
  MAXIMUM         60    259 PM  84    1908  64     -4       69
  MINIMUM         39   1253 AM  18    1901  43     -4       39
  AVERAGE         50

PRECIPITATION (IN)
  TODAY            0.00          2.95 1927   0.19  -0.19      T
  MONTH TO DATE    3.25                      2.78   0.47     6.08
  SINCE DEC 1      3.25                      2.78   0.47     6.08
  SINCE JAN 1     65.04                     57.83   7.21    86.91

SNOWFALL (IN)
  TODAY            0.0
  MONTH TO DATE    3.5
  SINCE DEC 1      3.5
  SINCE JUL 1      3.5
  SNOW DEPTH       0

DEGREE DAYS
 HEATING
  TODAY           15                        12      3       11
  MONTH TO DATE  231                       180     51      168
  SINCE DEC 1    231                       180     51      168
  SINCE JUL 1    438                       415     23      281

 COOLING
  TODAY            0                         1     -1        0
  MONTH TO DATE    2                        16    -14       12
  SINCE DEC 1      2                        16    -14       12
  SINCE JAN 1   2976                      2817    159     3133
..................................................................


WIND (MPH)
  HIGHEST WIND SPEED    13   HIGHEST WIND DIRECTION     E (70)
  HIGHEST GUST SPEED    16   HIGHEST GUST DIRECTION     E (70)
  AVERAGE WIND SPEED     6.6


SKY COVER
  POSSIBLE SUNSHINE  MM
  AVERAGE SKY COVER 0.7


WEATHER CONDITIONS
 THE FOLLOWING WEATHER WAS RECORDED TODAY.
  NO SIGNIFICANT WEATHER WAS OBSERVED.


RELATIVE HUMIDITY (PERCENT)
 HIGHEST    85          1200 AM
 LOWEST     29           300 PM
 AVERAGE    57

..........................................................


THE BATON ROUGE  ASOS CLIMATE NORMALS FOR TOMORROW
                         NORMAL    RECORD    YEAR
 MAXIMUM TEMPERATURE (F)   64        85      1908
 MINIMUM TEMPERATURE (F)   42        20      1901


SUNRISE AND SUNSET
DECEMBER 16 2017......SUNRISE   655 AM CST   SUNSET   506 PM CST
DECEMBER 17 2017......SUNRISE   655 AM CST   SUNSET   506 PM CST


-  INDICATES NEGATIVE NUMBERS.
R  INDICATES RECORD WAS SET OR TIED.
MM INDICATES DATA IS MISSING.
T  INDICATES TRACE AMOUNT.




$$
