000
CDUS44 KLIX 280706
CLIBTR


CLIMATE REPORT
NATIONAL WEATHER SERVICE NEW ORLEANS
203 AM CDT SAT MAR 28 2015


...................................

...THE BATON ROUGE  ASOS CLIMATE SUMMARY FOR MARCH 27 2015...

CLIMATE NORMAL PERIOD 1981 TO 2010
CLIMATE RECORD PERIOD 1894 TO 2015


WEATHER ITEM   OBSERVED TIME   RECORD YEAR NORMAL DEPARTURE LAST
                VALUE   (LST)  VALUE       VALUE  FROM      YEAR
                                                  NORMAL
..................................................................
TEMPERATURE (F)
 YESTERDAY
  MAXIMUM         70    522 PM  89    1899  75     -5       70
  MINIMUM         45    634 AM  28    1955  52     -7       50
  AVERAGE         58                        64     -6       60

PRECIPITATION (IN)
  YESTERDAY        0.00          2.16 1914   0.15  -0.15     0.09
  MONTH TO DATE    3.38                      3.80  -0.42     1.64
  SINCE MAR 1      3.38                      3.80  -0.42     1.64
  SINCE JAN 1     13.13                     14.56  -1.43    10.91

SNOWFALL (IN)
  YESTERDAY        0.0
  MONTH TO DATE    T
  SINCE MAR 1      T
  SINCE JUL 1      T
  SNOW DEPTH       0

DEGREE DAYS
 HEATING
  YESTERDAY        7                         4      3        5
  MONTH TO DATE   86                       154    -68      207
  SINCE MAR 1     86                       154    -68      207
  SINCE JUL 1   1628                      1489    139     1913

 COOLING
  YESTERDAY        0                         2     -2        0
  MONTH TO DATE   91                        47     44       19
  SINCE MAR 1     91                        47     44       19
  SINCE JAN 1     95                        78     17       39
..................................................................


WIND (MPH)
  HIGHEST WIND SPEED    20   HIGHEST WIND DIRECTION     W (270)
  HIGHEST GUST SPEED    25   HIGHEST GUST DIRECTION     W (280)
  AVERAGE WIND SPEED     7.2


SKY COVER
  POSSIBLE SUNSHINE  MM
  AVERAGE SKY COVER 0.2


WEATHER CONDITIONS
 THE FOLLOWING WEATHER WAS RECORDED YESTERDAY.
  HAZE


RELATIVE HUMIDITY (PERCENT)
 HIGHEST    83          1200 AM
 LOWEST     32          1200 PM
 AVERAGE    58

..........................................................


THE BATON ROUGE  ASOS CLIMATE NORMALS FOR TODAY
                         NORMAL    RECORD    YEAR
 MAXIMUM TEMPERATURE (F)   76        87      1989
 MINIMUM TEMPERATURE (F)   52        34      1913


SUNRISE AND SUNSET
MARCH 28 2015.........SUNRISE   659 AM CDT   SUNSET   721 PM CDT
MARCH 29 2015.........SUNRISE   658 AM CDT   SUNSET   722 PM CDT


-  INDICATES NEGATIVE NUMBERS.
R  INDICATES RECORD WAS SET OR TIED.
MM INDICATES DATA IS MISSING.
T  INDICATES TRACE AMOUNT.




$$
