000
CDUS44 KLIX 040702
CLIBTR


CLIMATE REPORT
NATIONAL WEATHER SERVICE NEW ORLEANS
202 AM CDT SAT JUL 4 2015


...................................

...THE BATON ROUGE  ASOS CLIMATE SUMMARY FOR JULY 3 2015...

CLIMATE NORMAL PERIOD 1981 TO 2010
CLIMATE RECORD PERIOD 1894 TO 2015


WEATHER ITEM   OBSERVED TIME   RECORD YEAR NORMAL DEPARTURE LAST
                VALUE   (LST)  VALUE       VALUE  FROM      YEAR
                                                  NORMAL
..................................................................
TEMPERATURE (F)
 YESTERDAY
  MAXIMUM         93    146 PM 100    1921  92      1       93
  MINIMUM         76    540 AM  62    1924  74      2       70
                                      1918
  AVERAGE         85                        83      2       82

PRECIPITATION (IN)
  YESTERDAY        0.00          2.33 1915   0.18  -0.18     0.00
  MONTH TO DATE    0.09                      0.55  -0.46      T
  SINCE JUN 1      6.07                      6.96  -0.89    11.36
  SINCE JAN 1     38.45                     31.48   6.97    35.70

SNOWFALL (IN)
  YESTERDAY        0.0
  MONTH TO DATE    0.0
  SINCE JUN 1      0.0
  SINCE JUL 1      0.0
  SNOW DEPTH       0

DEGREE DAYS
 HEATING
  YESTERDAY        0                         0      0        0
  MONTH TO DATE    0                         0      0        0
  SINCE JUN 1      0                         0      0        0
  SINCE JUL 1      0                         0      0        0

 COOLING
  YESTERDAY       20                        18      2       17
  MONTH TO DATE   54                        54      0       55
  SINCE JUN 1    550                       538     12      524
  SINCE JAN 1   1221                      1103    118     1030
..................................................................


WIND (MPH)
  HIGHEST WIND SPEED    16   HIGHEST WIND DIRECTION    SW (210)
  HIGHEST GUST SPEED    20   HIGHEST GUST DIRECTION    SW (210)
  AVERAGE WIND SPEED     7.3


SKY COVER
  POSSIBLE SUNSHINE  MM
  AVERAGE SKY COVER 0.2


WEATHER CONDITIONS
 THE FOLLOWING WEATHER WAS RECORDED YESTERDAY.
  NO SIGNIFICANT WEATHER WAS OBSERVED.


RELATIVE HUMIDITY (PERCENT)
 HIGHEST    94           500 AM
 LOWEST     49           200 PM
 AVERAGE    72

..........................................................


THE BATON ROUGE  ASOS CLIMATE NORMALS FOR TODAY
                         NORMAL    RECORD    YEAR
 MAXIMUM TEMPERATURE (F)   92       102      1921
 MINIMUM TEMPERATURE (F)   74        62      1947


SUNRISE AND SUNSET
JULY  4 2015..........SUNRISE   607 AM CDT   SUNSET   811 PM CDT
JULY  5 2015..........SUNRISE   607 AM CDT   SUNSET   811 PM CDT


-  INDICATES NEGATIVE NUMBERS.
R  INDICATES RECORD WAS SET OR TIED.
MM INDICATES DATA IS MISSING.
T  INDICATES TRACE AMOUNT.




$$
