000
CDUS44 KLIX 280819
CLIBTR


CLIMATE REPORT
NATIONAL WEATHER SERVICE NEW ORLEANS
209 AM CST WED JAN 28 2015


...................................

...THE BATON ROUGE  ASOS CLIMATE SUMMARY FOR JANUARY 27 2015...

CLIMATE NORMAL PERIOD 1981 TO 2010
CLIMATE RECORD PERIOD 1894 TO 2015


WEATHER ITEM   OBSERVED TIME   RECORD YEAR NORMAL DEPARTURE LAST
                VALUE   (LST)  VALUE       VALUE  FROM      YEAR
                                                  NORMAL
..................................................................
TEMPERATURE (F)
 YESTERDAY
  MAXIMUM         77    344 PM  81    2009  63     14       61
                                      1909
  MINIMUM         39    714 AM  16    1940  42     -3       40
  AVERAGE         58                        52      6       51

PRECIPITATION (IN)
  YESTERDAY        0.00          4.24 1994   0.19  -0.19     0.25
  MONTH TO DATE    6.37                      4.96   1.41     1.94
  SINCE DEC 1     12.04                     10.56   1.48     5.66
  SINCE JAN 1      6.37                      4.96   1.41     1.94

SNOWFALL (IN)
  YESTERDAY        0.0
  MONTH TO DATE    T
  SINCE DEC 1      T
  SINCE JUL 1      T
  SNOW DEPTH       0

DEGREE DAYS
 HEATING
  YESTERDAY        7                        13     -6       14
  MONTH TO DATE  449                       374     75      513
  SINCE DEC 1    733                       755    -22      950
  SINCE JUL 1   1074                       990     84     1237

 COOLING
  YESTERDAY        0                         0      0        0
  MONTH TO DATE    1                         3     -2        0
  SINCE DEC 1     15                        25    -10       44
  SINCE JAN 1      1                         3     -2        0
..................................................................


WIND (MPH)
  HIGHEST WIND SPEED    12   HIGHEST WIND DIRECTION     N (350)
  HIGHEST GUST SPEED    15   HIGHEST GUST DIRECTION     W (290)
  AVERAGE WIND SPEED     3.8


SKY COVER
  POSSIBLE SUNSHINE  MM
  AVERAGE SKY COVER 0.0


WEATHER CONDITIONS
 THE FOLLOWING WEATHER WAS RECORDED YESTERDAY.
  NO SIGNIFICANT WEATHER WAS OBSERVED.


RELATIVE HUMIDITY (PERCENT)
 HIGHEST    92           600 AM
 LOWEST     19           300 PM
 AVERAGE    56

..........................................................


THE BATON ROUGE  ASOS CLIMATE NORMALS FOR TODAY
                         NORMAL    RECORD    YEAR
 MAXIMUM TEMPERATURE (F)   63        82      1957
 MINIMUM TEMPERATURE (F)   42        20      1940


SUNRISE AND SUNSET
JANUARY 28 2015.......SUNRISE   658 AM CST   SUNSET   537 PM CST
JANUARY 29 2015.......SUNRISE   658 AM CST   SUNSET   538 PM CST


-  INDICATES NEGATIVE NUMBERS.
R  INDICATES RECORD WAS SET OR TIED.
MM INDICATES DATA IS MISSING.
T  INDICATES TRACE AMOUNT.




$$
