000
CDUS41 KBTV 280622
CLIBTV


CLIMATE REPORT
NATIONAL WEATHER SERVICE BURLINGTON VT
120 AM EST TUE FEB 28 2017


...................................

...THE BURLINGTON VT CLIMATE SUMMARY FOR FEBRUARY 27 2017...

CLIMATE NORMAL PERIOD 1981 TO 2010
CLIMATE RECORD PERIOD 1884 TO 2017


WEATHER ITEM   OBSERVED TIME   RECORD YEAR NORMAL DEPARTURE LAST
                VALUE   (LST)  VALUE       VALUE  FROM      YEAR
                                                  NORMAL
..................................................................
TEMPERATURE (F)
 YESTERDAY
  MAXIMUM         46    601 PM  57    2000  34     12       37
  MINIMUM         30    540 AM -21    1963  16     14        9
  AVERAGE         38                        25     13       23

PRECIPITATION (IN)
  YESTERDAY        0.00          0.58 1912   0.06  -0.06     0.00
  MONTH TO DATE    2.67                      1.69   0.98     3.14
  SINCE DEC 1      7.02                      6.13   0.89     8.77
  SINCE JAN 1      4.67                      3.75   0.92     4.33

SNOWFALL (IN)
  YESTERDAY        0.0           9.0  1912   0.5   -0.5      0.0
  MONTH TO DATE   30.6                      15.8   14.8      8.6
  SINCE DEC 1     54.9                      54.8    0.1     28.8
  SINCE JUL 1     59.2                      60.2   -1.0     29.0
  SNOW DEPTH       0

DEGREE DAYS
 HEATING
  YESTERDAY       27                        40    -13       42
  MONTH TO DATE  952                      1177   -225     1053
  SINCE DEC 1   3149                      3826   -677     3082
  SINCE JUL 1   4354                      5371  -1017     4321

 COOLING
  YESTERDAY        0                         0      0        0
  MONTH TO DATE    0                         0      0        0
  SINCE DEC 1      0                         0      0        0
  SINCE JAN 1      0                         0      0        0
..................................................................


WIND (MPH)
  HIGHEST WIND SPEED    24   HIGHEST WIND DIRECTION     S (190)
  HIGHEST GUST SPEED    31   HIGHEST GUST DIRECTION     S (190)
  AVERAGE WIND SPEED    11.4


SKY COVER
  POSSIBLE SUNSHINE  MM
  AVERAGE SKY COVER 0.6


WEATHER CONDITIONS
 THE FOLLOWING WEATHER WAS RECORDED YESTERDAY.
  NO SIGNIFICANT WEATHER WAS OBSERVED.


RELATIVE HUMIDITY (PERCENT)
 HIGHEST    63          1200 AM
 LOWEST     42           400 PM
 AVERAGE    53

..........................................................


THE BURLINGTON VT CLIMATE NORMALS FOR TODAY
                         NORMAL    RECORD    YEAR
 MAXIMUM TEMPERATURE (F)   34        55      1903
 MINIMUM TEMPERATURE (F)   16       -17      1920


SUNRISE AND SUNSET
FEBRUARY 28 2017......SUNRISE   631 AM EST   SUNSET   540 PM EST
MARCH  1 2017.........SUNRISE   630 AM EST   SUNSET   541 PM EST


-  INDICATES NEGATIVE NUMBERS.
R  INDICATES RECORD WAS SET OR TIED.
MM INDICATES DATA IS MISSING.
T  INDICATES TRACE AMOUNT.







&&

LAKE CHAMPLAIN DATA:
LEVEL...............96.48 FEET
TEMPERATURE.........36 DEGREES

MOUNT MANSFIELD DATA:
HIGH................24 DEGREES
LOW.................10 DEGREES
PRECIPITATION.......TRACE
NEW SNOW............TRACE
SNOW AT STAKE.......66 INCHES

$$
