000
CDUS41 KBTV 270535
CLIBTV


CLIMATE REPORT
NATIONAL WEATHER SERVICE BURLINGTON VT
1233 AM EST FRI FEB 27 2015


...................................

...THE BURLINGTON VT CLIMATE SUMMARY FOR FEBRUARY 26 2015...

CLIMATE NORMAL PERIOD 1981 TO 2010
CLIMATE RECORD PERIOD 1884 TO 2015


WEATHER ITEM   OBSERVED TIME   RECORD YEAR NORMAL DEPARTURE LAST
                VALUE   (LST)  VALUE       VALUE  FROM      YEAR
                                                  NORMAL
..................................................................
TEMPERATURE (F)
 YESTERDAY
  MAXIMUM         12    412 PM  60    2002  34    -22       20
                                      1957
  MINIMUM          2    739 AM -19    1970  15    -13        8
  AVERAGE          7                        24    -17       14

PRECIPITATION (IN)
  YESTERDAY        0.00          0.84 1916   0.07  -0.07      T
  MONTH TO DATE    1.09                      1.63  -0.54     1.80
  SINCE DEC 1      5.23                      6.07  -0.84     6.79
  SINCE JAN 1      2.38                      3.69  -1.31     4.25

SNOWFALL (IN)
  YESTERDAY        0.0           7.9  1972   0.6   -0.6       T
  MONTH TO DATE   22.7                      15.3    7.4     23.4
  SINCE DEC 1     65.3                      54.3   11.0     51.2
  SINCE JUL 1     75.9                      59.7   16.2     57.6
  SNOW DEPTH       7

DEGREE DAYS
 HEATING
  YESTERDAY       58                        41     17       51
  MONTH TO DATE 1483                      1137    346     1143
  SINCE DEC 1   4076                      3786    290     3866
  SINCE JUL 1   5401                      5331     70     5359

 COOLING
  YESTERDAY        0                         0      0        0
  MONTH TO DATE    0                         0      0        0
  SINCE DEC 1      0                         0      0        0
  SINCE JAN 1      0                         0      0        0
..................................................................


WIND (MPH)
  HIGHEST WIND SPEED    14   HIGHEST WIND DIRECTION     N (350)
  HIGHEST GUST SPEED    17   HIGHEST GUST DIRECTION     N (340)
  AVERAGE WIND SPEED     5.2


SKY COVER
  POSSIBLE SUNSHINE  MM
  AVERAGE SKY COVER 0.6


WEATHER CONDITIONS
 THE FOLLOWING WEATHER WAS RECORDED YESTERDAY.
  NO SIGNIFICANT WEATHER WAS OBSERVED.


RELATIVE HUMIDITY (PERCENT)
 HIGHEST    62           600 AM
 LOWEST     38           400 PM
 AVERAGE    50

..........................................................


THE BURLINGTON VT CLIMATE NORMALS FOR TODAY
                         NORMAL    RECORD    YEAR
 MAXIMUM TEMPERATURE (F)   34        57      2000
 MINIMUM TEMPERATURE (F)   16       -21      1963


SUNRISE AND SUNSET
FEBRUARY 27 2015......SUNRISE   634 AM EST   SUNSET   538 PM EST
FEBRUARY 28 2015......SUNRISE   632 AM EST   SUNSET   539 PM EST


-  INDICATES NEGATIVE NUMBERS.
R  INDICATES RECORD WAS SET OR TIED.
MM INDICATES DATA IS MISSING.
T  INDICATES TRACE AMOUNT.

&&

LAKE CHAMPLAIN DATA:
LEVEL...............94.92 FEET
TEMPERATURE.........34 DEGREES

MOUNT MANSFIELD DATA:
HIGH................6 DEGREES
LOW.................-11 DEGREES
PRECIPITATION.......TRACE
NEW SNOW............0.2 INCHES
SNOW AT STAKE.......79 INCHES

$$
