000
CDUS41 KBTV 310536
CLIBTV


CLIMATE REPORT
NATIONAL WEATHER SERVICE BURLINGTON VT
134 AM EDT MON AUG 31 2015


...................................

...THE BURLINGTON VT CLIMATE SUMMARY FOR AUGUST 30 2015...

CLIMATE NORMAL PERIOD 1981 TO 2010
CLIMATE RECORD PERIOD 1884 TO 2015


WEATHER ITEM   OBSERVED TIME   RECORD YEAR NORMAL DEPARTURE LAST
                VALUE   (LST)  VALUE       VALUE  FROM      YEAR
                                                  NORMAL
..................................................................
TEMPERATURE (F)
 YESTERDAY
  MAXIMUM         83    304 PM  93    1991  77      6       80
  MINIMUM         63    622 AM  39    1965  56      7       58
  AVERAGE         73                        66      7       69

PRECIPITATION (IN)
  YESTERDAY        0.00          2.21 2004   0.11  -0.11     0.00
  MONTH TO DATE    1.98                      3.80  -1.82     1.97
  SINCE JUN 1     15.32                     11.65   3.67    11.86
  SINCE JAN 1     24.16                     23.96   0.20    25.62

SNOWFALL (IN)
  YESTERDAY        0.0           0.0  2002   0.0    0.0      0.0
                                      2001
  MONTH TO DATE    0.0                       0.0    0.0      0.0
  SINCE JUN 1      0.0                       0.0    0.0      0.0
  SINCE JUL 1      0.0                       0.0    0.0      0.0
  SNOW DEPTH       0

DEGREE DAYS
 HEATING
  YESTERDAY        0                         2     -2        0
  MONTH TO DATE    1                        30    -29       12
  SINCE JUN 1     77                       116    -39       33
  SINCE JUL 1      6                        43    -37       13

 COOLING
  YESTERDAY        8                         3      5        4
  MONTH TO DATE  227                       142     85      135
  SINCE JUN 1    521                       426     95      463
  SINCE JAN 1    614                       445    169      485
..................................................................


WIND (MPH)
  HIGHEST WIND SPEED     9   HIGHEST WIND DIRECTION     S (180)
  HIGHEST GUST SPEED    13   HIGHEST GUST DIRECTION     S (200)
  AVERAGE WIND SPEED     2.7


SKY COVER
  POSSIBLE SUNSHINE  MM
  AVERAGE SKY COVER 0.5


WEATHER CONDITIONS
 THE FOLLOWING WEATHER WAS RECORDED YESTERDAY.
  NO SIGNIFICANT WEATHER WAS OBSERVED.


RELATIVE HUMIDITY (PERCENT)
 HIGHEST    93           600 AM
 LOWEST     43           300 PM
 AVERAGE    68

..........................................................


THE BURLINGTON VT CLIMATE NORMALS FOR TODAY
                         NORMAL    RECORD    YEAR
 MAXIMUM TEMPERATURE (F)   76        92      2010
 MINIMUM TEMPERATURE (F)   56        35      1976
                                             1965


SUNRISE AND SUNSET
AUGUST 31 2015........SUNRISE   614 AM EDT   SUNSET   731 PM EDT
SEPTEMBER  1 2015.....SUNRISE   615 AM EDT   SUNSET   730 PM EDT


-  INDICATES NEGATIVE NUMBERS.
R  INDICATES RECORD WAS SET OR TIED.
MM INDICATES DATA IS MISSING.
T  INDICATES TRACE AMOUNT.

&&

LAKE CHAMPLAIN DATA:
LEVEL...............95.74 FEET
TEMPERATURE.........74 DEGREES

MOUNT MANSFIELD DATA:
HIGH................64 DEGREES
LOW.................52 DEGREES
PRECIPITATION.......NONE

$$
