000
CDUS41 KBTV 012018
CLIBTV


CLIMATE REPORT
NATIONAL WEATHER SERVICE BURLINGTON VT
417 PM EDT SAT OCT 1 2016


...................................

...THE BURLINGTON VT CLIMATE SUMMARY FOR OCTOBER 1 2016...
VALID TODAY AS OF 0400 PM LOCAL TIME.

CLIMATE NORMAL PERIOD 1981 TO 2010
CLIMATE RECORD PERIOD 1884 TO 2016


WEATHER ITEM   OBSERVED TIME   RECORD YEAR NORMAL DEPARTURE LAST
                VALUE   (LST)  VALUE       VALUE  FROM      YEAR
                                                  NORMAL
..................................................................
TEMPERATURE (F)
 TODAY
  MAXIMUM         61   1245 PM  80    1950  63     -2       58
                                      1922
  MINIMUM         52    709 AM  27    1963  44      8       43
  AVERAGE         57                        54      3       51

PRECIPITATION (IN)
  TODAY            T             1.49 2010   0.12  -0.12     0.00
  MONTH TO DATE    T                         0.12  -0.12     0.00
  SINCE SEP 1      1.39                      3.76  -2.37     4.86
  SINCE JAN 1     20.59                     27.83  -7.24    29.02

SNOWFALL (IN)
  TODAY            0.0           0.0  2002   0.0    0.0      0.0
                                      2001
  MONTH TO DATE    0.0                       0.0    0.0      0.0
  SINCE SEP 1      0.0                       T      0.0      0.0
  SINCE JUL 1      0.0                       T      0.0      0.0
  SNOW DEPTH       0

DEGREE DAYS
 HEATING
  TODAY            8                        11     -3       14
  MONTH TO DATE    8                        11     -3       14
  SINCE SEP 1     87                       186    -99       80
  SINCE JUL 1     92                       228   -136       86

 COOLING
  TODAY            0                         0      0        0
  MONTH TO DATE    0                         0      0        0
  SINCE SEP 1    108                        41     67      145
  SINCE JAN 1    852                       489    363      767
..................................................................


WIND (MPH)
  HIGHEST WIND SPEED    12   HIGHEST WIND DIRECTION     E (100)
  HIGHEST GUST SPEED    17   HIGHEST GUST DIRECTION     E (100)
  AVERAGE WIND SPEED     5.5


SKY COVER
  POSSIBLE SUNSHINE  MM
  AVERAGE SKY COVER 0.8


WEATHER CONDITIONS
 THE FOLLOWING WEATHER WAS RECORDED TODAY.
  LIGHT RAIN


RELATIVE HUMIDITY (PERCENT)
 HIGHEST    71           800 AM
 LOWEST     47           300 AM
 AVERAGE    59

..........................................................


THE BURLINGTON VT CLIMATE NORMALS FOR TOMORROW
                         NORMAL    RECORD    YEAR
 MAXIMUM TEMPERATURE (F)   63        82      1950
 MINIMUM TEMPERATURE (F)   44        29      1960


SUNRISE AND SUNSET
OCTOBER  1 2016.......SUNRISE   651 AM EDT   SUNSET   632 PM EDT
OCTOBER  2 2016.......SUNRISE   652 AM EDT   SUNSET   631 PM EDT


-  INDICATES NEGATIVE NUMBERS.
R  INDICATES RECORD WAS SET OR TIED.
MM INDICATES DATA IS MISSING.
T  INDICATES TRACE AMOUNT.

$$
