000
CDUS41 KBUF 242124
CLIBUF


CLIMATE REPORT
NATIONAL WEATHER SERVICE BUFFALO NY
424 PM EST SAT FEB 24 2018


...................................

...THE BUFFALO NY CLIMATE SUMMARY FOR FEBRUARY 24 2018...
VALID TODAY AS OF 0400 PM LOCAL TIME.

CLIMATE NORMAL PERIOD 1981 TO 2010
CLIMATE RECORD PERIOD 1871 TO 2018


WEATHER ITEM   OBSERVED TIME   RECORD YEAR NORMAL DEPARTURE LAST
                VALUE   (LST)  VALUE       VALUE  FROM      YEAR
                                                  NORMAL
..................................................................
TEMPERATURE (F)
 TODAY
  MAXIMUM         41   1104 AM  71    2017  35      6       71
  MINIMUM         36    120 PM -10    1889  21     15       41
  AVERAGE         39                        28     11       56

PRECIPITATION (IN)
  TODAY            T             0.96 1962   0.09  -0.09     0.25
  MONTH TO DATE    3.45                      2.11   1.34     1.69
  SINCE DEC 1     10.11                      9.18   0.93     8.67
  SINCE JAN 1      7.18                      5.29   1.89     4.61

SNOWFALL (IN)
  TODAY            0.0           9.7  1962   0.5   -0.5      0.0
  MONTH TO DATE   18.1                      15.0    3.1      4.6
  SINCE DEC 1     83.0                      67.7   15.3     45.7
  SINCE JUL 1     83.2                      76.5    6.7     46.6
  SNOW DEPTH       0

DEGREE DAYS
 HEATING
  TODAY           26                        37    -11        9
  MONTH TO DATE  832                       938   -106      744
  SINCE DEC 1   3308                      3264     44     2829
  SINCE JUL 1   4423                      4597   -174     3799

 COOLING
  TODAY            0                         0      0        0
  MONTH TO DATE    0                         0      0        0
  SINCE DEC 1      0                         0      0        0
  SINCE JAN 1      0                         0      0        0
..................................................................


WIND (MPH)
  HIGHEST WIND SPEED    17   HIGHEST WIND DIRECTION    NW (300)
  HIGHEST GUST SPEED    20   HIGHEST GUST DIRECTION     W (290)
  AVERAGE WIND SPEED     8.4


SKY COVER
  AVERAGE SKY COVER 1.0


WEATHER CONDITIONS
 THE FOLLOWING WEATHER WAS RECORDED TODAY.
  LIGHT RAIN
  FOG


RELATIVE HUMIDITY (PERCENT)
 HIGHEST   100          1200 AM
 LOWEST     70           900 AM
 AVERAGE    85

..........................................................


THE BUFFALO NY CLIMATE NORMALS FOR TOMORROW
                         NORMAL    RECORD    YEAR
 MAXIMUM TEMPERATURE (F)   36        65      2017
 MINIMUM TEMPERATURE (F)   21        -5      1894


SUNRISE AND SUNSET
FEBRUARY 24 2018......SUNRISE   659 AM EST   SUNSET   558 PM EST
FEBRUARY 25 2018......SUNRISE   657 AM EST   SUNSET   559 PM EST


-  INDICATES NEGATIVE NUMBERS.
R  INDICATES RECORD WAS SET OR TIED.
MM INDICATES DATA IS MISSING.
T  INDICATES TRACE AMOUNT.

$$
