441
CDUS46 KLOX 220943
CLIBUR


CLIMATE REPORT
NATIONAL WEATHER SERVICE LOS ANGELES/OXNARD CA
243 AM PDT FRI SEP 22 2017


...................................

...THE BOB HOPE AIRPORT (BURBANK) CA CLIMATE SUMMARY FOR SEPTEMBER 21 2017...

CLIMATE NORMAL PERIOD 1981 TO 2010
CLIMATE RECORD PERIOD 1939 TO 2017


WEATHER ITEM   OBSERVED TIME   RECORD YEAR NORMAL DEPARTURE LAST
                VALUE   (LST)  VALUE       VALUE  FROM      YEAR
                                                  NORMAL
..................................................................
TEMPERATURE (F)
 YESTERDAY
  MAXIMUM         72    133 PM 104    1943  85    -13       85
  MINIMUM         60   1159 PM  47    1978  59      1       67
  AVERAGE         66                        72     -6       76

PRECIPITATION (IN)
  YESTERDAY        0.02          0.29 2007   0.01   0.01     0.00
  MONTH TO DATE    0.05                      0.11  -0.06      T
  SINCE OCT 1     13.88                     17.19  -3.31     7.66
  SINCE JAN 1      9.62                     12.75  -3.13     6.56

SNOWFALL (IN)
  YESTERDAY        0.0
  MONTH TO DATE    0.0
  SINCE SEP 1      0.0
  SINCE JUL 1      0.0

DEGREE DAYS
 HEATING
  YESTERDAY        0                         0      0        0
  MONTH TO DATE    0                         0      0        1
  SINCE SEP 1      0                         0      0        1
  SINCE JUL 1      0                         0      0        1

 COOLING
  YESTERDAY        1                         8     -7       11
  MONTH TO DATE  237                       191     46      158
  SINCE SEP 1    237                       191     46      158
  SINCE JAN 1   1565                      1073    492     1371
..................................................................


WIND (MPH)
  HIGHEST WIND SPEED    17   HIGHEST WIND DIRECTION    SE (140)
  HIGHEST GUST SPEED    23   HIGHEST GUST DIRECTION    SW (210)
  AVERAGE WIND SPEED     8.1


SKY COVER
  POSSIBLE SUNSHINE  MM
  AVERAGE SKY COVER 0.6


WEATHER CONDITIONS
 THE FOLLOWING WEATHER WAS RECORDED YESTERDAY.
  LIGHT RAIN
  FOG


RELATIVE HUMIDITY (PERCENT)
 HIGHEST    93           800 AM
 LOWEST     44           300 PM
 AVERAGE    69

..........................................................


THE BOB HOPE AIRPORT (BURBANK) CA CLIMATE NORMALS FOR TODAY
                         NORMAL    RECORD    YEAR
 MAXIMUM TEMPERATURE (F)   85       110      1943
 MINIMUM TEMPERATURE (F)   59        48      1978
                                             1948


SUNRISE AND SUNSET
SEPTEMBER 22 2017.....SUNRISE   642 AM PDT   SUNSET   650 PM PDT
SEPTEMBER 23 2017.....SUNRISE   642 AM PDT   SUNSET   648 PM PDT


-  INDICATES NEGATIVE NUMBERS.
R  INDICATES RECORD WAS SET OR TIED.
MM INDICATES DATA IS MISSING.
T  INDICATES TRACE AMOUNT.




$$
