000
CDUS46 KLOX 010906
CLIBUR


CLIMATE REPORT
NATIONAL WEATHER SERVICE LOS ANGELES/OXNARD CA
106 AM PST SUN FEB 1 2015


...................................

...THE BOB HOPE AIRPORT (BURBANK) CA CLIMATE SUMMARY FOR JANUARY 31 2015...

CLIMATE NORMAL PERIOD 1981 TO 2010
CLIMATE RECORD PERIOD 1939 TO 2015


WEATHER ITEM   OBSERVED TIME   RECORD YEAR NORMAL DEPARTURE LAST
                VALUE   (LST)  VALUE       VALUE  FROM      YEAR
                                                  NORMAL
..................................................................
TEMPERATURE (F)
 YESTERDAY
  MAXIMUM         72    420 PM  91    2003  68      4       67
  MINIMUM         53    746 AM  28    1975  43     10       53
  AVERAGE         63                        55      8       60

PRECIPITATION (IN)
  YESTERDAY        0.00          1.30 1979   0.13  -0.13      T
  MONTH TO DATE    1.11                      3.53  -2.42      T
  SINCE OCT 1      5.61                      7.97  -2.36     0.63
  SINCE JAN 1      1.11                      3.53  -2.42      T

SNOWFALL (IN)
  YESTERDAY        0.0
  MONTH TO DATE    0.0
  SINCE DEC 1      0.0
  SINCE JUL 1      0.0

DEGREE DAYS
 HEATING
  YESTERDAY        2                        10     -8        5
  MONTH TO DATE  169                       316   -147       67
  SINCE DEC 1    407                       655   -248      277
  SINCE JUL 1    467                       883   -416      365

 COOLING
  YESTERDAY        0                         0      0        0
  MONTH TO DATE    6                         2      4       37
  SINCE DEC 1      9                         3      6       51
  SINCE JAN 1      6                         2      4       37
..................................................................


WIND (MPH)
  HIGHEST WIND SPEED    17   HIGHEST WIND DIRECTION     E (70)
  HIGHEST GUST SPEED    26   HIGHEST GUST DIRECTION    NE (50)
  AVERAGE WIND SPEED     4.0


SKY COVER
  POSSIBLE SUNSHINE  MM
  AVERAGE SKY COVER 0.3


WEATHER CONDITIONS
 THE FOLLOWING WEATHER WAS RECORDED YESTERDAY.
  FOG
  HAZE


RELATIVE HUMIDITY (PERCENT)
 HIGHEST    93           100 AM
 LOWEST     29           100 PM
 AVERAGE    61

..........................................................


THE BOB HOPE AIRPORT (BURBANK) CA CLIMATE NORMALS FOR TODAY
                         NORMAL    RECORD    YEAR
 MAXIMUM TEMPERATURE (F)   68        87      1976
 MINIMUM TEMPERATURE (F)   43        32      2002


SUNRISE AND SUNSET
FEBRUARY  1 2015......SUNRISE   651 AM PST   SUNSET   524 PM PST
FEBRUARY  2 2015......SUNRISE   650 AM PST   SUNSET   525 PM PST


-  INDICATES NEGATIVE NUMBERS.
R  INDICATES RECORD WAS SET OR TIED.
MM INDICATES DATA IS MISSING.
T  INDICATES TRACE AMOUNT.




$$
