000
CDUS43 KLMK 192030
CLIBWG


CLIMATE REPORT
NATIONAL WEATHER SERVICE LOUISVILLE KY
430 PM EDT THU OCT 19 2017


...................................

...THE BOWLING GREEN CLIMATE SUMMARY FOR OCTOBER 19 2017...
VALID TODAY AS OF 0400 PM LOCAL TIME.

CLIMATE NORMAL PERIOD 1981 TO 2010
CLIMATE RECORD PERIOD 1870 TO 2017


WEATHER ITEM   OBSERVED TIME   RECORD YEAR NORMAL DEPARTURE LAST
                VALUE   (LST)  VALUE       VALUE  FROM      YEAR
                                                  NORMAL
..................................................................
TEMPERATURE (F)
 TODAY
  MAXIMUM         75    221 PM  90    2016  70      5       90
  MINIMUM         41    607 AM  28    1903  45     -4       63
                                      1895
  AVERAGE         58                        58      0       77

PRECIPITATION (IN)
  TODAY            0.00          2.18 1915   0.11  -0.11     0.00
  MONTH TO DATE    1.29                      2.06  -0.77     0.18
  SINCE SEP 1      7.76                      5.99   1.77     1.75
  SINCE JAN 1     44.84                     39.55   5.29    39.67

SNOWFALL (IN)
  TODAY            0.0           T    1989   0.0    0.0      0.0
  MONTH TO DATE    0.0                       0.0    0.0      0.0
  SINCE SEP 1      0.0                       0.0    0.0      0.0
  SINCE JUL 1      0.0                       0.0    0.0      0.0
  SNOW DEPTH       0

DEGREE DAYS
 HEATING
  TODAY            7                         8     -1        0
  MONTH TO DATE   47                       110    -63       18
  SINCE SEP 1     66                       145    -79       37
  SINCE JUL 1     66                       146    -80       37

 COOLING
  TODAY            0                         1     -1       12
  MONTH TO DATE   64                        28     36       84
  SINCE SEP 1    234                       214     20      389
  SINCE JAN 1   1586                      1483    103     1948
..................................................................


WIND (MPH)
  HIGHEST WIND SPEED    13   HIGHEST WIND DIRECTION    SW (220)
  HIGHEST GUST SPEED    17   HIGHEST GUST DIRECTION    SW (220)
  AVERAGE WIND SPEED     3.6


SKY COVER
  POSSIBLE SUNSHINE  MM
  AVERAGE SKY COVER 0.0


WEATHER CONDITIONS
 THE FOLLOWING WEATHER WAS RECORDED TODAY.
  FOG


RELATIVE HUMIDITY (PERCENT)
 HIGHEST   100           300 AM
 LOWEST     41           100 PM
 AVERAGE    71

..........................................................


THE BOWLING GREEN CLIMATE NORMALS FOR TOMORROW
                         NORMAL    RECORD    YEAR
 MAXIMUM TEMPERATURE (F)   70        88      1908
 MINIMUM TEMPERATURE (F)   45        26      1917


SUNRISE AND SUNSET
OCTOBER 19 2017.......SUNRISE   657 AM CDT   SUNSET   603 PM CDT
OCTOBER 20 2017.......SUNRISE   658 AM CDT   SUNSET   602 PM CDT


-  INDICATES NEGATIVE NUMBERS.
R  INDICATES RECORD WAS SET OR TIED.
MM INDICATES DATA IS MISSING.
T  INDICATES TRACE AMOUNT.




$$
