000
CDUS43 KLMK 240628
CLIBWG


CLIMATE REPORT
NATIONAL WEATHER SERVICE LOUISVILLE KY
228 AM EDT WED MAY 24 2017


...................................

...THE BOWLING GREEN KY CLIMATE SUMMARY FOR MAY 23 2017...

CLIMATE NORMAL PERIOD 1981 TO 2010
CLIMATE RECORD PERIOD 1870 TO 2017


WEATHER ITEM   OBSERVED TIME   RECORD YEAR NORMAL DEPARTURE LAST
                VALUE   (LST)  VALUE       VALUE  FROM      YEAR
                                                  NORMAL
..................................................................
TEMPERATURE (F)
 YESTERDAY
  MAXIMUM         78    326 PM  96    1921  80     -2       81
  MINIMUM         60    519 AM  38    1889  57      3       52
  AVERAGE         69                        68      1       67

PRECIPITATION (IN)
  YESTERDAY        0.00          1.00 1984   0.18  -0.18     0.00
  MONTH TO DATE    4.40                      4.22   0.18     4.43
  SINCE MAR 1     12.77                     12.97  -0.20     9.78
  SINCE JAN 1     19.35                     20.54  -1.19    16.36

SNOWFALL (IN)
  YESTERDAY        0.0           0.0    MM   0.0    0.0      0.0
  MONTH TO DATE    0.0                       0.0    0.0      0.0
  SINCE MAR 1      T                         1.3   -1.3       T
  SINCE JUL 1      0.7                       9.1   -8.4     24.0
  SNOW DEPTH       0

DEGREE DAYS
 HEATING
  YESTERDAY        0                         1     -1        0
  MONTH TO DATE   57                        66     -9       93
  SINCE MAR 1    605                       837   -232      630
  SINCE JUL 1   2986                      4035  -1049     3230

 COOLING
  YESTERDAY        4                         5     -1        2
  MONTH TO DATE  104                        72     32       50
  SINCE MAR 1    194                       108     86       94
  SINCE JAN 1    198                       108     90       94
..................................................................


WIND (MPH)
  HIGHEST WIND SPEED    10   HIGHEST WIND DIRECTION     W (270)
  HIGHEST GUST SPEED    13   HIGHEST GUST DIRECTION    NW (300)
  AVERAGE WIND SPEED     4.0


SKY COVER
  POSSIBLE SUNSHINE  MM
  AVERAGE SKY COVER 0.5


WEATHER CONDITIONS
 THE FOLLOWING WEATHER WAS RECORDED YESTERDAY.
  NO SIGNIFICANT WEATHER WAS OBSERVED.


RELATIVE HUMIDITY (PERCENT)
 HIGHEST    84           200 AM
 LOWEST     40           500 PM
 AVERAGE    62

..........................................................


THE BOWLING GREEN KY CLIMATE NORMALS FOR TODAY
                         NORMAL    RECORD    YEAR
 MAXIMUM TEMPERATURE (F)   80        96      1912
 MINIMUM TEMPERATURE (F)   57        39      1931
                                             1893


SUNRISE AND SUNSET
MAY 24 2017...........SUNRISE   531 AM CDT   SUNSET   754 PM CDT
MAY 25 2017...........SUNRISE   531 AM CDT   SUNSET   755 PM CDT


-  INDICATES NEGATIVE NUMBERS.
R  INDICATES RECORD WAS SET OR TIED.
MM INDICATES DATA IS MISSING.
T  INDICATES TRACE AMOUNT.




$$
