000
CDUS43 KLMK 292043
CLIBWG


CLIMATE REPORT
NATIONAL WEATHER SERVICE LOUISVILLE KY
428 PM EDT SUN MAR 29 2015


...................................

...THE BOWLING GREEN CLIMATE SUMMARY FOR MARCH 29 2015...
VALID TODAY AS OF 0400 PM LOCAL TIME.

CLIMATE NORMAL PERIOD 1981 TO 2010
CLIMATE RECORD PERIOD 1870 TO 2015


WEATHER ITEM   OBSERVED TIME   RECORD YEAR NORMAL DEPARTURE LAST
                VALUE   (LST)  VALUE       VALUE  FROM      YEAR
                                                  NORMAL
..................................................................
TEMPERATURE (F)
 TODAY
  MAXIMUM         60    153 PM  89    1910  64     -4       58
  MINIMUM         23    549 AM  15    1887  40    -17       41
  AVERAGE         42                        52    -10       50

PRECIPITATION (IN)
  TODAY            0.00          4.03 1976   0.16  -0.16     0.47
  MONTH TO DATE    6.22                      4.11   2.11     3.73
  SINCE MAR 1      6.22                      4.11   2.11     3.73
  SINCE JAN 1     12.10                     11.68   0.42    10.90

SNOWFALL (IN)
  TODAY            0.0           2.0  1894   0.0    0.0      0.0
  MONTH TO DATE    7.2                       1.0    6.2      5.1
  SINCE MAR 1      7.2                       1.0    6.2      5.1
  SINCE JUL 1     23.5                       8.8   14.7     10.4
  SNOW DEPTH       0

DEGREE DAYS
 HEATING
  TODAY           23                        13     10       15
  MONTH TO DATE  523                       495     28      621
  SINCE MAR 1    523                       495     28      621
  SINCE JUL 1   4058                      3693    365     4230

 COOLING
  TODAY            0                         0      0        0
  MONTH TO DATE    0                         0      0        0
  SINCE MAR 1      0                         0      0        0
  SINCE JAN 1      0                         0      0        0
..................................................................


WIND (MPH)
  HIGHEST WIND SPEED    21   HIGHEST WIND DIRECTION     S (200)
  HIGHEST GUST SPEED    28   HIGHEST GUST DIRECTION    SW (210)
  AVERAGE WIND SPEED     6.4


SKY COVER
  POSSIBLE SUNSHINE  MM
  AVERAGE SKY COVER 0.0


WEATHER CONDITIONS
 THE FOLLOWING WEATHER WAS RECORDED TODAY.
  NO SIGNIFICANT WEATHER WAS OBSERVED.


RELATIVE HUMIDITY (PERCENT)
 HIGHEST    88           500 AM
 LOWEST     17           100 PM
 AVERAGE    53

..........................................................


THE BOWLING GREEN CLIMATE NORMALS FOR TOMORROW
                         NORMAL    RECORD    YEAR
 MAXIMUM TEMPERATURE (F)   65        87      1910
 MINIMUM TEMPERATURE (F)   41        22      1964


SUNRISE AND SUNSET
MARCH 29 2015.........SUNRISE   636 AM CDT   SUNSET   705 PM CDT
MARCH 30 2015.........SUNRISE   635 AM CDT   SUNSET   706 PM CDT


-  INDICATES NEGATIVE NUMBERS.
R  INDICATES RECORD WAS SET OR TIED.
MM INDICATES DATA IS MISSING.
T  INDICATES TRACE AMOUNT.




$$
