000
CDUS43 KLMK 022039
CLIBWG


CLIMATE REPORT
NATIONAL WEATHER SERVICE LOUISVILLE KY
438 PM EDT TUE JUN 2 2015


...................................

...THE BOWLING GREEN CLIMATE SUMMARY FOR JUNE 2 2015...
VALID TODAY AS OF 0400 PM LOCAL TIME.

CLIMATE NORMAL PERIOD 1981 TO 2010
CLIMATE RECORD PERIOD 1870 TO 2015


WEATHER ITEM   OBSERVED TIME   RECORD YEAR NORMAL DEPARTURE LAST
                VALUE   (LST)  VALUE       VALUE  FROM      YEAR
                                                  NORMAL
..................................................................
TEMPERATURE (F)
 TODAY
  MAXIMUM         66    208 PM  99    1921  83    -17       81
  MINIMUM         57    527 AM  43    1889  60     -3       71
  AVERAGE         62                        71     -9       76

PRECIPITATION (IN)
  TODAY            0.00          1.82 1985   0.15  -0.15     0.16
  MONTH TO DATE    0.14                      0.32  -0.18     0.17
  SINCE JUN 1      0.14                      0.32  -0.18     0.17
  SINCE JAN 1     24.33                     22.25   2.08    20.75

SNOWFALL (IN)
  TODAY            0.0           0.0    MM   0.0    0.0      0.0
  MONTH TO DATE    0.0                       0.0    0.0      0.0
  SINCE JUN 1      0.0                       0.0    0.0      0.0
  SINCE JUL 1     23.5                       9.1   14.4     10.4
  SNOW DEPTH       0

DEGREE DAYS
 HEATING
  TODAY            3                         1      2        0
  MONTH TO DATE    3                         2      1        0
  SINCE JUN 1      3                         2      1        0
  SINCE JUL 1   4288                      4045    243     4533

 COOLING
  TODAY            0                         7     -7       11
  MONTH TO DATE    0                        14    -14       22
  SINCE JUN 1      0                        14    -14       22
  SINCE JAN 1    203                       167     36      219
..................................................................


WIND (MPH)
  HIGHEST WIND SPEED     9   HIGHEST WIND DIRECTION    NE (50)
  HIGHEST GUST SPEED    12   HIGHEST GUST DIRECTION    NE (50)
  AVERAGE WIND SPEED     5.5


SKY COVER
  POSSIBLE SUNSHINE  MM
  AVERAGE SKY COVER 1.0


WEATHER CONDITIONS
 THE FOLLOWING WEATHER WAS RECORDED TODAY.
  FOG


RELATIVE HUMIDITY (PERCENT)
 HIGHEST    93           500 AM
 LOWEST     73           200 PM
 AVERAGE    83

..........................................................


THE BOWLING GREEN CLIMATE NORMALS FOR TOMORROW
                         NORMAL    RECORD    YEAR
 MAXIMUM TEMPERATURE (F)   83       100      1911
 MINIMUM TEMPERATURE (F)   61        41      1910


SUNRISE AND SUNSET
JUNE  2 2015..........SUNRISE   527 AM CDT   SUNSET   800 PM CDT
JUNE  3 2015..........SUNRISE   527 AM CDT   SUNSET   801 PM CDT


-  INDICATES NEGATIVE NUMBERS.
R  INDICATES RECORD WAS SET OR TIED.
MM INDICATES DATA IS MISSING.
T  INDICATES TRACE AMOUNT.

$$

SCHOETTMER
