000
CDUS43 KLMK 302029
CLIBWG


CLIMATE REPORT
NATIONAL WEATHER SERVICE LOUISVILLE KY
429 PM EDT TUE SEP 30 2014


...................................

...THE BOWLING GREEN CLIMATE SUMMARY FOR SEPTEMBER 30 2014...
VALID TODAY AS OF 0400 PM LOCAL TIME.

CLIMATE NORMAL PERIOD 1981 TO 2010
CLIMATE RECORD PERIOD 1870 TO 2014


WEATHER ITEM   OBSERVED TIME   RECORD YEAR NORMAL DEPARTURE LAST
                VALUE   (LST)  VALUE       VALUE  FROM      YEAR
                                                  NORMAL
..................................................................
TEMPERATURE (F)
 TODAY
  MAXIMUM         87    150 PM  95    1953  77     10       76
  MINIMUM         52    554 AM  33    1949  52      0       60
  AVERAGE         70                        64      6       68

PRECIPITATION (IN)
  TODAY            0.00          2.05 1985   0.13  -0.13      T
  MONTH TO DATE    0.37                      3.93  -3.56     5.09
  SINCE SEP 1      0.37                      3.93  -3.56     5.09
  SINCE JAN 1     36.53                     37.49  -0.96    47.79

SNOWFALL (IN)
  TODAY            0.0           0.0    MM   0.0    0.0      0.0
  MONTH TO DATE    0.0                       0.0    0.0      0.0
  SINCE SEP 1      0.0                       0.0    0.0      0.0
  SINCE JUL 1      0.0                       0.0    0.0      0.0
  SNOW DEPTH       0

DEGREE DAYS
 HEATING
  TODAY            0                         3     -3        0
  MONTH TO DATE   24                        32     -8       12
  SINCE SEP 1     24                        35    -11       12
  SINCE JUL 1     24                        36    -12       12

 COOLING
  TODAY            5                         3      2        3
  MONTH TO DATE  179                       186     -7      192
  SINCE SEP 1    179                       186     -7      192
  SINCE JAN 1   1456                      1455      1     1452
..................................................................


WIND (MPH)
  HIGHEST WIND SPEED    12   HIGHEST WIND DIRECTION    NE (50)
  HIGHEST GUST SPEED    14   HIGHEST GUST DIRECTION     E (70)
  AVERAGE WIND SPEED     0.8


SKY COVER
  POSSIBLE SUNSHINE  MM
  AVERAGE SKY COVER 0.1


WEATHER CONDITIONS
 THE FOLLOWING WEATHER WAS RECORDED TODAY.
  FOG
  FOG W/VISIBILITY <= 1/4 MILE
  HAZE


RELATIVE HUMIDITY (PERCENT)
 HIGHEST   100           300 AM
 LOWEST     27           200 PM
 AVERAGE    64

..........................................................


THE BOWLING GREEN CLIMATE NORMALS FOR TOMORROW
                         NORMAL    RECORD    YEAR
 MAXIMUM TEMPERATURE (F)   76        93      1926
 MINIMUM TEMPERATURE (F)   51        32      1924


SUNRISE AND SUNSET
SEPTEMBER 30 2014.....SUNRISE   640 AM CDT   SUNSET   631 PM CDT
OCTOBER  1 2014.......SUNRISE   641 AM CDT   SUNSET   629 PM CDT


-  INDICATES NEGATIVE NUMBERS.
R  INDICATES RECORD WAS SET OR TIED.
MM INDICATES DATA IS MISSING.
T  INDICATES TRACE AMOUNT.




$$
