000
CDUS41 KLWX 242142
CLIBWI


CLIMATE REPORT
NATIONAL WEATHER SERVICE BALTIMORE MD/WASHINGTON DC
442 PM EST MON NOV 24 2014


...................................

...THE BALTIMORE MD CLIMATE SUMMARY FOR NOVEMBER 24 2014...
VALID TODAY AS OF 0400 PM LOCAL TIME.

CLIMATE NORMAL PERIOD 1981 TO 2010
CLIMATE RECORD PERIOD 1870 TO 2014


WEATHER ITEM   OBSERVED TIME   RECORD YEAR NORMAL DEPARTURE LAST
                VALUE   (LST)  VALUE       VALUE  FROM      YEAR
                                                  NORMAL
..................................................................
TEMPERATURE (F)
 TODAY
  MAXIMUM         72    324 PM  73    1979  53     19       32
  MINIMUM         48   1200 AM  17    1989  34     14       22
                                      1956
                                      1880
  AVERAGE         60                        44     16       27

PRECIPITATION (IN)
  TODAY            0.33          2.82 1877   0.11   0.22     0.00
  MONTH TO DATE    2.19                      2.62  -0.43     0.55
  SINCE SEP 1      9.56                      9.98  -0.42     9.82
  SINCE JAN 1     47.83                     37.83  10.00    35.39

SNOWFALL (IN)
  TODAY            0.0           5.0  1938   0.0    0.0
  MONTH TO DATE    T                         0.2   -0.2
  SINCE JUL 1      T                         0.2   -0.2
  SNOW DEPTH       0

DEGREE DAYS
 HEATING
  TODAY            5                        21    -16       38
  MONTH TO DATE  503                       421     82      449
  SINCE SEP 1    755                       767    -12      738
  SINCE JUL 1    755                       768    -13      738

 COOLING
  TODAY            0                         0      0        0
  MONTH TO DATE    0                         0      0        0
  SINCE SEP 1    167                       153     14      194
  SINCE JAN 1   1084                      1163    -79     1339
..................................................................


WIND (MPH)
  HIGHEST WIND SPEED    23   HIGHEST WIND DIRECTION    SW (210)
  HIGHEST GUST SPEED    33   HIGHEST GUST DIRECTION    SW (220)
  AVERAGE WIND SPEED    11.7


SKY COVER
  POSSIBLE SUNSHINE  MM
  AVERAGE SKY COVER 0.7


WEATHER CONDITIONS
 THE FOLLOWING WEATHER WAS RECORDED TODAY.
  RAIN
  LIGHT RAIN
  FOG


RELATIVE HUMIDITY (PERCENT)
 HIGHEST   100           100 AM
 LOWEST     49           300 PM
 AVERAGE    75

..........................................................


THE BALTIMORE MD CLIMATE NORMALS FOR TOMORROW
                         NORMAL    RECORD    YEAR
 MAXIMUM TEMPERATURE (F)   53        75      1973
 MINIMUM TEMPERATURE (F)   34        18      1956
                                             1950


SUNRISE AND SUNSET
NOVEMBER 24 2014......SUNRISE   700 AM EST   SUNSET   447 PM EST
NOVEMBER 25 2014......SUNRISE   701 AM EST   SUNSET   446 PM EST


-  INDICATES NEGATIVE NUMBERS.
R  INDICATES RECORD WAS SET OR TIED.
MM INDICATES DATA IS MISSING.
T  INDICATES TRACE AMOUNT.




$$
