000
CDUS41 KLWX 010523
CLIBWI


CLIMATE REPORT
NATIONAL WEATHER SERVICE BALTIMORE MD/WASHINGTON DC
123 AM EDT SUN MAY 1 2016


...................................

...THE BALTIMORE MD CLIMATE SUMMARY FOR APRIL 30 2016...

CLIMATE NORMAL PERIOD 1981 TO 2010
CLIMATE RECORD PERIOD 1870 TO 2016


WEATHER ITEM   OBSERVED TIME   RECORD YEAR NORMAL DEPARTURE LAST
                VALUE   (LST)  VALUE       VALUE  FROM      YEAR
                                                  NORMAL
..................................................................
TEMPERATURE (F)
 YESTERDAY
  MAXIMUM         58    454 PM  92    1910  70    -12       72
  MINIMUM         49    737 AM  32    1961  47      2       49
  AVERAGE         54                        58     -4       61

PRECIPITATION (IN)
  YESTERDAY        0.02          3.06 2014   0.10  -0.08     0.33
                                      1947
  MONTH TO DATE    1.31                      3.19  -1.88     4.30
  SINCE MAR 1      3.41                      7.09  -3.68     8.97
  SINCE JAN 1     12.61                     13.04  -0.43    15.10

SNOWFALL (IN)
  YESTERDAY        0.0           0.0    MM   0.0    0.0
  MONTH TO DATE    T                         T      0.0
  SINCE JUL 1     35.1                      20.1   15.0
  SNOW DEPTH       0

DEGREE DAYS
 HEATING
  YESTERDAY       11                         8      3        4
  MONTH TO DATE  344                       354    -10      310
  SINCE MAR 1    804                      1020   -216     1087
  SINCE JUL 1   3825                      4615   -790     4902

 COOLING
  YESTERDAY        0                         1     -1        0
  MONTH TO DATE   23                        13     10        5
  SINCE MAR 1     27                        14     13        5
  SINCE JAN 1     27                        14     13        5
..................................................................


WIND (MPH)
  HIGHEST WIND SPEED    13   HIGHEST WIND DIRECTION    NE (60)
  HIGHEST GUST SPEED    18   HIGHEST GUST DIRECTION    NE (60)
  AVERAGE WIND SPEED     5.9


SKY COVER
  POSSIBLE SUNSHINE  MM
  AVERAGE SKY COVER 1.0


WEATHER CONDITIONS
 THE FOLLOWING WEATHER WAS RECORDED YESTERDAY.
  LIGHT RAIN
  FOG
  HAZE


RELATIVE HUMIDITY (PERCENT)
 HIGHEST    93           100 AM
 LOWEST     62           100 PM
 AVERAGE    78

..........................................................


THE BALTIMORE MD CLIMATE NORMALS FOR TODAY
                         NORMAL    RECORD    YEAR
 MAXIMUM TEMPERATURE (F)   70        89      1985
                                             1942
 MINIMUM TEMPERATURE (F)   47        34      1876


SUNRISE AND SUNSET
MAY  1 2016...........SUNRISE   608 AM EDT   SUNSET   800 PM EDT
MAY  2 2016...........SUNRISE   607 AM EDT   SUNSET   801 PM EDT


-  INDICATES NEGATIVE NUMBERS.
R  INDICATES RECORD WAS SET OR TIED.
MM INDICATES DATA IS MISSING.
T  INDICATES TRACE AMOUNT.




$$
