000
CDUS41 KLWX 010536
CLIBWI


CLIMATE REPORT
NATIONAL WEATHER SERVICE BALTIMORE MD/WASHINGTON DC
129 AM EDT SAT OCT 1 2016


...................................

...THE BALTIMORE MD CLIMATE SUMMARY FOR SEPTEMBER 30 2016...

CLIMATE NORMAL PERIOD 1981 TO 2010
CLIMATE RECORD PERIOD 1870 TO 2016


WEATHER ITEM   OBSERVED TIME   RECORD YEAR NORMAL DEPARTURE LAST
                VALUE   (LST)  VALUE       VALUE  FROM      YEAR
                                                  NORMAL
..................................................................
TEMPERATURE (F)
 YESTERDAY
  MAXIMUM         64    710 PM  92    1986  72     -8       76
  MINIMUM         58    803 AM  39    1888  52      6       61
  AVERAGE         61                        62     -1       69

PRECIPITATION (IN)
  YESTERDAY        0.69          6.02 2010   0.14   0.38     0.12
  MONTH TO DATE    4.36                      4.03   0.33     3.25
  SINCE SEP 1      4.36                      4.03   0.33     3.25
  SINCE JAN 1     35.46                     31.88   3.58    39.49

SNOWFALL (IN)
  YESTERDAY        0.0          MM      MM   0.0    0.0
  MONTH TO DATE    0.0                       0.0    0.0
  SINCE JUL 1      0.0                       0.0    0.0
  SNOW DEPTH       0

DEGREE DAYS
 HEATING
  YESTERDAY        4                         5     -1        0
  MONTH TO DATE   15                        50    -35        1
  SINCE SEP 1     15                        52    -37        1
  SINCE JUL 1     15                        53    -38        1

 COOLING
  YESTERDAY        0                         2     -2        4
  MONTH TO DATE  243                       135    108      215
  SINCE SEP 1    243                       135    108      215
  SINCE JAN 1   1510                      1145    365     1404
..................................................................


WIND (MPH)
  HIGHEST WIND SPEED    24   HIGHEST WIND DIRECTION    NE (60)
  HIGHEST GUST SPEED    31   HIGHEST GUST DIRECTION    NE (60)
  AVERAGE WIND SPEED    15.1


SKY COVER
  POSSIBLE SUNSHINE  MM
  AVERAGE SKY COVER 1.0


WEATHER CONDITIONS
 THE FOLLOWING WEATHER WAS RECORDED YESTERDAY.
  RAIN
  LIGHT RAIN
  FOG


RELATIVE HUMIDITY (PERCENT)
 HIGHEST   100           700 AM
 LOWEST     87           500 PM
 AVERAGE    94

..........................................................


THE BALTIMORE MD CLIMATE NORMALS FOR TODAY
                         NORMAL    RECORD    YEAR
 MAXIMUM TEMPERATURE (F)   72        91      1941
 MINIMUM TEMPERATURE (F)   51        36      1947


SUNRISE AND SUNSET
OCTOBER  1 2016.......SUNRISE   703 AM EDT   SUNSET   648 PM EDT
OCTOBER  2 2016.......SUNRISE   704 AM EDT   SUNSET   647 PM EDT


-  INDICATES NEGATIVE NUMBERS.
R  INDICATES RECORD WAS SET OR TIED.
MM INDICATES DATA IS MISSING.
T  INDICATES TRACE AMOUNT.




$$
