000
CDUS41 KLWX 240524
CLIBWI


CLIMATE REPORT
NATIONAL WEATHER SERVICE BALTIMORE MD/WASHINGTON DC
124 AM EDT TUE MAY 24 2016


...................................

...THE BALTIMORE MD CLIMATE SUMMARY FOR MAY 23 2016...

CLIMATE NORMAL PERIOD 1981 TO 2010
CLIMATE RECORD PERIOD 1870 TO 2016


WEATHER ITEM   OBSERVED TIME   RECORD YEAR NORMAL DEPARTURE LAST
                VALUE   (LST)  VALUE       VALUE  FROM      YEAR
                                                  NORMAL
..................................................................
TEMPERATURE (F)
 YESTERDAY
  MAXIMUM         75   1258 PM  98    1925  76     -1       72
  MINIMUM         55    511 AM  39    1961  54      1       46
  AVERAGE         65                        65      0       59

PRECIPITATION (IN)
  YESTERDAY        0.43          2.40 1989   0.14   0.29     0.00
  MONTH TO DATE    4.91                      2.91   2.00     2.08
  SINCE MAR 1      8.32                     10.00  -1.68    11.05
  SINCE JAN 1     17.52                     15.95   1.57    17.18

SNOWFALL (IN)
  YESTERDAY        0.0          MM      MM   0.0    0.0
  MONTH TO DATE    0.0                       0.0    0.0
  SINCE JUL 1     35.1                      20.1   15.0
  SNOW DEPTH       0

DEGREE DAYS
 HEATING
  YESTERDAY        0                         3     -3        6
  MONTH TO DATE  175                       115     60       48
  SINCE MAR 1    979                      1135   -156     1135
  SINCE JUL 1   4000                      4730   -730     4950

 COOLING
  YESTERDAY        0                         3     -3        0
  MONTH TO DATE    0                        40    -40      100
  SINCE MAR 1     27                        54    -27      105
  SINCE JAN 1     27                        54    -27      105
..................................................................


WIND (MPH)
  HIGHEST WIND SPEED    25   HIGHEST WIND DIRECTION     E (70)
  HIGHEST GUST SPEED    37   HIGHEST GUST DIRECTION     N (360)
  AVERAGE WIND SPEED     5.1


SKY COVER
  POSSIBLE SUNSHINE  MM
  AVERAGE SKY COVER 0.8


WEATHER CONDITIONS
 THE FOLLOWING WEATHER WAS RECORDED YESTERDAY.
  THUNDERSTORM
  HEAVY RAIN
  RAIN
  LIGHT RAIN
  FOG


RELATIVE HUMIDITY (PERCENT)
 HIGHEST   100           600 AM
 LOWEST     49           100 PM
 AVERAGE    75

..........................................................


THE BALTIMORE MD CLIMATE NORMALS FOR TODAY
                         NORMAL    RECORD    YEAR
 MAXIMUM TEMPERATURE (F)   76        93      1933
 MINIMUM TEMPERATURE (F)   55        41      1963


SUNRISE AND SUNSET
MAY 24 2016...........SUNRISE   546 AM EDT   SUNSET   821 PM EDT
MAY 25 2016...........SUNRISE   546 AM EDT   SUNSET   822 PM EDT


-  INDICATES NEGATIVE NUMBERS.
R  INDICATES RECORD WAS SET OR TIED.
MM INDICATES DATA IS MISSING.
T  INDICATES TRACE AMOUNT.




$$
