000
CDUS41 KLWX 260546
CLIBWI


CLIMATE REPORT
NATIONAL WEATHER SERVICE BALTIMORE MD/WASHINGTON DC
1245 AM EST FRI DEC 26 2014


...................................

...THE BALTIMORE MD CLIMATE SUMMARY FOR DECEMBER 25 2014...

CLIMATE NORMAL PERIOD 1981 TO 2010
CLIMATE RECORD PERIOD 1870 TO 2014


WEATHER ITEM   OBSERVED TIME   RECORD YEAR NORMAL DEPARTURE LAST
                VALUE   (LST)  VALUE       VALUE  FROM      YEAR
                                                  NORMAL
..................................................................
TEMPERATURE (F)
 YESTERDAY
  MAXIMUM         61   1207 AM  72    1964  43     18       32
  MINIMUM         35   1129 PM   0    1983  26      9       18
  AVERAGE         48                        34     14       25

PRECIPITATION (IN)
  YESTERDAY        0.08          1.41 1945   0.10  -0.02     0.00
  MONTH TO DATE    3.51                      2.79   0.72     4.18
  SINCE DEC 1      3.51                      2.79   0.72     4.18
  SINCE JAN 1     52.51                     41.30  11.21    41.84

SNOWFALL (IN)
  YESTERDAY        0.0           9.3  1909   0.1   -0.1
  MONTH TO DATE    0.2                       2.2   -2.0
  SINCE JUL 1      0.5                       2.6   -2.1
  SNOW DEPTH       0

DEGREE DAYS
 HEATING
  YESTERDAY       17                        31    -14       40
  MONTH TO DATE  614                       691    -77      621
  SINCE DEC 1    614                       691    -77      621
  SINCE JUL 1   1506                      1595    -89     1546

 COOLING
  YESTERDAY        0                         0      0        0
  MONTH TO DATE    0                         0      0        2
  SINCE DEC 1      0                         0      0        2
  SINCE JAN 1   1084                      1164    -80     1341
..................................................................


WIND (MPH)
  HIGHEST WIND SPEED    26   HIGHEST WIND DIRECTION     W (270)
  HIGHEST GUST SPEED    37   HIGHEST GUST DIRECTION     W (270)
  AVERAGE WIND SPEED    11.0


SKY COVER
  POSSIBLE SUNSHINE  MM
  AVERAGE SKY COVER 0.5


WEATHER CONDITIONS
 THE FOLLOWING WEATHER WAS RECORDED YESTERDAY.
  LIGHT RAIN
  FOG


RELATIVE HUMIDITY (PERCENT)
 HIGHEST    90           100 AM
 LOWEST     41           200 PM
 AVERAGE    66

..........................................................


THE BALTIMORE MD CLIMATE NORMALS FOR TODAY
                         NORMAL    RECORD    YEAR
 MAXIMUM TEMPERATURE (F)   43        73      1964
                                             1889
 MINIMUM TEMPERATURE (F)   26         2      1983


SUNRISE AND SUNSET
DECEMBER 26 2014......SUNRISE   725 AM EST   SUNSET   450 PM EST
DECEMBER 27 2014......SUNRISE   725 AM EST   SUNSET   451 PM EST


-  INDICATES NEGATIVE NUMBERS.
R  INDICATES RECORD WAS SET OR TIED.
MM INDICATES DATA IS MISSING.
T  INDICATES TRACE AMOUNT.




$$
