000
CDUS45 KRIW 280036
CLIBYG


CLIMATE REPORT
NATIONAL WEATHER SERVICE RIVERTON WY
634 PM MDT WED JUL 27 2016


...................................

...THE BUFFALO WY CLIMATE SUMMARY FOR JULY 27 2016...
VALID TODAY AS OF 0500 PM LOCAL TIME.

CLIMATE NORMAL PERIOD 1981 TO 2010
CLIMATE RECORD PERIOD 1998 TO 2016


WEATHER ITEM   OBSERVED TIME   RECORD YEAR NORMAL DEPARTURE LAST
                VALUE   (LST)  VALUE       VALUE  FROM      YEAR
                                                  NORMAL
..................................................................
TEMPERATURE (F)
 TODAY
  MAXIMUM         87        MM  97    2006  86      1       78
  MINIMUM         61        MM  49    2015  58      3       49
  AVERAGE         74

PRECIPITATION (IN)
  TODAY            0.02          1.20 2009   0.06  -0.04     0.02
  MONTH TO DATE    0.37                      1.44  -1.07     0.77
  SINCE JUN 1      0.76                      3.72  -2.96     4.00
  SINCE JAN 1      5.68                      9.24  -3.56    11.26

DEGREE DAYS
 HEATING
  TODAY            0                         1     -1        1
  MONTH TO DATE    1                        30    -29       23
  SINCE JUN 1     16                       193   -177       77
  SINCE JUL 1      1                        30    -29       23

 COOLING
  TODAY            9                         8      1        0
  MONTH TO DATE  223                       174     49      131
  SINCE JUN 1    358                       225    133      201
  SINCE JAN 1    363                       232    131      201
..................................................................


WIND (MPH)
  HIGHEST WIND SPEED    14   HIGHEST WIND DIRECTION     N (10)
  HIGHEST GUST SPEED    21   HIGHEST GUST DIRECTION     N (10)
  AVERAGE WIND SPEED     8.1


SKY COVER
  POSSIBLE SUNSHINE  MM
  AVERAGE SKY COVER 0.1


WEATHER CONDITIONS
 THE FOLLOWING WEATHER WAS RECORDED TODAY.
  NO SIGNIFICANT WEATHER WAS OBSERVED.


RELATIVE HUMIDITY (PERCENT)
 HIGHEST    65           500 AM
 LOWEST     25           300 PM
 AVERAGE    45

..........................................................


THE BUFFALO WY CLIMATE NORMALS FOR TOMORROW
                         NORMAL    RECORD    YEAR
 MAXIMUM TEMPERATURE (F)   86       100      2006
 MINIMUM TEMPERATURE (F)   58        45      2015


SUNRISE AND SUNSET
JULY 27 2016..........SUNRISE   549 AM MDT   SUNSET   837 PM MDT
JULY 28 2016..........SUNRISE   550 AM MDT   SUNSET   836 PM MDT


-  INDICATES NEGATIVE NUMBERS.
R  INDICATES RECORD WAS SET OR TIED.
MM INDICATES DATA IS MISSING.
T  INDICATES TRACE AMOUNT.




$$
