000
CDUS45 KRIW 230731
CLIBYG


CLIMATE REPORT
NATIONAL WEATHER SERVICE RIVERTON WY
1229 AM MST THU FEB 23 2017


...................................

...THE BUFFALO WY CLIMATE SUMMARY FOR FEBRUARY 22 2017...

CLIMATE NORMAL PERIOD 1981 TO 2010
CLIMATE RECORD PERIOD 1998 TO 2017


WEATHER ITEM   OBSERVED TIME   RECORD YEAR NORMAL DEPARTURE LAST
                VALUE   (LST)  VALUE       VALUE  FROM      YEAR
                                                  NORMAL
..................................................................
TEMPERATURE (F)
 YESTERDAY
  MAXIMUM         46   1234 AM  61    2002  39      7       42
  MINIMUM         30   1159 PM  -1    2015  19     11       29
                                      2003
  AVERAGE         38                        29      9       36

PRECIPITATION (IN)
  YESTERDAY        0.06          0.25 2012   0.02   0.04     0.00
  MONTH TO DATE    0.22                      0.28  -0.06     0.45
  SINCE DEC 1      0.57                      1.10  -0.53     0.68
  SINCE JAN 1      0.32                      0.70  -0.38     0.58

DEGREE DAYS
 HEATING
  YESTERDAY       27                        36     -9       29
  MONTH TO DATE  661                       822   -161      627
  SINCE DEC 1   3406                      3195    211     2784
  SINCE JUL 1   4588                      5029   -441     4213

 COOLING
  YESTERDAY        0                         0      0        0
  MONTH TO DATE    0                         0      0        0
  SINCE DEC 1      0                         0      0        0
  SINCE JAN 1      0                         0      0        0
..................................................................


WIND (MPH)
  HIGHEST WIND SPEED    32   HIGHEST WIND DIRECTION     W (250)
  HIGHEST GUST SPEED    40   HIGHEST GUST DIRECTION     W (250)
  AVERAGE WIND SPEED    12.3


SKY COVER
  POSSIBLE SUNSHINE  MM
  AVERAGE SKY COVER 0.5


WEATHER CONDITIONS
 THE FOLLOWING WEATHER WAS RECORDED YESTERDAY.
  SNOW
  LIGHT SNOW
  FOG


RELATIVE HUMIDITY (PERCENT)
 HIGHEST    89           400 PM
 LOWEST     29           400 AM
 AVERAGE    59

..........................................................


THE BUFFALO WY CLIMATE NORMALS FOR TODAY
                         NORMAL    RECORD    YEAR
 MAXIMUM TEMPERATURE (F)   40        57      2009
 MINIMUM TEMPERATURE (F)   19       -13      2003


SUNRISE AND SUNSET
FEBRUARY 23 2017......SUNRISE   654 AM MST   SUNSET   547 PM MST
FEBRUARY 24 2017......SUNRISE   652 AM MST   SUNSET   549 PM MST


-  INDICATES NEGATIVE NUMBERS.
R  INDICATES RECORD WAS SET OR TIED.
MM INDICATES DATA IS MISSING.
T  INDICATES TRACE AMOUNT.




$$
