000
CDUS45 KRIW 290755
CLIBYG


CLIMATE REPORT
NATIONAL WEATHER SERVICE RIVERTON WY
128 AM MDT SUN MAR 29 2015


...................................

...THE BUFFALO WY CLIMATE SUMMARY FOR MARCH 28 2015...

CLIMATE NORMAL PERIOD 1981 TO 2010
CLIMATE RECORD PERIOD 1998 TO 2015


WEATHER ITEM   OBSERVED TIME   RECORD YEAR NORMAL DEPARTURE LAST
                VALUE   (LST)  VALUE       VALUE  FROM      YEAR
                                                  NORMAL
..................................................................
TEMPERATURE (F)
 YESTERDAY
  MAXIMUM         77R       MM  67    2012  49     28       43
                                      2006
  MINIMUM         45        MM  15    1999  26     19       24
  AVERAGE         61                        38     23       34

PRECIPITATION (IN)
  YESTERDAY        0.00          0.72 2007   0.05  -0.05     0.00
  MONTH TO DATE    0.08                      0.80  -0.72     0.60
  SINCE MAR 1      0.08                      0.80  -0.72     0.60
  SINCE JAN 1      0.72                      1.57  -0.85     0.96

DEGREE DAYS
 HEATING
  YESTERDAY        4                        27    -23       31
  MONTH TO DATE  639                       870   -231      915
  SINCE MAR 1    639                       870   -231      915
  SINCE JUL 1   5335                      6110   -775     6159

 COOLING
  YESTERDAY        0                         0      0        0
  MONTH TO DATE    0                         0      0        0
  SINCE MAR 1      0                         0      0        0
  SINCE JAN 1      0                         0      0        0
..................................................................


WIND (MPH)
  HIGHEST WIND SPEED    33   HIGHEST WIND DIRECTION     N (340)
  HIGHEST GUST SPEED    60   HIGHEST GUST DIRECTION    NW (330)
  AVERAGE WIND SPEED    17.2


SKY COVER
  POSSIBLE SUNSHINE  MM
  AVERAGE SKY COVER 0.2


WEATHER CONDITIONS
 THE FOLLOWING WEATHER WAS RECORDED YESTERDAY.
  HAZE


RELATIVE HUMIDITY (PERCENT)
 HIGHEST    45           600 PM
 LOWEST     13           100 PM
 AVERAGE    29

..........................................................


THE BUFFALO WY CLIMATE NORMALS FOR TODAY
                         NORMAL    RECORD    YEAR
 MAXIMUM TEMPERATURE (F)   49        66      2010
 MINIMUM TEMPERATURE (F)   26        19      2011
                                             2003


SUNRISE AND SUNSET
MARCH 29 2015.........SUNRISE   654 AM MDT   SUNSET   730 PM MDT
MARCH 30 2015.........SUNRISE   652 AM MDT   SUNSET   732 PM MDT


-  INDICATES NEGATIVE NUMBERS.
R  INDICATES RECORD WAS SET OR TIED.
MM INDICATES DATA IS MISSING.
T  INDICATES TRACE AMOUNT.




$$
