000
CDUS45 KRIW 240746
CLIBYG


CLIMATE REPORT
NATIONAL WEATHER SERVICE RIVERTON WY
130 AM MDT WED AUG 24 2016


...................................

...THE BUFFALO WY CLIMATE SUMMARY FOR AUGUST 23 2016...

CLIMATE NORMAL PERIOD 1981 TO 2010
CLIMATE RECORD PERIOD 1998 TO 2016


WEATHER ITEM   OBSERVED TIME   RECORD YEAR NORMAL DEPARTURE LAST
                VALUE   (LST)  VALUE       VALUE  FROM      YEAR
                                                  NORMAL
..................................................................
TEMPERATURE (F)
 YESTERDAY
  MAXIMUM         76    230 PM  94    2011  83     -7       76
                                      2006
                                      2000
  MINIMUM         57   1157 PM  36    2015  54      3       36
  AVERAGE         67                        68     -1       56

PRECIPITATION (IN)
  YESTERDAY        0.00          0.71 2014   0.02  -0.02     0.00
  MONTH TO DATE    0.52                      0.67  -0.15     1.14
  SINCE JUN 1      1.40                      4.61  -3.21     5.14
  SINCE JAN 1      6.32                     10.13  -3.81    12.40

DEGREE DAYS
 HEATING
  YESTERDAY        0                         1     -1        9
  MONTH TO DATE   18                        23     -5       49
  SINCE JUN 1     34                       211   -177      133
  SINCE JUL 1     19                        48    -29       79

 COOLING
  YESTERDAY        2                         5     -3        0
  MONTH TO DATE  152                       151      1      142
  SINCE JUN 1    548                       405    143      360
  SINCE JAN 1    553                       412    141      360
..................................................................


WIND (MPH)
  HIGHEST WIND SPEED    38   HIGHEST WIND DIRECTION    NW (320)
  HIGHEST GUST SPEED    50   HIGHEST GUST DIRECTION    NW (320)
  AVERAGE WIND SPEED    12.1


SKY COVER
  POSSIBLE SUNSHINE  MM
  AVERAGE SKY COVER 0.0


WEATHER CONDITIONS
 THE FOLLOWING WEATHER WAS RECORDED YESTERDAY.
  NO SIGNIFICANT WEATHER WAS OBSERVED.


RELATIVE HUMIDITY (PERCENT)
 HIGHEST    36          1100 PM
 LOWEST     16           200 AM
 AVERAGE    26

..........................................................


THE BUFFALO WY CLIMATE NORMALS FOR TODAY
                         NORMAL    RECORD    YEAR
 MAXIMUM TEMPERATURE (F)   82        95      2011
 MINIMUM TEMPERATURE (F)   54        43      2004


SUNRISE AND SUNSET
AUGUST 24 2016........SUNRISE   621 AM MDT   SUNSET   756 PM MDT
AUGUST 25 2016........SUNRISE   622 AM MDT   SUNSET   754 PM MDT


-  INDICATES NEGATIVE NUMBERS.
R  INDICATES RECORD WAS SET OR TIED.
MM INDICATES DATA IS MISSING.
T  INDICATES TRACE AMOUNT.




$$
