000
CDUS45 KRIW 240757
CLIBYG


CLIMATE REPORT
NATIONAL WEATHER SERVICE RIVERTON WY
141 AM MDT SAT SEP 24 2016


...................................

...THE BUFFALO WY CLIMATE SUMMARY FOR SEPTEMBER 23 2016...

CLIMATE NORMAL PERIOD 1981 TO 2010
CLIMATE RECORD PERIOD 1998 TO 2016


WEATHER ITEM   OBSERVED TIME   RECORD YEAR NORMAL DEPARTURE LAST
                VALUE   (LST)  VALUE       VALUE  FROM      YEAR
                                                  NORMAL
..................................................................
TEMPERATURE (F)
 YESTERDAY
  MAXIMUM         68   1237 PM  86    2011  67      1       80
  MINIMUM         49   1159 PM  25    2000  42      7       46
  AVERAGE         59                        54      5       63

PRECIPITATION (IN)
  YESTERDAY        0.65R         0.09 2000   0.05   0.60     0.00
  MONTH TO DATE    1.95                      0.92   1.03     0.10
  SINCE SEP 1      1.95                      0.92   1.03     0.10
  SINCE JAN 1      8.27                     11.19  -2.92    12.51

DEGREE DAYS
 HEATING
  YESTERDAY        6                        11     -5        2
  MONTH TO DATE  137                       159    -22       57
  SINCE SEP 1    137                       159    -22       57
  SINCE JUL 1    176                       224    -48      136

 COOLING
  YESTERDAY        0                         1     -1        0
  MONTH TO DATE   30                        44    -14       77
  SINCE SEP 1     30                        44    -14       77
  SINCE JAN 1    624                       490    134      520
..................................................................


WIND (MPH)
  HIGHEST WIND SPEED    24   HIGHEST WIND DIRECTION    NW (330)
  HIGHEST GUST SPEED    30   HIGHEST GUST DIRECTION    NW (330)
  AVERAGE WIND SPEED     9.3


SKY COVER
  POSSIBLE SUNSHINE  MM
  AVERAGE SKY COVER 1.0


WEATHER CONDITIONS
 THE FOLLOWING WEATHER WAS RECORDED YESTERDAY.
  THUNDERSTORM
  HEAVY RAIN
  RAIN
  LIGHT RAIN
  FOG


RELATIVE HUMIDITY (PERCENT)
 HIGHEST    93           100 AM
 LOWEST     67          1200 PM
 AVERAGE    80

..........................................................


THE BUFFALO WY CLIMATE NORMALS FOR TODAY
                         NORMAL    RECORD    YEAR
 MAXIMUM TEMPERATURE (F)   67        87      2001
 MINIMUM TEMPERATURE (F)   41        27      2000


SUNRISE AND SUNSET
SEPTEMBER 24 2016.....SUNRISE   657 AM MDT   SUNSET   659 PM MDT
SEPTEMBER 25 2016.....SUNRISE   658 AM MDT   SUNSET   658 PM MDT


-  INDICATES NEGATIVE NUMBERS.
R  INDICATES RECORD WAS SET OR TIED.
MM INDICATES DATA IS MISSING.
T  INDICATES TRACE AMOUNT.




$$
