000
CDUS45 KPIH 022322
CLIBYI


CLIMATE REPORT
NATIONAL WEATHER SERVICE POCATELLO ID
521 PM MDT TUE SEP 2 2014


...................................

...THE BURLEY ID CLIMATE SUMMARY FOR SEPTEMBER 2 2014...
VALID TODAY AS OF 0500 PM LOCAL TIME.

CLIMATE NORMAL PERIOD 1981 TO 2010
CLIMATE RECORD PERIOD 1948 TO 2014


WEATHER ITEM   OBSERVED TIME   RECORD YEAR NORMAL DEPARTURE LAST
                VALUE   (LST)  VALUE       VALUE  FROM      YEAR
                                                  NORMAL
..................................................................
TEMPERATURE (F)
 TODAY
  MAXIMUM         82    355 PM  97    1950  80      2       80
  MINIMUM         44    622 AM  32    2008  47     -3       62
  AVERAGE         63                        64     -1       71

PRECIPITATION (IN)
  TODAY            0.00          0.37 1997   0.01  -0.01     0.28
  MONTH TO DATE    0.00                      0.03  -0.03     0.28
  SINCE OCT 1     10.09                      9.62   0.47     6.58
  SINCE JAN 1      9.48                      6.79   2.69     2.98

SNOWFALL (IN)
  TODAY           MM
  MONTH TO DATE   MM
  SINCE SEP 1     MM
  SINCE JUL 1     MM
  SNOW DEPTH      MM

DEGREE DAYS
 HEATING
  TODAY            2                         3     -1        0
  MONTH TO DATE    8                         6      2        0
  SINCE SEP 1      8                         6      2        0
  SINCE JUL 1     38                        63    -25        0

 COOLING
  TODAY            0                         2     -2        6
  MONTH TO DATE    0                         4     -4       13
  SINCE SEP 1      0                         4     -4       13
  SINCE JAN 1    401                       348     53      601
..................................................................


WIND (MPH)
  HIGHEST WIND SPEED     9   HIGHEST WIND DIRECTION     W (280)
  HIGHEST GUST SPEED    12   HIGHEST GUST DIRECTION     W (250)
  AVERAGE WIND SPEED     3.0


SKY COVER
  POSSIBLE SUNSHINE  MM
  AVERAGE SKY COVER 0.0


WEATHER CONDITIONS
 THE FOLLOWING WEATHER WAS RECORDED TODAY.
  NO SIGNIFICANT WEATHER WAS OBSERVED.


RELATIVE HUMIDITY (PERCENT)
 HIGHEST    82           300 AM
 LOWEST     23           400 PM
 AVERAGE    53

..........................................................


THE BURLEY ID CLIMATE NORMALS FOR TOMORROW
                         NORMAL    RECORD    YEAR
 MAXIMUM TEMPERATURE (F)   80        97      1998
 MINIMUM TEMPERATURE (F)   47        35      1975


SUNRISE AND SUNSET
SEPTEMBER  2 2014.....SUNRISE   701 AM MDT   SUNSET   807 PM MDT
SEPTEMBER  3 2014.....SUNRISE   702 AM MDT   SUNSET   806 PM MDT


-  INDICATES NEGATIVE NUMBERS.
R  INDICATES RECORD WAS SET OR TIED.
MM INDICATES DATA IS MISSING.
T  INDICATES TRACE AMOUNT.




$$
