233
CDUS45 KPIH 130809
CLIBYI


CLIMATE REPORT
NATIONAL WEATHER SERVICE POCATELLO ID
104 AM MST SAT FEB 13 2016


...................................

...THE BURLEY ID CLIMATE SUMMARY FOR FEBRUARY 12 2016...

CLIMATE NORMAL PERIOD 1981 TO 2010
CLIMATE RECORD PERIOD 1948 TO 2016


WEATHER ITEM   OBSERVED TIME   RECORD YEAR NORMAL DEPARTURE LAST
                VALUE   (LST)  VALUE       VALUE  FROM      YEAR
                                                  NORMAL
..................................................................
TEMPERATURE (F)
 YESTERDAY
  MAXIMUM         52    333 PM  60    2015  39     13       60
                                      2011
  MINIMUM         25    724 AM  -4    1949  21      4       28
  AVERAGE         39                        30      9       44

PRECIPITATION (IN)
  YESTERDAY        0.00          0.22 1969   0.03  -0.03     0.00
  MONTH TO DATE    0.03                      0.31  -0.28     0.35
  SINCE OCT 1      3.91                      4.05  -0.14     3.02
  SINCE JAN 1      1.11                      1.22  -0.11     0.97

SNOWFALL (IN)
  YESTERDAY       MM
  MONTH TO DATE   MM
  SINCE DEC 1     MM
  SINCE JUL 1     MM
  SNOW DEPTH      MM

DEGREE DAYS
 HEATING
  YESTERDAY       26                        35     -9       21
  MONTH TO DATE  418                       433    -15      243
  SINCE DEC 1   2679                      2811   -132     2160
  SINCE JUL 1   4100                      4499   -399     3541

 COOLING
  YESTERDAY        0                         0      0        0
  MONTH TO DATE    0                         0      0        0
  SINCE DEC 1      0                         0      0        0
  SINCE JAN 1      0                         0      0        0
..................................................................


WIND (MPH)
  HIGHEST WIND SPEED    14   HIGHEST WIND DIRECTION    NE (50)
  HIGHEST GUST SPEED    16   HIGHEST GUST DIRECTION    NE (50)
  AVERAGE WIND SPEED     3.9


SKY COVER
  POSSIBLE SUNSHINE  MM
  AVERAGE SKY COVER 0.0


WEATHER CONDITIONS
 THE FOLLOWING WEATHER WAS RECORDED YESTERDAY.
  NO SIGNIFICANT WEATHER WAS OBSERVED.


RELATIVE HUMIDITY (PERCENT)
 HIGHEST   100          1000 PM
 LOWEST     50           300 PM
 AVERAGE    75

..........................................................


THE BURLEY ID CLIMATE NORMALS FOR TODAY
                         NORMAL    RECORD    YEAR
 MAXIMUM TEMPERATURE (F)   39        62      1967
 MINIMUM TEMPERATURE (F)   21        -9      1949


SUNRISE AND SUNSET
FEBRUARY 13 2016......SUNRISE   735 AM MST   SUNSET   604 PM MST
FEBRUARY 14 2016......SUNRISE   734 AM MST   SUNSET   605 PM MST


-  INDICATES NEGATIVE NUMBERS.
R  INDICATES RECORD WAS SET OR TIED.
MM INDICATES DATA IS MISSING.
T  INDICATES TRACE AMOUNT.




$$
