000
CDUS45 KPIH 190732
CLIBYI


CLIMATE REPORT
NATIONAL WEATHER SERVICE POCATELLO ID
1230 AM MST FRI DEC 19 2014


...................................

...THE BURLEY ID CLIMATE SUMMARY FOR DECEMBER 18 2014...

CLIMATE NORMAL PERIOD 1981 TO 2010
CLIMATE RECORD PERIOD 1948 TO 2014


WEATHER ITEM   OBSERVED TIME   RECORD YEAR NORMAL DEPARTURE LAST
                VALUE   (LST)  VALUE       VALUE  FROM      YEAR
                                                  NORMAL
..................................................................
TEMPERATURE (F)
 YESTERDAY
  MAXIMUM         44    404 PM  58    1979  34     10       42
  MINIMUM         21    455 AM  -3    2008  18      3       15
                                      1965
  AVERAGE         33                        26      7       29

PRECIPITATION (IN)
  YESTERDAY        0.00          0.34 1951   0.03  -0.03     0.00
  MONTH TO DATE    0.17                      0.67  -0.50     0.10
  SINCE OCT 1      1.51                      2.37  -0.86     0.54
  SINCE JAN 1     11.43                      9.68   1.75     4.62

SNOWFALL (IN)
  YESTERDAY       MM
  MONTH TO DATE   MM
  SINCE DEC 1     MM
  SINCE JUL 1     MM
  SNOW DEPTH      MM

DEGREE DAYS
 HEATING
  YESTERDAY       32                        39     -7       36
  MONTH TO DATE  451                       680   -229      807
  SINCE DEC 1    451                       680   -229      807
  SINCE JUL 1   1832                      2368   -536     2375

 COOLING
  YESTERDAY        0                         0      0        0
  MONTH TO DATE    0                         0      0        0
  SINCE DEC 1      0                         0      0        0
  SINCE JAN 1    428                       365     63      642
..................................................................


WIND (MPH)
  HIGHEST WIND SPEED    15   HIGHEST WIND DIRECTION    SW (210)
  HIGHEST GUST SPEED    20   HIGHEST GUST DIRECTION     S (200)
  AVERAGE WIND SPEED     3.3


SKY COVER
  POSSIBLE SUNSHINE  MM
  AVERAGE SKY COVER 0.4


WEATHER CONDITIONS
 THE FOLLOWING WEATHER WAS RECORDED YESTERDAY.
  FOG


RELATIVE HUMIDITY (PERCENT)
 HIGHEST    92          1200 AM
 LOWEST     53           300 PM
 AVERAGE    73

..........................................................


THE BURLEY ID CLIMATE NORMALS FOR TODAY
                         NORMAL    RECORD    YEAR
 MAXIMUM TEMPERATURE (F)   34        57      1979
 MINIMUM TEMPERATURE (F)   18        -5      1984


SUNRISE AND SUNSET
DECEMBER 19 2014......SUNRISE   800 AM MST   SUNSET   504 PM MST
DECEMBER 20 2014......SUNRISE   801 AM MST   SUNSET   504 PM MST


-  INDICATES NEGATIVE NUMBERS.
R  INDICATES RECORD WAS SET OR TIED.
MM INDICATES DATA IS MISSING.
T  INDICATES TRACE AMOUNT.




$$
