000
CDUS45 KPIH 060730
CLIBYI


CLIMATE REPORT
NATIONAL WEATHER SERVICE POCATELLO ID
130 AM MDT MON JUL 6 2015


...................................

...THE BURLEY ID CLIMATE SUMMARY FOR JULY 5 2015...

CLIMATE NORMAL PERIOD 1981 TO 2010
CLIMATE RECORD PERIOD 1948 TO 2015


WEATHER ITEM   OBSERVED TIME   RECORD YEAR NORMAL DEPARTURE LAST
                VALUE   (LST)  VALUE       VALUE  FROM      YEAR
                                                  NORMAL
..................................................................
TEMPERATURE (F)
 YESTERDAY
  MAXIMUM         84    146 PM 101    1981  83      1       90
  MINIMUM         62   1114 PM  39    1986  52     10       56
  AVERAGE         73                        68      5       73

PRECIPITATION (IN)
  YESTERDAY        T             0.41 2009   0.01  -0.01     0.00
  MONTH TO DATE    T                         0.06  -0.06      T
  SINCE OCT 1      7.22                      8.95  -1.73     7.37
  SINCE JAN 1      5.17                      6.12  -0.95     6.76

SNOWFALL (IN)
  YESTERDAY       MM
  MONTH TO DATE   MM
  SINCE JUN 1     MM
  SINCE JUL 1     MM
  SNOW DEPTH      MM

DEGREE DAYS
 HEATING
  YESTERDAY        0                         1     -1        0
  MONTH TO DATE    0                         7     -7        0
  SINCE JUN 1     26                       141   -115      104
  SINCE JUL 1      0                         7     -7        0

 COOLING
  YESTERDAY        8                         4      4        8
  MONTH TO DATE   60                        17     43       34
  SINCE JUN 1    208                        64    144       53
  SINCE JAN 1    213                        70    143       54
..................................................................


WIND (MPH)
  HIGHEST WIND SPEED    22   HIGHEST WIND DIRECTION     S (190)
  HIGHEST GUST SPEED    27   HIGHEST GUST DIRECTION    SW (220)
  AVERAGE WIND SPEED    10.7


SKY COVER
  POSSIBLE SUNSHINE  MM
  AVERAGE SKY COVER 0.4


WEATHER CONDITIONS
 THE FOLLOWING WEATHER WAS RECORDED YESTERDAY.
  NO SIGNIFICANT WEATHER WAS OBSERVED.


RELATIVE HUMIDITY (PERCENT)
 HIGHEST    72          1000 PM
 LOWEST     37           300 PM
 AVERAGE    55

..........................................................


THE BURLEY ID CLIMATE NORMALS FOR TODAY
                         NORMAL    RECORD    YEAR
 MAXIMUM TEMPERATURE (F)   83       102      1999
 MINIMUM TEMPERATURE (F)   52        36      1986


SUNRISE AND SUNSET
JULY  6 2015..........SUNRISE   604 AM MDT   SUNSET   915 PM MDT
JULY  7 2015..........SUNRISE   605 AM MDT   SUNSET   915 PM MDT


-  INDICATES NEGATIVE NUMBERS.
R  INDICATES RECORD WAS SET OR TIED.
MM INDICATES DATA IS MISSING.
T  INDICATES TRACE AMOUNT.




$$
