000
CDUS45 KPIH 280735
CLIBYI


CLIMATE REPORT
NATIONAL WEATHER SERVICE POCATELLO ID
132 AM MDT SUN MAY 28 2017


...................................

...THE BURLEY ID CLIMATE SUMMARY FOR MAY 27 2017...

CLIMATE NORMAL PERIOD 1981 TO 2010
CLIMATE RECORD PERIOD 1948 TO 2017


WEATHER ITEM   OBSERVED TIME   RECORD YEAR NORMAL DEPARTURE LAST
                VALUE   (LST)  VALUE       VALUE  FROM      YEAR
                                                  NORMAL
..................................................................
TEMPERATURE (F)
 YESTERDAY
  MAXIMUM         70    559 PM  91    1958  70      0       65
  MINIMUM         38    305 AM  33    1965  44     -6       46
  AVERAGE         54                        57     -3       56

PRECIPITATION (IN)
  YESTERDAY        0.00          0.86 2006   0.04  -0.04     0.00
  MONTH TO DATE    1.29                      1.23   0.06     1.27
  SINCE OCT 1     12.41                      7.86   4.55     7.90
  SINCE JAN 1      7.62                      5.03   2.59     5.10

SNOWFALL (IN)
  YESTERDAY       MM
  MONTH TO DATE   MM
  SINCE MAR 1     MM
  SINCE JUL 1     MM
  SNOW DEPTH      MM

DEGREE DAYS
 HEATING
  YESTERDAY       11                         8      3        9
  MONTH TO DATE  284                       311    -27      267
  SINCE MAR 1   1428                      1677   -249     1370
  SINCE JUL 1   6234                      6699   -465     5877

 COOLING
  YESTERDAY        0                         0      0        0
  MONTH TO DATE    0                         0      0        4
  SINCE MAR 1      0                         0      0        4
  SINCE JAN 1      0                         0      0        4
..................................................................


WIND (MPH)
  HIGHEST WIND SPEED     7   HIGHEST WIND DIRECTION    SW (220)
  HIGHEST GUST SPEED    11   HIGHEST GUST DIRECTION    NW (310)
  AVERAGE WIND SPEED     2.8


SKY COVER
  POSSIBLE SUNSHINE  MM
  AVERAGE SKY COVER 0.0


WEATHER CONDITIONS
 THE FOLLOWING WEATHER WAS RECORDED YESTERDAY.
  NO SIGNIFICANT WEATHER WAS OBSERVED.


RELATIVE HUMIDITY (PERCENT)
 HIGHEST    92           100 AM
 LOWEST     23           400 PM
 AVERAGE    58

..........................................................


THE BURLEY ID CLIMATE NORMALS FOR TODAY
                         NORMAL    RECORD    YEAR
 MAXIMUM TEMPERATURE (F)   71        97      2003
 MINIMUM TEMPERATURE (F)   44        28      1954


SUNRISE AND SUNSET
MAY 28 2017...........SUNRISE   602 AM MDT   SUNSET   903 PM MDT
MAY 29 2017...........SUNRISE   602 AM MDT   SUNSET   904 PM MDT


-  INDICATES NEGATIVE NUMBERS.
R  INDICATES RECORD WAS SET OR TIED.
MM INDICATES DATA IS MISSING.
T  INDICATES TRACE AMOUNT.




$$
