000
CDUS45 KPIH 272321
CLIBYI


CLIMATE REPORT
NATIONAL WEATHER SERVICE POCATELLO ID
521 PM MDT THU JUL 27 2017


...................................

...THE BURLEY ID CLIMATE SUMMARY FOR JULY 27 2017...
VALID TODAY AS OF 0500 PM LOCAL TIME.

CLIMATE NORMAL PERIOD 1981 TO 2010
CLIMATE RECORD PERIOD 1948 TO 2017


WEATHER ITEM   OBSERVED TIME   RECORD YEAR NORMAL DEPARTURE LAST
                VALUE   (LST)  VALUE       VALUE  FROM      YEAR
                                                  NORMAL
..................................................................
TEMPERATURE (F)
 TODAY
  MAXIMUM         85    341 PM 103    1999  87     -2       95
  MINIMUM         59    549 AM  43    1963  55      4       52
  AVERAGE         72                        71      1       74

PRECIPITATION (IN)
  TODAY            0.02          0.07 2015   0.01   0.01     0.00
  MONTH TO DATE    0.02                      0.26  -0.24     0.24
  SINCE OCT 1     13.19                      9.15   4.04     8.17
  SINCE JAN 1      8.40                      6.32   2.08     5.37

SNOWFALL (IN)
  TODAY           MM
  MONTH TO DATE   MM
  SINCE JUN 1     MM
  SINCE JUL 1     MM
  SNOW DEPTH      MM

DEGREE DAYS
 HEATING
  TODAY            0                         0      0        0
  MONTH TO DATE    0                        20    -20       26
  SINCE JUN 1     77                       154    -77       76
  SINCE JUL 1      0                        20    -20       26

 COOLING
  TODAY            7                         6      1        9
  MONTH TO DATE  247                       136    111       99
  SINCE JUN 1    318                       183    135      199
  SINCE JAN 1    323                       189    134      203
..................................................................


WIND (MPH)
  HIGHEST WIND SPEED    13   HIGHEST WIND DIRECTION     W (290)
  HIGHEST GUST SPEED    17   HIGHEST GUST DIRECTION    NW (300)
  AVERAGE WIND SPEED     3.5


SKY COVER
  POSSIBLE SUNSHINE  MM
  AVERAGE SKY COVER 0.1


WEATHER CONDITIONS
 THE FOLLOWING WEATHER WAS RECORDED TODAY.
  THUNDERSTORM
  LIGHT RAIN


RELATIVE HUMIDITY (PERCENT)
 HIGHEST    84           400 AM
 LOWEST     27           300 PM
 AVERAGE    56

..........................................................


THE BURLEY ID CLIMATE NORMALS FOR TOMORROW
                         NORMAL    RECORD    YEAR
 MAXIMUM TEMPERATURE (F)   87       102      1995
 MINIMUM TEMPERATURE (F)   55        41      2015


SUNRISE AND SUNSET
JULY 27 2017..........SUNRISE   622 AM MDT   SUNSET   900 PM MDT
JULY 28 2017..........SUNRISE   623 AM MDT   SUNSET   859 PM MDT


-  INDICATES NEGATIVE NUMBERS.
R  INDICATES RECORD WAS SET OR TIED.
MM INDICATES DATA IS MISSING.
T  INDICATES TRACE AMOUNT.




$$
