000
CDUS45 KPIH 302331
CLIBYI


CLIMATE REPORT
NATIONAL WEATHER SERVICE POCATELLO ID
528 PM MDT SAT AUG 30 2014


...................................

...THE BURLEY ID CLIMATE SUMMARY FOR AUGUST 30 2014...
VALID TODAY AS OF 0500 PM LOCAL TIME.

CLIMATE NORMAL PERIOD 1981 TO 2010
CLIMATE RECORD PERIOD 1948 TO 2014


WEATHER ITEM   OBSERVED TIME   RECORD YEAR NORMAL DEPARTURE LAST
                VALUE   (LST)  VALUE       VALUE  FROM      YEAR
                                                  NORMAL
..................................................................
TEMPERATURE (F)
 TODAY
  MAXIMUM         75    304 PM  99    1954  81     -6       86
  MINIMUM         54    228 AM  32    1965  48      6       55
  AVERAGE         65                        64      1       71

PRECIPITATION (IN)
  TODAY            0.00          0.93 1963   0.01  -0.01      T
  MONTH TO DATE    2.71                      0.38   2.33     0.37
  SINCE OCT 1     10.09                      9.57   0.52     6.30
  SINCE JAN 1      9.48                      6.74   2.74     2.70

SNOWFALL (IN)
  TODAY           MM
  MONTH TO DATE   MM
  SINCE JUN 1     MM
  SINCE JUL 1     MM
  SNOW DEPTH      MM

DEGREE DAYS
 HEATING
  TODAY            0                         3     -3        0
  MONTH TO DATE   22                        31     -9        0
  SINCE JUN 1    129                       187    -58      101
  SINCE JUL 1     25                        53    -28        0

 COOLING
  TODAY            0                         2     -2        6
  MONTH TO DATE  129                       129      0      210
  SINCE JUN 1    400                       336     64      574
  SINCE JAN 1    401                       342     59      584
..................................................................


WIND (MPH)
  HIGHEST WIND SPEED    22   HIGHEST WIND DIRECTION    SW (240)
  HIGHEST GUST SPEED    29   HIGHEST GUST DIRECTION     W (250)
  AVERAGE WIND SPEED     8.9


SKY COVER
  POSSIBLE SUNSHINE  MM
  AVERAGE SKY COVER 0.2


WEATHER CONDITIONS
 THE FOLLOWING WEATHER WAS RECORDED TODAY.
  NO SIGNIFICANT WEATHER WAS OBSERVED.


RELATIVE HUMIDITY (PERCENT)
 HIGHEST    77           200 AM
 LOWEST     33           300 PM
 AVERAGE    55

..........................................................


THE BURLEY ID CLIMATE NORMALS FOR TOMORROW
                         NORMAL    RECORD    YEAR
 MAXIMUM TEMPERATURE (F)   81        96      1995
 MINIMUM TEMPERATURE (F)   48        31      1965


SUNRISE AND SUNSET
AUGUST 30 2014........SUNRISE   658 AM MDT   SUNSET   812 PM MDT
AUGUST 31 2014........SUNRISE   659 AM MDT   SUNSET   811 PM MDT


-  INDICATES NEGATIVE NUMBERS.
R  INDICATES RECORD WAS SET OR TIED.
MM INDICATES DATA IS MISSING.
T  INDICATES TRACE AMOUNT.




$$
