000
CDUS45 KTFX 062330
CLIBZN


CLIMATE REPORT
NATIONAL WEATHER SERVICE GREAT FALLS MT
430 PM MST SAT FEB 6 2016


...................................

...THE BOZEMAN/GALLATIN FIELD MT CLIMATE SUMMARY FOR FEBRUARY 6 2016...
VALID TODAY AS OF 0400 PM LOCAL TIME.

CLIMATE NORMAL PERIOD 1981 TO 2010
CLIMATE RECORD PERIOD 1935 TO 2016


WEATHER ITEM   OBSERVED TIME   RECORD YEAR NORMAL DEPARTURE LAST
                VALUE   (LST)  VALUE       VALUE  FROM      YEAR
                                                  NORMAL
..................................................................
TEMPERATURE (F)
 TODAY
  MAXIMUM         42   1113 AM  61    2015  38      4       61
  MINIMUM         17   1257 AM -34    2014  13      4       34
  AVERAGE         30                        25      5       48

PRECIPITATION (IN)
  TODAY            0.00          0.21 2010   0.01  -0.01     0.00
  MONTH TO DATE    T                         0.08  -0.08     0.04
  SINCE OCT 1      3.21                      2.94   0.27     2.19
  SINCE JAN 1      0.36                      0.56  -0.20     0.26

SNOWFALL (IN)
  TODAY            0.0           2.0  1973   0.1   -0.1      0.0
  MONTH TO DATE    T                         0.9   -0.9      0.4
  SINCE DEC 1     17.0                      10.9    6.1     13.3
  SINCE JUL 1     23.6                      18.3    5.3     28.9

DEGREE DAYS
 HEATING
  TODAY           35                        40     -5       17
  MONTH TO DATE  278                       240     38      183
  SINCE DEC 1   3029                      2881    148     2727
  SINCE JUL 1   4993                      4762    231     4854

 COOLING
  TODAY            0                         0      0        0
  MONTH TO DATE    0                         0      0        0
  SINCE DEC 1      0                         0      0        0
  SINCE JAN 1      0                         0      0        0
..................................................................


WIND (MPH)
  HIGHEST WIND SPEED    28   HIGHEST WIND DIRECTION     W (290)
  HIGHEST GUST SPEED    36   HIGHEST GUST DIRECTION     W (290)
  AVERAGE WIND SPEED    14.8


SKY COVER
  AVERAGE SKY COVER 0.4


WEATHER CONDITIONS
 THE FOLLOWING WEATHER WAS RECORDED TODAY.
  NO SIGNIFICANT WEATHER WAS OBSERVED.


RELATIVE HUMIDITY (PERCENT)
 HIGHEST    80          1200 AM
 LOWEST     43          1100 AM
 AVERAGE    62

..........................................................


THE BOZEMAN/GALLATIN FIELD MT CLIMATE NORMALS FOR TOMORROW
                         NORMAL    RECORD    YEAR
 MAXIMUM TEMPERATURE (F)   38        57      2015
 MINIMUM TEMPERATURE (F)   13       -46      1936


SUNRISE AND SUNSET
FEBRUARY  6 2016......SUNRISE   740 AM MST   SUNSET   537 PM MST
FEBRUARY  7 2016......SUNRISE   739 AM MST   SUNSET   539 PM MST


-  INDICATES NEGATIVE NUMBERS.
R  INDICATES RECORD WAS SET OR TIED.
MM INDICATES DATA IS MISSING.
T  INDICATES TRACE AMOUNT.




$$
