000
CDUS45 KTFX 040740
CLIBZN


CLIMATE REPORT
NATIONAL WEATHER SERVICE GREAT FALLS MT
139 AM MDT WED MAY 4 2016


...................................

...THE BOZEMAN/GALLATIN FIELD MT CLIMATE SUMMARY FOR MAY 3 2016...

CLIMATE NORMAL PERIOD 1981 TO 2010
CLIMATE RECORD PERIOD 1935 TO 2016


WEATHER ITEM   OBSERVED TIME   RECORD YEAR NORMAL DEPARTURE LAST
                VALUE   (LST)  VALUE       VALUE  FROM      YEAR
                                                  NORMAL
..................................................................
TEMPERATURE (F)
 YESTERDAY
  MAXIMUM         77    604 PM  80    1985  65     12       64
  MINIMUM         32    548 AM  19    2001  35     -3       38
  AVERAGE         55                        50      5       51

PRECIPITATION (IN)
  YESTERDAY        0.00          0.80 1964   0.06  -0.06     0.00
  MONTH TO DATE    0.00                      0.19  -0.19     0.00
  SINCE OCT 1      5.24                      6.02  -0.78     4.56
  SINCE JAN 1      2.39                      3.64  -1.25     2.63

SNOWFALL (IN)
  YESTERDAY        0.0           7.0  1964   0.1   -0.1      0.0
  MONTH TO DATE    0.0                       0.4   -0.4      0.0
  SINCE MAR 1      2.1                      15.6  -13.5      7.0
  SINCE JUL 1     25.7                      37.9  -12.2     37.4
  SNOW DEPTH       0

DEGREE DAYS
 HEATING
  YESTERDAY       10                        15     -5       14
  MONTH TO DATE   45                        46     -1       38
  SINCE MAR 1   1419                      1527   -108     1480
  SINCE JUL 1   7104                      7107     -3     7062

 COOLING
  YESTERDAY        0                         0      0        0
  MONTH TO DATE    0                         0      0        0
  SINCE MAR 1      0                         0      0        0
  SINCE JAN 1      0                         0      0        0
..................................................................


WIND (MPH)
  HIGHEST WIND SPEED    16   HIGHEST WIND DIRECTION     S (170)
  HIGHEST GUST SPEED    19   HIGHEST GUST DIRECTION     S (170)
  AVERAGE WIND SPEED     5.4


SKY COVER
  AVERAGE SKY COVER 0.0


WEATHER CONDITIONS
 THE FOLLOWING WEATHER WAS RECORDED YESTERDAY.
  NO SIGNIFICANT WEATHER WAS OBSERVED.


RELATIVE HUMIDITY (PERCENT)
 HIGHEST    82
 LOWEST     15
 AVERAGE    49

..........................................................


THE BOZEMAN/GALLATIN FIELD MT CLIMATE NORMALS FOR TODAY
                         NORMAL    RECORD    YEAR
 MAXIMUM TEMPERATURE (F)   65        84      1966
 MINIMUM TEMPERATURE (F)   36        21      2002
                                             1967


SUNRISE AND SUNSET
MAY  4 2016...........SUNRISE   607 AM MDT   SUNSET   837 PM MDT
MAY  5 2016...........SUNRISE   605 AM MDT   SUNSET   838 PM MDT


-  INDICATES NEGATIVE NUMBERS.
R  INDICATES RECORD WAS SET OR TIED.
MM INDICATES DATA IS MISSING.
T  INDICATES TRACE AMOUNT.




$$
