000
CDUS45 KTFX 240736
CLIBZN


CLIMATE REPORT
NATIONAL WEATHER SERVICE GREAT FALLS MT
1235 AM MST SAT FEB 24 2018


...................................

...THE BOZEMAN/GALLATIN FIELD MT CLIMATE SUMMARY FOR FEBRUARY 23 2018...

CLIMATE NORMAL PERIOD 1981 TO 2010
CLIMATE RECORD PERIOD 1935 TO 2018


WEATHER ITEM   OBSERVED TIME   RECORD YEAR NORMAL DEPARTURE LAST
                VALUE   (LST)  VALUE       VALUE  FROM      YEAR
                                                  NORMAL
..................................................................
TEMPERATURE (F)
 YESTERDAY
  MAXIMUM         18    332 PM  61    2009  42    -24       51
  MINIMUM         -4    603 AM -28    1942  17    -21       24
  AVERAGE          7                        29    -22       38

PRECIPITATION (IN)
  YESTERDAY        T             0.18 1947   0.02  -0.02      T
                                      1947
                                      2007
  MONTH TO DATE    0.47                      0.34   0.13     0.24
  SINCE OCT 1      4.44                      3.20   1.24     3.87
  SINCE JAN 1      1.46                      0.82   0.64     0.54

SNOWFALL (IN)
  YESTERDAY        T             4.0  1967   0.2   -0.2      0.1
  MONTH TO DATE    7.9                       3.9    4.0      7.1
  SINCE DEC 1     34.5                      13.9   20.6     33.8
  SINCE JUL 1     50.7                      21.3   29.4     37.7
  SNOW DEPTH       6

DEGREE DAYS
 HEATING
  YESTERDAY       58                        36     22       27
  MONTH TO DATE 1147                       884    263      904
  SINCE DEC 1   3962                      3525    437     4209
  SINCE JUL 1   6093                      5406    687     5986

 COOLING
  YESTERDAY        0                         0      0        0
  MONTH TO DATE    0                         0      0        0
  SINCE DEC 1      0                         0      0        0
  SINCE JAN 1      0                         0      0        0
..................................................................


WIND (MPH)
  HIGHEST WIND SPEED     8   HIGHEST WIND DIRECTION    SE (140)
  HIGHEST GUST SPEED     8   HIGHEST GUST DIRECTION    SE (130)
  AVERAGE WIND SPEED     3.2


SKY COVER
  AVERAGE SKY COVER 0.5


WEATHER CONDITIONS
 THE FOLLOWING WEATHER WAS RECORDED YESTERDAY.
  LIGHT SNOW
  FOG


RELATIVE HUMIDITY (PERCENT)
 HIGHEST    87
 LOWEST     61
 AVERAGE    74

..........................................................


THE BOZEMAN/GALLATIN FIELD MT CLIMATE NORMALS FOR TODAY
                         NORMAL    RECORD    YEAR
 MAXIMUM TEMPERATURE (F)   42        66      1995
 MINIMUM TEMPERATURE (F)   17       -35      2003


SUNRISE AND SUNSET
FEBRUARY 24 2018......SUNRISE   712 AM MST   SUNSET   604 PM MST
FEBRUARY 25 2018......SUNRISE   710 AM MST   SUNSET   606 PM MST


-  INDICATES NEGATIVE NUMBERS.
R  INDICATES RECORD WAS SET OR TIED.
MM INDICATES DATA IS MISSING.
T  INDICATES TRACE AMOUNT.




$$
