000
CDUS42 KCAE 252143
CLICAE


CLIMATE REPORT
NATIONAL WEATHER SERVICE COLUMBIA SC
537 PM EDT TUE APR 25 2017


...................................

...THE COLUMBIA METRO AIRPORT SC CLIMATE SUMMARY FOR APRIL 25 2017...
VALID TODAY AS OF 0500 PM LOCAL TIME.

CLIMATE NORMAL PERIOD 1981 TO 2010
CLIMATE RECORD PERIOD 1887 TO 2017


WEATHER ITEM   OBSERVED TIME   RECORD YEAR NORMAL DEPARTURE LAST
                VALUE   (LST)  VALUE       VALUE  FROM      YEAR
                                                  NORMAL
..................................................................
TEMPERATURE (F)
 TODAY
  MAXIMUM         75    413 PM  93    1960  79     -4       85
  MINIMUM         57    653 AM  35    1974  53      4       58
  AVERAGE         66                        66      0       72

PRECIPITATION (IN)
  TODAY            0.01          2.48 1979   0.08  -0.07     0.00
  MONTH TO DATE    6.09                      2.18   3.91     2.80
  SINCE MAR 1      8.47                      5.91   2.56     4.68
  SINCE JAN 1     17.11                     13.10   4.01    11.31

SNOWFALL (IN)
  TODAY            0.0          MM      MM   0.0             0.0
  MONTH TO DATE    0.0                       0.0             0.0
  SINCE MAR 1      T                         0.1             0.0
  SINCE JUL 1      0.1                       1.5              T

DEGREE DAYS
 HEATING
  TODAY            0                         3     -3        0
  MONTH TO DATE   38                       112    -74       75
  SINCE MAR 1    312                       422   -110      222
  SINCE JUL 1   1653                      2521   -868     1785

 COOLING
  TODAY            1                         3     -2        7
  MONTH TO DATE  114                        54     60       50
  SINCE MAR 1    163                        72     91      123
  SINCE JAN 1    181                        76    105      127
..................................................................


WIND (MPH)
  HIGHEST WIND SPEED    17   HIGHEST WIND DIRECTION    NW (320)
  HIGHEST GUST SPEED    21   HIGHEST GUST DIRECTION    NW (310)
  AVERAGE WIND SPEED     8.7


SKY COVER
  AVERAGE SKY COVER 0.9


WEATHER CONDITIONS
 THE FOLLOWING WEATHER WAS RECORDED TODAY.
  LIGHT RAIN
  FOG


RELATIVE HUMIDITY (PERCENT)
 HIGHEST    93          1200 AM
 LOWEST     53           300 PM
 AVERAGE    73

..........................................................


THE COLUMBIA METRO AIRPORT SC CLIMATE NORMALS FOR TOMORROW
                         NORMAL    RECORD    YEAR
 MAXIMUM TEMPERATURE (F)   79        93      1990
 MINIMUM TEMPERATURE (F)   53        34      1910


SUNRISE AND SUNSET
APRIL 25 2017.........SUNRISE   642 AM EDT   SUNSET   804 PM EDT
APRIL 26 2017.........SUNRISE   640 AM EDT   SUNSET   804 PM EDT


-  INDICATES NEGATIVE NUMBERS.
R  INDICATES RECORD WAS SET OR TIED.
MM INDICATES DATA IS MISSING.
T  INDICATES TRACE AMOUNT.




$$
