000
CDUS42 KCAE 240649
CLICAE


CLIMATE REPORT
NATIONAL WEATHER SERVICE COLUMBIA SC
148 AM EST SAT FEB 24 2018


...................................

...THE COLUMBIA METRO AIRPORT SC CLIMATE SUMMARY FOR FEBRUARY 23 2018...

CLIMATE NORMAL PERIOD 1981 TO 2010
CLIMATE RECORD PERIOD 1887 TO 2018


WEATHER ITEM   OBSERVED TIME   RECORD YEAR NORMAL DEPARTURE LAST
                VALUE   (LST)  VALUE       VALUE  FROM      YEAR
                                                  NORMAL
..................................................................
TEMPERATURE (F)
 YESTERDAY
  MAXIMUM         82R   304 PM  82    1962  62     20       78
  MINIMUM         55    733 AM  19    1978  38     17       54
  AVERAGE         69                        50     19       66

PRECIPITATION (IN)
  YESTERDAY        0.00          1.97 1994   0.14  -0.14     0.00
  MONTH TO DATE    1.24                      2.95  -1.71     1.60
  SINCE DEC 1      6.95                      9.75  -2.80    11.99
  SINCE JAN 1      3.66                      6.53  -2.87     8.64

SNOWFALL (IN)
  YESTERDAY        0.0           3.7  1989   0.0             0.0
  MONTH TO DATE    0.0                       0.4             0.0
  SINCE DEC 1      T                         1.3             0.1
  SINCE JUL 1      T                         1.3             0.1

DEGREE DAYS
 HEATING
  YESTERDAY        0                        15    -15        0
  MONTH TO DATE  172                       393   -221      198
  SINCE DEC 1   1321                      1588   -267     1012
  SINCE JUL 1   1699                      2029   -330     1314

 COOLING
  YESTERDAY        4                         0      4        1
  MONTH TO DATE   46                         0     46        8
  SINCE DEC 1     48                         4     44       15
  SINCE JAN 1     48                         1     47       12
..................................................................


WIND (MPH)
  HIGHEST WIND SPEED    12   HIGHEST WIND DIRECTION    SE (140)
  HIGHEST GUST SPEED    14   HIGHEST GUST DIRECTION    SE (140)
  AVERAGE WIND SPEED     2.8


SKY COVER
  AVERAGE SKY COVER 0.4


WEATHER CONDITIONS
 THE FOLLOWING WEATHER WAS RECORDED YESTERDAY.
  FOG
  HAZE


RELATIVE HUMIDITY (PERCENT)
 HIGHEST   100           300 AM
 LOWEST     45           300 PM
 AVERAGE    73

..........................................................


THE COLUMBIA METRO AIRPORT SC CLIMATE NORMALS FOR TODAY
                         NORMAL    RECORD    YEAR
 MAXIMUM TEMPERATURE (F)   63        82      2017
 MINIMUM TEMPERATURE (F)   38        19      1901


SUNRISE AND SUNSET
FEBRUARY 24 2018......SUNRISE   659 AM EST   SUNSET   617 PM EST
FEBRUARY 25 2018......SUNRISE   658 AM EST   SUNSET   617 PM EST


-  INDICATES NEGATIVE NUMBERS.
R  INDICATES RECORD WAS SET OR TIED.
MM INDICATES DATA IS MISSING.
T  INDICATES TRACE AMOUNT.




$$
