000
CDUS42 KCAE 260632
CLICAE


CLIMATE REPORT
NATIONAL WEATHER SERVICE COLUMBIA SC
131 AM EST FRI DEC 26 2014


...................................

...THE COLUMBIA METRO AIRPORT SC CLIMATE SUMMARY FOR DECEMBER 25 2014...

CLIMATE NORMAL PERIOD 1981 TO 2010
CLIMATE RECORD PERIOD 1887 TO 2014


WEATHER ITEM   OBSERVED TIME   RECORD YEAR NORMAL DEPARTURE LAST
                VALUE   (LST)  VALUE       VALUE  FROM      YEAR
                                                  NORMAL
..................................................................
TEMPERATURE (F)
 YESTERDAY
  MAXIMUM         60    325 PM  79    1955  56      4       47
  MINIMUM         36   1159 PM   7    1983  34      2       30
  AVERAGE         48                        45      3       39

PRECIPITATION (IN)
  YESTERDAY        T             3.06 2009   0.11  -0.11     0.00
  MONTH TO DATE    3.51                      2.58   0.93     4.15
  SINCE DEC 1      3.51                      2.58   0.93     4.15
  SINCE JAN 1     41.82                     43.95  -2.13    53.74

SNOWFALL (IN)
  YESTERDAY        0.0          MM      MM   0.1             0.0
  MONTH TO DATE    0.0                       0.1             0.0
  SINCE DEC 1      0.0                       0.1             0.0
  SINCE JUL 1      T                         0.1              T

DEGREE DAYS
 HEATING
  YESTERDAY       17                        20     -3       26
  MONTH TO DATE  369                       447    -78      317
  SINCE DEC 1    369                       447    -78      317
  SINCE JUL 1    874                       888    -14      764

 COOLING
  YESTERDAY        0                         0      0        0
  MONTH TO DATE    0                         0      0       14
  SINCE DEC 1      0                         0      0       14
  SINCE JAN 1   2535                      2167    368     2186
..................................................................


WIND (MPH)
  HIGHEST WIND SPEED    23   HIGHEST WIND DIRECTION     W (250)
  HIGHEST GUST SPEED    27   HIGHEST GUST DIRECTION     W (280)
  AVERAGE WIND SPEED     8.9


SKY COVER
  AVERAGE SKY COVER 0.3


WEATHER CONDITIONS
 THE FOLLOWING WEATHER WAS RECORDED YESTERDAY.
  LIGHT RAIN


RELATIVE HUMIDITY (PERCENT)
 HIGHEST    86           900 PM
 LOWEST     44           400 PM
 AVERAGE    65

..........................................................


THE COLUMBIA METRO AIRPORT SC CLIMATE NORMALS FOR TODAY
                         NORMAL    RECORD    YEAR
 MAXIMUM TEMPERATURE (F)   56        77      1964
 MINIMUM TEMPERATURE (F)   34         6      1983


SUNRISE AND SUNSET
DECEMBER 26 2014......SUNRISE   728 AM EST   SUNSET   522 PM EST
DECEMBER 27 2014......SUNRISE   728 AM EST   SUNSET   523 PM EST


-  INDICATES NEGATIVE NUMBERS.
R  INDICATES RECORD WAS SET OR TIED.
MM INDICATES DATA IS MISSING.
T  INDICATES TRACE AMOUNT.




$$
