000
CDUS42 KCAE 070643
CLICAE


CLIMATE REPORT
NATIONAL WEATHER SERVICE COLUMBIA SC
242 AM EDT TUE JUL 7 2015


...................................

...THE COLUMBIA METRO AIRPORT SC CLIMATE SUMMARY FOR JULY 6 2015...

CLIMATE NORMAL PERIOD 1981 TO 2010
CLIMATE RECORD PERIOD 1887 TO 2015


WEATHER ITEM   OBSERVED TIME   RECORD YEAR NORMAL DEPARTURE LAST
                VALUE   (LST)  VALUE       VALUE  FROM      YEAR
                                                  NORMAL
..................................................................
TEMPERATURE (F)
 YESTERDAY
  MAXIMUM         91    321 PM 104    1990  93     -2       90
  MINIMUM         72    138 AM  59    1964  71      1       69
  AVERAGE         82                        82      0       80

PRECIPITATION (IN)
  YESTERDAY        0.00          4.16 1898   0.16  -0.16     0.00
  MONTH TO DATE    1.33                      0.94   0.39     0.10
  SINCE JUN 1     10.12                      5.63   4.49     1.51
  SINCE JAN 1     26.00                     22.14   3.86    20.47

SNOWFALL (IN)
  YESTERDAY        0.0          MM    2002   0.0             0.0
                                      2001
  MONTH TO DATE    0.0                       0.0             0.0
  SINCE JUN 1      0.0                       0.0             0.0
  SINCE JUL 1      0.0                       0.0             0.0

DEGREE DAYS
 HEATING
  YESTERDAY        0                         0      0        0
  MONTH TO DATE    0                         0      0        0
  SINCE JUN 1      0                         1     -1        0
  SINCE JUL 1      0                         0      0        0

 COOLING
  YESTERDAY       17                        17      0       15
  MONTH TO DATE   95                       102     -7      110
  SINCE JUN 1    632                       526    106      630
  SINCE JAN 1   1053                       847    206     1044
..................................................................


WIND (MPH)
  HIGHEST WIND SPEED    10   HIGHEST WIND DIRECTION    SW (210)
  HIGHEST GUST SPEED    15   HIGHEST GUST DIRECTION    SW (220)
  AVERAGE WIND SPEED     5.1


SKY COVER
  AVERAGE SKY COVER 0.5


WEATHER CONDITIONS
 THE FOLLOWING WEATHER WAS RECORDED YESTERDAY.
  FOG


RELATIVE HUMIDITY (PERCENT)
 HIGHEST    93          1200 AM
 LOWEST     47           300 PM
 AVERAGE    70

..........................................................


THE COLUMBIA METRO AIRPORT SC CLIMATE NORMALS FOR TODAY
                         NORMAL    RECORD    YEAR
 MAXIMUM TEMPERATURE (F)   93       104      1954
 MINIMUM TEMPERATURE (F)   71        54      1951


SUNRISE AND SUNSET
JULY  7 2015..........SUNRISE   620 AM EDT   SUNSET   839 PM EDT
JULY  8 2015..........SUNRISE   620 AM EDT   SUNSET   839 PM EDT


-  INDICATES NEGATIVE NUMBERS.
R  INDICATES RECORD WAS SET OR TIED.
MM INDICATES DATA IS MISSING.
T  INDICATES TRACE AMOUNT.




$$
