000
CDUS42 KCAE 252119
CLICAE


CLIMATE REPORT
NATIONAL WEATHER SERVICE COLUMBIA SC
517 PM EDT SAT OCT 25 2014


...................................

...THE COLUMBIA METRO AIRPORT SC CLIMATE SUMMARY FOR OCTOBER 25 2014...
VALID TODAY AS OF 0500 PM LOCAL TIME.

CLIMATE NORMAL PERIOD 1981 TO 2010
CLIMATE RECORD PERIOD 1887 TO 2014


WEATHER ITEM   OBSERVED TIME   RECORD YEAR NORMAL DEPARTURE LAST
                VALUE   (LST)  VALUE       VALUE  FROM      YEAR
                                                  NORMAL
..................................................................
TEMPERATURE (F)
 TODAY
  MAXIMUM         75    400 PM  88    1931  74      1       61
  MINIMUM         40    549 AM  30    1962  49     -9       36
  AVERAGE         58                        61     -3       49

PRECIPITATION (IN)
  TODAY            0.00          2.75 1977   0.08  -0.08     0.00
  MONTH TO DATE    3.04                      2.64   0.40     1.98
  SINCE SEP 1      5.85                      6.18  -0.33     4.02
  SINCE JAN 1     33.93                     38.10  -4.17    47.53

SNOWFALL (IN)
  TODAY            0.0          MM      MM   0.0             0.0
  MONTH TO DATE    0.0                       0.0             0.0
  SINCE SEP 1      0.0                       0.0             0.0
  SINCE JUL 1      0.0                       0.0             0.0

DEGREE DAYS
 HEATING
  TODAY            7                         5      2       16
  MONTH TO DATE   53                        75    -22       43
  SINCE SEP 1     57                        83    -26       43
  SINCE JUL 1     57                        83    -26       43

 COOLING
  TODAY            0                         1     -1        0
  MONTH TO DATE  115                        79     36      117
  SINCE SEP 1    477                       378     99      462
  SINCE JAN 1   2511                      2146    365     2155
..................................................................


WIND (MPH)
  HIGHEST WIND SPEED    10   HIGHEST WIND DIRECTION    NW (300)
  HIGHEST GUST SPEED    13   HIGHEST GUST DIRECTION    NW (310)
  AVERAGE WIND SPEED     2.9


SKY COVER
  AVERAGE SKY COVER 0.1


WEATHER CONDITIONS
 THE FOLLOWING WEATHER WAS RECORDED TODAY.
  FOG
  HAZE


RELATIVE HUMIDITY (PERCENT)
 HIGHEST    93           600 AM
 LOWEST     25           300 PM
 AVERAGE    59

..........................................................


THE COLUMBIA METRO AIRPORT SC CLIMATE NORMALS FOR TOMORROW
                         NORMAL    RECORD    YEAR
 MAXIMUM TEMPERATURE (F)   73        87      1974
 MINIMUM TEMPERATURE (F)   48        29      1962


SUNRISE AND SUNSET
OCTOBER 25 2014.......SUNRISE   738 AM EDT   SUNSET   639 PM EDT
OCTOBER 26 2014.......SUNRISE   739 AM EDT   SUNSET   638 PM EDT


-  INDICATES NEGATIVE NUMBERS.
R  INDICATES RECORD WAS SET OR TIED.
MM INDICATES DATA IS MISSING.
T  INDICATES TRACE AMOUNT.




$$
