000
CDUS45 KGJT 072331
CLICAG


CLIMATE REPORT
NATIONAL WEATHER SERVICE GRAND JUNCTION CO
526 PM MDT TUE JUL 7 2015


...................................

...THE CRAIG CO CLIMATE SUMMARY FOR JULY 7 2015...
VALID TODAY AS OF 0500 PM LOCAL TIME.

CLIMATE NORMAL PERIOD 1981 TO 2010
CLIMATE RECORD PERIOD 9999 TO 9999


WEATHER ITEM   OBSERVED TIME   RECORD YEAR NORMAL DEPARTURE LAST
                VALUE   (LST)  VALUE       VALUE  FROM      YEAR
                                                  NORMAL
..................................................................
TEMPERATURE (F)
 TODAY
  MAXIMUM         82    209 PM  MM      MM  86     -4       96
  MINIMUM         51    408 AM  MM      MM  45      6       38
  AVERAGE         67                        66      1       67

PRECIPITATION (IN)
  TODAY            T            MM      MM   0.03  -0.03     0.00
  MONTH TO DATE    0.87                      0.30   0.57     0.01
  SINCE JUN 1      1.09                      1.62  -0.53     0.21
  SINCE JAN 1      8.31                      7.81   0.50     4.53

SNOWFALL (IN)
  TODAY           MM            MM      MM  MM     MM       MM
  MONTH TO DATE   MM                        MM     MM       MM
  SINCE JUN 1     MM                        MM     MM       MM
  SINCE JUL 1     MM                        MM     MM       MM
  SNOW DEPTH      MM

DEGREE DAYS
 HEATING
  TODAY            0                         1     -1        0
  MONTH TO DATE    1                        11    -10        9
  SINCE JUN 1     74                       186   -112      195
  SINCE JUL 1      1                        11    -10        9

 COOLING
  TODAY            2                         2      0        2
  MONTH TO DATE   31                        10     21       10
  SINCE JUN 1     88                        20     68       15
  SINCE JAN 1     88                        20     68       15
..................................................................


WIND (MPH)
  HIGHEST WIND SPEED    23   HIGHEST WIND DIRECTION     W (270)
  HIGHEST GUST SPEED    31   HIGHEST GUST DIRECTION     W (270)
  AVERAGE WIND SPEED     2.5


SKY COVER
  POSSIBLE SUNSHINE  MM
  AVERAGE SKY COVER 1.0


WEATHER CONDITIONS
 THE FOLLOWING WEATHER WAS RECORDED TODAY.
  THUNDERSTORM
  LIGHT RAIN
  FOG W/VISIBILITY <= 1/4 MILE


RELATIVE HUMIDITY (PERCENT)
 HIGHEST    72           900 AM
 LOWEST     49           100 PM
 AVERAGE    61

..........................................................


THE CRAIG CO CLIMATE NORMALS FOR TOMORROW
                         NORMAL    RECORD    YEAR
 MAXIMUM TEMPERATURE (F)   87        MM        MM
 MINIMUM TEMPERATURE (F)   45        MM        MM


SUNRISE AND SUNSET
JULY  7 2015..........SUNRISE   547 AM MDT   SUNSET   843 PM MDT
JULY  8 2015..........SUNRISE   547 AM MDT   SUNSET   843 PM MDT


-  INDICATES NEGATIVE NUMBERS.
R  INDICATES RECORD WAS SET OR TIED.
MM INDICATES DATA IS MISSING.
T  INDICATES TRACE AMOUNT.




$$
