000
CDUS45 KGJT 232334
CLICAG


CLIMATE REPORT
NATIONAL WEATHER SERVICE GRAND JUNCTION CO
532 PM MDT WED AUG 23 2017


...................................

...THE CRAIG CO CLIMATE SUMMARY FOR AUGUST 23 2017...
VALID TODAY AS OF 0500 PM LOCAL TIME.

CLIMATE NORMAL PERIOD 1981 TO 2010
CLIMATE RECORD PERIOD 9999 TO 9999


WEATHER ITEM   OBSERVED TIME   RECORD YEAR NORMAL DEPARTURE LAST
                VALUE   (LST)  VALUE       VALUE  FROM      YEAR
                                                  NORMAL
..................................................................
TEMPERATURE (F)
 TODAY
  MAXIMUM         84   1251 PM  MM      MM  82      2       82
  MINIMUM         48    105 AM  MM      MM  45      3       41
  AVERAGE         66                        64      2       62

PRECIPITATION (IN)
  TODAY            T            MM      MM   0.04  -0.04     0.03
  MONTH TO DATE    0.49                      0.96  -0.47     0.55
  SINCE JUN 1      2.04                      3.44  -1.40     1.52
  SINCE JAN 1      9.83                      9.63   0.20     7.90

SNOWFALL (IN)
  TODAY           MM            MM      MM  MM     MM       MM
  MONTH TO DATE   MM                        MM     MM       MM
  SINCE JUN 1     MM                        MM     MM       MM
  SINCE JUL 1     MM                        MM     MM       MM
  SNOW DEPTH      MM

DEGREE DAYS
 HEATING
  TODAY            0                         2     -2        3
  MONTH TO DATE   11                        27    -16       24
  SINCE JUN 1    105                       227   -122       97
  SINCE JUL 1     14                        52    -38       38

 COOLING
  TODAY            1                         1      0        0
  MONTH TO DATE   38                        49    -11       43
  SINCE JUN 1    256                       138    118      190
  SINCE JAN 1    256                       138    118      190
..................................................................


WIND (MPH)
  HIGHEST WIND SPEED    26   HIGHEST WIND DIRECTION    SW (230)
  HIGHEST GUST SPEED    33   HIGHEST GUST DIRECTION    SW (230)
  AVERAGE WIND SPEED     4.4


SKY COVER
  POSSIBLE SUNSHINE  MM
  AVERAGE SKY COVER 0.2


WEATHER CONDITIONS
 THE FOLLOWING WEATHER WAS RECORDED TODAY.
  THUNDERSTORM
  LIGHT RAIN


RELATIVE HUMIDITY (PERCENT)
 HIGHEST    71           200 AM
 LOWEST     18           100 PM
 AVERAGE    45

..........................................................


THE CRAIG CO CLIMATE NORMALS FOR TOMORROW
                         NORMAL    RECORD    YEAR
 MAXIMUM TEMPERATURE (F)   82        MM        MM
 MINIMUM TEMPERATURE (F)   44        MM        MM


SUNRISE AND SUNSET
AUGUST 23 2017........SUNRISE   629 AM MDT   SUNSET   756 PM MDT
AUGUST 24 2017........SUNRISE   630 AM MDT   SUNSET   754 PM MDT


-  INDICATES NEGATIVE NUMBERS.
R  INDICATES RECORD WAS SET OR TIED.
MM INDICATES DATA IS MISSING.
T  INDICATES TRACE AMOUNT.




$$
