000
CDUS41 KCLE 010545
CLICAK


CLIMATE REPORT
NATIONAL WEATHER SERVICE CLEVELAND OH
145 AM EDT WED OCT 1 2014


...................................

...THE AKRON CANTON OH CLIMATE SUMMARY FOR SEPTEMBER 30 2014...

CLIMATE NORMAL PERIOD 1981 TO 2010
CLIMATE RECORD PERIOD 1887 TO 2014


WEATHER ITEM   OBSERVED TIME   RECORD YEAR NORMAL DEPARTURE LAST
                VALUE   (LST)  VALUE       VALUE  FROM      YEAR
                                                  NORMAL
..................................................................
TEMPERATURE (F)
 YESTERDAY
  MAXIMUM         68    128 PM  90    1953  67      1       66
  MINIMUM         51   1130 PM  32    1899  48      3       58
  AVERAGE         60                        57      3       62

PRECIPITATION (IN)
  YESTERDAY        0.32                      0.11   0.21      T
  MONTH TO DATE    1.20                      3.45  -2.25     2.90
  SINCE SEP 1      1.20                      3.45  -2.25     2.90
  SINCE JAN 1     36.99                     30.65   6.34    29.97

SNOWFALL (IN)
  YESTERDAY        0.0                       0.0    0.0      0.0
  MONTH TO DATE    0.0                       0.0    0.0      0.0
  SINCE SEP 1      0.0                       0.0    0.0      0.0
  SINCE JUL 1      0.0                       0.0    0.0      0.0
  SNOW DEPTH       0

DEGREE DAYS
 HEATING
  YESTERDAY        5                         8     -3        3
  MONTH TO DATE   87                       118    -31      102
  SINCE SEP 1     87                       119    -32      102
  SINCE JUL 1    103                       139    -36      115

 COOLING
  YESTERDAY        0                         1     -1        0
  MONTH TO DATE   79                        64     15       77
  SINCE SEP 1     79                        64     15       77
  SINCE JAN 1    715                       646     69      801
..................................................................


WIND (MPH)
  HIGHEST WIND SPEED    14   HIGHEST WIND DIRECTION     N (340)
  HIGHEST GUST SPEED    21   HIGHEST GUST DIRECTION     S (190)
  AVERAGE WIND SPEED     5.1


SKY COVER
  POSSIBLE SUNSHINE  MM
  AVERAGE SKY COVER 0.5


WEATHER CONDITIONS
 THE FOLLOWING WEATHER WAS RECORDED YESTERDAY.
  RAIN
  LIGHT RAIN
  FOG
  HAZE


RELATIVE HUMIDITY (PERCENT)
 HIGHEST    93           600 AM
 LOWEST     72           500 PM
 AVERAGE    83

..........................................................


THE AKRON CANTON OH CLIMATE NORMALS FOR TODAY
                         NORMAL    RECORD    YEAR
 MAXIMUM TEMPERATURE (F)   67        89      1927
 MINIMUM TEMPERATURE (F)   47        29      1899


SUNRISE AND SUNSET
OCTOBER  1 2014.......SUNRISE   722 AM EDT   SUNSET   708 PM EDT
OCTOBER  2 2014.......SUNRISE   723 AM EDT   SUNSET   706 PM EDT


-  INDICATES NEGATIVE NUMBERS.
R  INDICATES RECORD WAS SET OR TIED.
MM INDICATES DATA IS MISSING.
T  INDICATES TRACE AMOUNT.




$$
