000
CDUS45 KABQ 190830
CLICAO


CLIMATE REPORT
NATIONAL WEATHER SERVICE ALBUQUERQUE NM
228 AM MDT THU OCT 19 2017


...................................

...THE CLAYTON  NM CLIMATE SUMMARY FOR OCTOBER 18 2017...

CLIMATE NORMAL PERIOD 1981 TO 2010
CLIMATE RECORD PERIOD 1896 TO 2017


WEATHER ITEM   OBSERVED TIME   RECORD YEAR NORMAL DEPARTURE
                VALUE   (LST)  VALUE       VALUE  FROM
                                                  NORMAL
...............................................................
TEMPERATURE (F)
 YESTERDAY
  MAXIMUM         82    223 PM  87    2009  68     14
  MINIMUM         42   1128 PM  23    1989  41      1
                                      1917
  AVERAGE         62                        54      8

PRECIPITATION (IN)
  YESTERDAY        0.00          0.57 1909   0.03  -0.03
  MONTH TO DATE    1.02                      0.69   0.33
  SINCE SEP 1      5.41                      2.36   3.05
  SINCE JAN 1     20.33                     14.56   5.77

SNOWFALL (IN)
  YESTERDAY        0.0
  MONTH TO DATE    T
  SINCE SEP 1      T
  SINCE JUL 1      T

DEGREE DAYS
 HEATING
  YESTERDAY        3                        11     -8
  MONTH TO DATE  126                       157    -31
  SINCE SEP 1    203                       235    -32
  SINCE JUL 1    207                       241    -34

 COOLING
  YESTERDAY        0                         0      0
  MONTH TO DATE    5                         6     -1
  SINCE SEP 1    117                       108      9
  SINCE JAN 1    827                       905    -78
...............................................................


WIND (MPH)
  HIGHEST WIND SPEED    13   HIGHEST WIND DIRECTION    NW (320)
  HIGHEST GUST SPEED    16   HIGHEST GUST DIRECTION    NE (60)
  AVERAGE WIND SPEED     7.7


SKY COVER
  AVERAGE SKY COVER 0.0


WEATHER CONDITIONS
 THE FOLLOWING WEATHER WAS RECORDED YESTERDAY.
  NO SIGNIFICANT WEATHER WAS OBSERVED.


RELATIVE HUMIDITY (PERCENT)
 HIGHEST    66          1000 PM
 LOWEST     11           300 PM
 AVERAGE    39

..........................................................


THE CLAYTON  NM CLIMATE NORMALS FOR TODAY
                         NORMAL    RECORD    YEAR
 MAXIMUM TEMPERATURE (F)   68        87      2003
 MINIMUM TEMPERATURE (F)   40        20      1916


SUNRISE AND SUNSET
OCTOBER 19 2017.......SUNRISE   704 AM MDT   SUNSET   611 PM MDT
OCTOBER 20 2017.......SUNRISE   705 AM MDT   SUNSET   610 PM MDT


-  INDICATES NEGATIVE NUMBERS.
R  INDICATES RECORD WAS SET OR TIED.
MM INDICATES DATA IS MISSING.
T  INDICATES TRACE AMOUNT.




$$
