000
CDUS45 KABQ 020833
CLICAO


CLIMATE REPORT
NATIONAL WEATHER SERVICE ALBUQUERQUE NM
230 AM MDT SUN AUG 2 2015


...................................

...THE CLAYTON  NM CLIMATE SUMMARY FOR AUGUST 1 2015...

CLIMATE NORMAL PERIOD 1981 TO 2010
CLIMATE RECORD PERIOD 1896 TO 2015


WEATHER ITEM   OBSERVED TIME   RECORD YEAR NORMAL DEPARTURE
                VALUE   (LST)  VALUE       VALUE  FROM
                                                  NORMAL
...............................................................
TEMPERATURE (F)
 YESTERDAY
  MAXIMUM         87    243 PM 101    1944  88     -1
  MINIMUM         64    533 AM  50    1971  61      3
  AVERAGE         76                        74      2

PRECIPITATION (IN)
  YESTERDAY        0.00          2.05 1898   0.10  -0.10
  MONTH TO DATE    0.00                      0.10  -0.10
  SINCE JUN 1      8.80                      4.89   3.91
  SINCE JAN 1     20.33                      9.36  10.97

SNOWFALL (IN)
  YESTERDAY        0.0
  MONTH TO DATE    0.0
  SINCE JUN 1      0.0
  SINCE JUL 1      0.0

DEGREE DAYS
 HEATING
  YESTERDAY        0                         0      0
  MONTH TO DATE    0                         0      0
  SINCE JUN 1      2                        25    -23
  SINCE JUL 1      0                         2     -2

 COOLING
  YESTERDAY       11                         9      2
  MONTH TO DATE   11                         9      2
  SINCE JUN 1    596                       495    101
  SINCE JAN 1    601                       546     55
...............................................................


WIND (MPH)
  HIGHEST WIND SPEED    18   HIGHEST WIND DIRECTION     S (200)
  HIGHEST GUST SPEED    22   HIGHEST GUST DIRECTION     S (190)
  AVERAGE WIND SPEED     9.2


SKY COVER
  AVERAGE SKY COVER 0.1


WEATHER CONDITIONS
 THE FOLLOWING WEATHER WAS RECORDED YESTERDAY.
  FOG
  FOG W/VISIBILITY <= 1/4 MILE


RELATIVE HUMIDITY (PERCENT)
 HIGHEST   100          1200 AM
 LOWEST     45           200 PM
 AVERAGE    73

..........................................................


THE CLAYTON  NM CLIMATE NORMALS FOR TODAY
                         NORMAL    RECORD    YEAR
 MAXIMUM TEMPERATURE (F)   87       100      1944
 MINIMUM TEMPERATURE (F)   61        46      1973


SUNRISE AND SUNSET
AUGUST  2 2015........SUNRISE   600 AM MDT   SUNSET   758 PM MDT
AUGUST  3 2015........SUNRISE   600 AM MDT   SUNSET   757 PM MDT


-  INDICATES NEGATIVE NUMBERS.
R  INDICATES RECORD WAS SET OR TIED.
MM INDICATES DATA IS MISSING.
T  INDICATES TRACE AMOUNT.

$$
