316
CDUS45 KABQ 270826
CLICAO


CLIMATE REPORT
NATIONAL WEATHER SERVICE ALBUQUERQUE NM
226 AM MDT FRI MAY 27 2016


...................................

...THE CLAYTON  NM CLIMATE SUMMARY FOR MAY 26 2016...

CLIMATE NORMAL PERIOD 1981 TO 2010
CLIMATE RECORD PERIOD 1896 TO 2016


WEATHER ITEM   OBSERVED TIME   RECORD YEAR NORMAL DEPARTURE
                VALUE   (LST)  VALUE       VALUE  FROM
                                                  NORMAL
...............................................................
TEMPERATURE (F)
 YESTERDAY
  MAXIMUM         83    215 PM  96    2006  78      5
  MINIMUM         49   1159 PM  35    1950  50     -1
                                      1917
  AVERAGE         66                        64      2

PRECIPITATION (IN)
  YESTERDAY        0.00          0.81 1944   0.08  -0.08
  MONTH TO DATE    0.82                      1.54  -0.72
  SINCE MAR 1      2.92                      3.43  -0.51
  SINCE JAN 1      3.36                      4.05  -0.69

SNOWFALL (IN)
  YESTERDAY        0.0
  MONTH TO DATE    0.5
  SINCE MAR 1      2.1
  SINCE JUL 1     25.5

DEGREE DAYS
 HEATING
  YESTERDAY        0                         3     -3
  MONTH TO DATE  171                       142     29
  SINCE MAR 1   1044                      1171   -127
  SINCE JUL 1   4294                      4848   -554

 COOLING
  YESTERDAY        1                         2     -1
  MONTH TO DATE   16                        33    -17
  SINCE MAR 1     16                        39    -23
  SINCE JAN 1     16                        39    -23
...............................................................


WIND (MPH)
  HIGHEST WIND SPEED    35   HIGHEST WIND DIRECTION     S (190)
  HIGHEST GUST SPEED    45   HIGHEST GUST DIRECTION     S (190)
  AVERAGE WIND SPEED    14.0


SKY COVER
  AVERAGE SKY COVER 0.0


WEATHER CONDITIONS
 THE FOLLOWING WEATHER WAS RECORDED YESTERDAY.
  NO SIGNIFICANT WEATHER WAS OBSERVED.


RELATIVE HUMIDITY (PERCENT)
 HIGHEST    54          1100 PM
 LOWEST      8           500 PM
 AVERAGE    31

..........................................................


THE CLAYTON  NM CLIMATE NORMALS FOR TODAY
                         NORMAL    RECORD    YEAR
 MAXIMUM TEMPERATURE (F)   79        99      1896
 MINIMUM TEMPERATURE (F)   51        32      1917


SUNRISE AND SUNSET
MAY 27 2016...........SUNRISE   538 AM MDT   SUNSET   802 PM MDT
MAY 28 2016...........SUNRISE   537 AM MDT   SUNSET   803 PM MDT


-  INDICATES NEGATIVE NUMBERS.
R  INDICATES RECORD WAS SET OR TIED.
MM INDICATES DATA IS MISSING.
T  INDICATES TRACE AMOUNT.




$$
