928
CDUS45 KABQ 230832
CLICAO


CLIMATE REPORT
NATIONAL WEATHER SERVICE ALBUQUERQUE NM
232 AM MDT SUN APR 23 2017


...................................

...THE CLAYTON  NM CLIMATE SUMMARY FOR APRIL 22 2017...

CLIMATE NORMAL PERIOD 1981 TO 2010
CLIMATE RECORD PERIOD 1896 TO 2017


WEATHER ITEM   OBSERVED TIME   RECORD YEAR NORMAL DEPARTURE
                VALUE   (LST)  VALUE       VALUE  FROM
                                                  NORMAL
...............................................................
TEMPERATURE (F)
 YESTERDAY
  MAXIMUM         58    231 PM  91    1965  69    -11
  MINIMUM         38    548 AM  24    1920  40     -2
  AVERAGE         48                        54     -6

PRECIPITATION (IN)
  YESTERDAY        0.00          1.36 1926   0.04  -0.04
  MONTH TO DATE    1.21                      0.64   0.57
  SINCE MAR 1      2.01                      1.59   0.42
  SINCE JAN 1      3.39                      2.21   1.18

SNOWFALL (IN)
  YESTERDAY        0.0
  MONTH TO DATE    6.1
  SINCE MAR 1      6.2
  SINCE JUL 1     17.6

DEGREE DAYS
 HEATING
  YESTERDAY       17                        11      6
  MONTH TO DATE  225                       307    -82
  SINCE MAR 1    647                       951   -304
  SINCE JUL 1   3667                      4628   -961

 COOLING
  YESTERDAY        0                         0      0
  MONTH TO DATE   12                         0     12
  SINCE MAR 1     18                         1     17
  SINCE JAN 1     20                         1     19
...............................................................


WIND (MPH)
  HIGHEST WIND SPEED    20   HIGHEST WIND DIRECTION     N (20)
  HIGHEST GUST SPEED    27   HIGHEST GUST DIRECTION     N (20)
  AVERAGE WIND SPEED    10.1


SKY COVER
  AVERAGE SKY COVER 0.7


WEATHER CONDITIONS
 THE FOLLOWING WEATHER WAS RECORDED YESTERDAY.
  NO SIGNIFICANT WEATHER WAS OBSERVED.


RELATIVE HUMIDITY (PERCENT)
 HIGHEST    92          1200 AM
 LOWEST     35           300 PM
 AVERAGE    64

..........................................................


THE CLAYTON  NM CLIMATE NORMALS FOR TODAY
                         NORMAL    RECORD    YEAR
 MAXIMUM TEMPERATURE (F)   69        88      2006
                                             1989
 MINIMUM TEMPERATURE (F)   40        19      2013


SUNRISE AND SUNSET
APRIL 23 2017.........SUNRISE   608 AM MDT   SUNSET   734 PM MDT
APRIL 24 2017.........SUNRISE   607 AM MDT   SUNSET   735 PM MDT


-  INDICATES NEGATIVE NUMBERS.
R  INDICATES RECORD WAS SET OR TIED.
MM INDICATES DATA IS MISSING.
T  INDICATES TRACE AMOUNT.




$$
