000
CDUS45 KABQ 280825
CLICAO


CLIMATE REPORT
NATIONAL WEATHER SERVICE ALBUQUERQUE NM
125 AM MST FRI NOV 28 2014


...................................

...THE CLAYTON  NM CLIMATE SUMMARY FOR NOVEMBER 27 2014...

CLIMATE NORMAL PERIOD 1981 TO 2010
CLIMATE RECORD PERIOD 1896 TO 2014


WEATHER ITEM   OBSERVED TIME   RECORD YEAR NORMAL DEPARTURE
                VALUE   (LST)  VALUE       VALUE  FROM
                                                  NORMAL
...............................................................
TEMPERATURE (F)
 YESTERDAY
  MAXIMUM         68    118 PM  78    1949  52     16
  MINIMUM         29    201 AM -10    1976  25      4
  AVERAGE         49                        38     11

PRECIPITATION (IN)
  YESTERDAY        0.00          0.65 1923   0.01  -0.01
  MONTH TO DATE    0.57                      0.42   0.15
  SINCE SEP 1      4.36                      3.20   1.16
  SINCE JAN 1     12.89                     15.40  -2.51

SNOWFALL (IN)
  YESTERDAY        0.0
  MONTH TO DATE    2.6
  SINCE SEP 1      2.6
  SINCE JUL 1      2.6

DEGREE DAYS
 HEATING
  YESTERDAY       16                        26    -10
  MONTH TO DATE  660                       560    100
  SINCE SEP 1    921                       964    -43
  SINCE JUL 1    921                       970    -49

 COOLING
  YESTERDAY        0                         0      0
  MONTH TO DATE    0                         0      0
  SINCE SEP 1    126                       112     14
  SINCE JAN 1   1130                       909    221
...............................................................


WIND (MPH)
  HIGHEST WIND SPEED    21   HIGHEST WIND DIRECTION    SW (210)
  HIGHEST GUST SPEED    25   HIGHEST GUST DIRECTION    SW (210)
  AVERAGE WIND SPEED    12.4


SKY COVER
  AVERAGE SKY COVER 0.0


WEATHER CONDITIONS
 THE FOLLOWING WEATHER WAS RECORDED YESTERDAY.
  NO SIGNIFICANT WEATHER WAS OBSERVED.


RELATIVE HUMIDITY (PERCENT)
 HIGHEST    75           100 AM
 LOWEST     19           100 PM
 AVERAGE    47

..........................................................


THE CLAYTON  NM CLIMATE NORMALS FOR TODAY
                         NORMAL    RECORD    YEAR
 MAXIMUM TEMPERATURE (F)   51        80      1949
 MINIMUM TEMPERATURE (F)   25        -7      1976


SUNRISE AND SUNSET
NOVEMBER 28 2014......SUNRISE   643 AM MST   SUNSET   438 PM MST
NOVEMBER 29 2014......SUNRISE   644 AM MST   SUNSET   438 PM MST


-  INDICATES NEGATIVE NUMBERS.
R  INDICATES RECORD WAS SET OR TIED.
MM INDICATES DATA IS MISSING.
T  INDICATES TRACE AMOUNT.




$$
