000
CDUS45 KABQ 230842
CLICAO


CLIMATE REPORT
NATIONAL WEATHER SERVICE ALBUQUERQUE NM
240 AM MDT TUE MAY 23 2017


...................................

...THE CLAYTON  NM CLIMATE SUMMARY FOR MAY 22 2017...

CLIMATE NORMAL PERIOD 1981 TO 2010
CLIMATE RECORD PERIOD 1896 TO 2017


WEATHER ITEM   OBSERVED TIME   RECORD YEAR NORMAL DEPARTURE
                VALUE   (LST)  VALUE       VALUE  FROM
                                                  NORMAL
...............................................................
TEMPERATURE (F)
 YESTERDAY
  MAXIMUM         67    256 PM  93    2012  77    -10
  MINIMUM         42    419 AM  33    1938  49     -7
                                      1910
  AVERAGE         55                        63     -8

PRECIPITATION (IN)
  YESTERDAY        0.02          1.05 1941   0.07  -0.05
  MONTH TO DATE    2.07                      1.24   0.83
  SINCE MAR 1      6.20                      3.13   3.07
  SINCE JAN 1      7.58                      3.75   3.83

SNOWFALL (IN)
  YESTERDAY        0.0
  MONTH TO DATE    0.0
  SINCE MAR 1     13.9
  SINCE JUL 1     25.3

DEGREE DAYS
 HEATING
  YESTERDAY       10                         4      6
  MONTH TO DATE  176                       129     47
  SINCE MAR 1    955                      1158   -203
  SINCE JUL 1   3975                      4835   -860

 COOLING
  YESTERDAY        0                         2     -2
  MONTH TO DATE    8                        25    -17
  SINCE MAR 1     26                        31     -5
  SINCE JAN 1     28                        31     -3
...............................................................


WIND (MPH)
  HIGHEST WIND SPEED    28   HIGHEST WIND DIRECTION     N (350)
  HIGHEST GUST SPEED    38   HIGHEST GUST DIRECTION     N (360)
  AVERAGE WIND SPEED    11.1


SKY COVER
  AVERAGE SKY COVER 0.6


WEATHER CONDITIONS
 THE FOLLOWING WEATHER WAS RECORDED YESTERDAY.
  THUNDERSTORM
  HEAVY RAIN
  LIGHT RAIN
  FOG


RELATIVE HUMIDITY (PERCENT)
 HIGHEST   100           200 AM
 LOWEST     37           500 PM
 AVERAGE    69

..........................................................


THE CLAYTON  NM CLIMATE NORMALS FOR TODAY
                         NORMAL    RECORD    YEAR
 MAXIMUM TEMPERATURE (F)   78        96      2000
 MINIMUM TEMPERATURE (F)   50        36      1957


SUNRISE AND SUNSET
MAY 23 2017...........SUNRISE   540 AM MDT   SUNSET   759 PM MDT
MAY 24 2017...........SUNRISE   539 AM MDT   SUNSET   800 PM MDT


-  INDICATES NEGATIVE NUMBERS.
R  INDICATES RECORD WAS SET OR TIED.
MM INDICATES DATA IS MISSING.
T  INDICATES TRACE AMOUNT.




$$
