000
CDUS45 KABQ 230831
CLICAO


CLIMATE REPORT
NATIONAL WEATHER SERVICE ALBUQUERQUE NM
230 AM MDT THU MAR 23 2017


...................................

...THE CLAYTON  NM CLIMATE SUMMARY FOR MARCH 22 2017...

CLIMATE NORMAL PERIOD 1981 TO 2010
CLIMATE RECORD PERIOD 1896 TO 2017


WEATHER ITEM   OBSERVED TIME   RECORD YEAR NORMAL DEPARTURE
                VALUE   (LST)  VALUE       VALUE  FROM
                                                  NORMAL
...............................................................
TEMPERATURE (F)
 YESTERDAY
  MAXIMUM         71    224 PM  81    2016  60     11
  MINIMUM         34    439 AM  12    1955  31      3
  AVERAGE         53                        46      7

PRECIPITATION (IN)
  YESTERDAY        0.00          1.82 1919   0.04  -0.04
  MONTH TO DATE    0.00                      0.67  -0.67
  SINCE MAR 1      0.00                      0.67  -0.67
  SINCE JAN 1      1.38                      1.29   0.09

SNOWFALL (IN)
  YESTERDAY        0.0
  MONTH TO DATE    0.0
  SINCE MAR 1      0.0
  SINCE JUL 1     11.4

DEGREE DAYS
 HEATING
  YESTERDAY       12                        19     -7
  MONTH TO DATE  270                       481   -211
  SINCE MAR 1    270                       481   -211
  SINCE JUL 1   3290                      4158   -868

 COOLING
  YESTERDAY        0                         0      0
  MONTH TO DATE    6                         0      6
  SINCE MAR 1      6                         0      6
  SINCE JAN 1      8                         0      8
...............................................................


WIND (MPH)
  HIGHEST WIND SPEED    30   HIGHEST WIND DIRECTION     S (170)
  HIGHEST GUST SPEED    36   HIGHEST GUST DIRECTION     S (170)
  AVERAGE WIND SPEED    11.8


SKY COVER
  AVERAGE SKY COVER 0.2


WEATHER CONDITIONS
 THE FOLLOWING WEATHER WAS RECORDED YESTERDAY.
  FOG


RELATIVE HUMIDITY (PERCENT)
 HIGHEST   100           300 AM
 LOWEST     37           200 PM
 AVERAGE    69

..........................................................


THE CLAYTON  NM CLIMATE NORMALS FOR TODAY
                         NORMAL    RECORD    YEAR
 MAXIMUM TEMPERATURE (F)   60        80      2002
 MINIMUM TEMPERATURE (F)   32        10      1952


SUNRISE AND SUNSET
MARCH 23 2017.........SUNRISE   651 AM MDT   SUNSET   707 PM MDT
MARCH 24 2017.........SUNRISE   650 AM MDT   SUNSET   708 PM MDT


-  INDICATES NEGATIVE NUMBERS.
R  INDICATES RECORD WAS SET OR TIED.
MM INDICATES DATA IS MISSING.
T  INDICATES TRACE AMOUNT.




$$
