000
CDUS45 KABQ 010841
CLICAO


CLIMATE REPORT
NATIONAL WEATHER SERVICE ALBUQUERQUE NM
138 AM MST SUN MAR 1 2015


...................................

...THE CLAYTON  NM CLIMATE SUMMARY FOR FEBRUARY 28 2015...

CLIMATE NORMAL PERIOD 1981 TO 2010
CLIMATE RECORD PERIOD 1896 TO 2015


WEATHER ITEM   OBSERVED TIME   RECORD YEAR NORMAL DEPARTURE
                VALUE   (LST)  VALUE       VALUE  FROM
                                                  NORMAL
...............................................................
TEMPERATURE (F)
 YESTERDAY
  MAXIMUM         25    416 PM  80    2006  54    -29
  MINIMUM         11    552 AM  -4    1962  26    -15
  AVERAGE         18                        40    -22

PRECIPITATION (IN)
  YESTERDAY        0.12          0.52 1942   0.02   0.10
  MONTH TO DATE    1.45                      0.34   1.11
  SINCE DEC 1      3.51                      0.98   2.53
  SINCE JAN 1      3.01                      0.62   2.39

SNOWFALL (IN)
  YESTERDAY        T
  MONTH TO DATE    8.7
  SINCE DEC 1     21.4
  SINCE JUL 1     24.0

DEGREE DAYS
 HEATING
  YESTERDAY       47                        25     22
  MONTH TO DATE  728                       771    -43
  SINCE DEC 1   2491                      2625   -134
  SINCE JUL 1   3443                      3677   -234

 COOLING
  YESTERDAY        0                         0      0
  MONTH TO DATE    0                         0      0
  SINCE DEC 1      0                         0      0
  SINCE JAN 1      0                         0      0
...............................................................


WIND (MPH)
  HIGHEST WIND SPEED    28   HIGHEST WIND DIRECTION     S (200)
  HIGHEST GUST SPEED    31   HIGHEST GUST DIRECTION     S (200)
  AVERAGE WIND SPEED    13.8


SKY COVER
  AVERAGE SKY COVER 0.8


WEATHER CONDITIONS
 THE FOLLOWING WEATHER WAS RECORDED YESTERDAY.
  SNOW
  LIGHT SNOW
  FOG
  HAZE


RELATIVE HUMIDITY (PERCENT)
 HIGHEST    96          1100 PM
 LOWEST     73          1100 AM
 AVERAGE    85

..........................................................


THE CLAYTON  NM CLIMATE NORMALS FOR TODAY
                         NORMAL    RECORD    YEAR
 MAXIMUM TEMPERATURE (F)   54        78      2008
 MINIMUM TEMPERATURE (F)   26        -6      1922


SUNRISE AND SUNSET
MARCH  1 2015.........SUNRISE   623 AM MST   SUNSET   547 PM MST
MARCH  2 2015.........SUNRISE   622 AM MST   SUNSET   548 PM MST


-  INDICATES NEGATIVE NUMBERS.
R  INDICATES RECORD WAS SET OR TIED.
MM INDICATES DATA IS MISSING.
T  INDICATES TRACE AMOUNT.




$$
