000
CDUS41 KCAR 010526
CLICAR


CLIMATE REPORT
NATIONAL WEATHER SERVICE CARIBOU, ME
126 AM EDT TUE SEP 1 2015


...................................

...THE CARIBOU ME CLIMATE SUMMARY FOR AUGUST 31 2015...

CLIMATE NORMAL PERIOD 1981 TO 2010
CLIMATE RECORD PERIOD 1939 TO 2015


WEATHER ITEM   OBSERVED TIME   RECORD YEAR NORMAL DEPARTURE LAST
                VALUE   (LST)  VALUE       VALUE  FROM      YEAR
                                                  NORMAL
..................................................................
TEMPERATURE (F)
 YESTERDAY
  MAXIMUM         78    323 PM  93    2010  71      7       72
  MINIMUM         60    506 AM  34    2002  50     10       57
                                      1965
  AVERAGE         69                        60      9       65

PRECIPITATION (IN)
  YESTERDAY        0.00          1.55 2005   0.11  -0.11     0.11
  MONTH TO DATE    4.18                      3.76   0.42     1.79
  SINCE JUN 1     11.62                     11.32   0.30    11.46
  SINCE JAN 1     22.47                     24.74  -2.27    28.66

SNOWFALL (IN)
  YESTERDAY        0.0           0.0  2002   0.0    0.0      0.0
                                      2001
  MONTH TO DATE    0.0                       0.0    0.0      0.0
  SINCE JUN 1      0.0                       0.0    0.0      0.0
  SINCE JUL 1      0.0                       0.0    0.0      0.0
  SNOW DEPTH       0

DEGREE DAYS
 HEATING
  YESTERDAY        0                         6     -6        0
  MONTH TO DATE   12                        96    -84       34
  SINCE JUN 1    289                       319    -30      147
  SINCE JUL 1     77                       154    -77       58

 COOLING
  YESTERDAY        4                         1      3        0
  MONTH TO DATE  120                        53     67       72
  SINCE JUN 1    182                       164     18      238
  SINCE JAN 1    203                       169     34      241
..................................................................


WIND (MPH)
  HIGHEST WIND SPEED    23   HIGHEST WIND DIRECTION    NW (330)
  HIGHEST GUST SPEED    31   HIGHEST GUST DIRECTION    NW (330)
  AVERAGE WIND SPEED    10.5


SKY COVER
  POSSIBLE SUNSHINE  MM
  AVERAGE SKY COVER 0.3


WEATHER CONDITIONS
 THE FOLLOWING WEATHER WAS RECORDED YESTERDAY.
  FOG


RELATIVE HUMIDITY (PERCENT)
 HIGHEST    97           200 AM
 LOWEST     53           500 PM
 AVERAGE    75

..........................................................


THE CARIBOU ME CLIMATE NORMALS FOR TODAY
                         NORMAL    RECORD    YEAR
 MAXIMUM TEMPERATURE (F)   71        92      2010
 MINIMUM TEMPERATURE (F)   49        37      1979


SUNRISE AND SUNSET
SEPTEMBER  1 2015.....SUNRISE   551 AM EDT   SUNSET   712 PM EDT
SEPTEMBER  2 2015.....SUNRISE   553 AM EDT   SUNSET   710 PM EDT


-  INDICATES NEGATIVE NUMBERS.
R  INDICATES RECORD WAS SET OR TIED.
MM INDICATES DATA IS MISSING.
T  INDICATES TRACE AMOUNT.




$$
