000
CDUS41 KCAR 260527
CLICAR


CLIMATE REPORT
NATIONAL WEATHER SERVICE CARIBOU, ME
126 AM EDT SUN OCT 26 2014


...................................

...THE CARIBOU ME CLIMATE SUMMARY FOR OCTOBER 25 2014...

CLIMATE NORMAL PERIOD 1981 TO 2010
CLIMATE RECORD PERIOD 1939 TO 2014


WEATHER ITEM   OBSERVED TIME   RECORD YEAR NORMAL DEPARTURE LAST
                VALUE   (LST)  VALUE       VALUE  FROM      YEAR
                                                  NORMAL
..................................................................
TEMPERATURE (F)
 YESTERDAY
  MAXIMUM         46    239 PM  75    1963  48     -2       47
  MINIMUM         40    215 AM  20    1949  32      8       30
  AVERAGE         43                        40      3       39

PRECIPITATION (IN)
  YESTERDAY        0.04          1.56 1959   0.12  -0.08      T
  MONTH TO DATE    5.37                      2.84   2.53     1.93
  SINCE SEP 1      7.96                      6.16   1.80     8.94
  SINCE JAN 1     36.62                     30.90   5.72    41.96

SNOWFALL (IN)
  YESTERDAY        0.0           3.4  2005   0.1   -0.1      0.0
  MONTH TO DATE    0.0                       1.0   -1.0       T
  SINCE SEP 1      0.0                       1.1   -1.1       T
  SINCE JUL 1      0.0                       1.1   -1.1       T
  SNOW DEPTH       0

DEGREE DAYS
 HEATING
  YESTERDAY       22                        25     -3       26
  MONTH TO DATE  413                       515   -102      402
  SINCE SEP 1    707                       828   -121      659
  SINCE JUL 1    765                       982   -217      773

 COOLING
  YESTERDAY        0                         0      0        0
  MONTH TO DATE    1                         0      1        0
  SINCE SEP 1     25                        11     14       13
  SINCE JAN 1    266                       180     86      192
..................................................................


WIND (MPH)
  HIGHEST WIND SPEED    14   HIGHEST WIND DIRECTION     N (360)
  HIGHEST GUST SPEED    16   HIGHEST GUST DIRECTION     N (360)
  AVERAGE WIND SPEED     5.1


SKY COVER
  POSSIBLE SUNSHINE  MM
  AVERAGE SKY COVER 0.9


WEATHER CONDITIONS
 THE FOLLOWING WEATHER WAS RECORDED YESTERDAY.
  LIGHT RAIN
  FOG
  HAZE


RELATIVE HUMIDITY (PERCENT)
 HIGHEST    96           600 PM
 LOWEST     76           500 AM
 AVERAGE    86

..........................................................


THE CARIBOU ME CLIMATE NORMALS FOR TODAY
                         NORMAL    RECORD    YEAR
 MAXIMUM TEMPERATURE (F)   48        73      1963
 MINIMUM TEMPERATURE (F)   32        21      1993
                                             1956
                                             1954


SUNRISE AND SUNSET
OCTOBER 26 2014.......SUNRISE   706 AM EDT   SUNSET   526 PM EDT
OCTOBER 27 2014.......SUNRISE   707 AM EDT   SUNSET   524 PM EDT


-  INDICATES NEGATIVE NUMBERS.
R  INDICATES RECORD WAS SET OR TIED.
MM INDICATES DATA IS MISSING.
T  INDICATES TRACE AMOUNT.




$$
