000
CDUS41 KCAR 010529
CLICAR

CLIMATE REPORT
NATIONAL WEATHER SERVICE CARIBOU, ME
127 AM EDT WED JUN 1 2016


...................................

...THE CARIBOU ME CLIMATE SUMMARY FOR MAY 31 2016...

CLIMATE NORMAL PERIOD 1981 TO 2010
CLIMATE RECORD PERIOD 1939 TO 2016


WEATHER ITEM   OBSERVED TIME   RECORD YEAR NORMAL DEPARTURE LAST
                VALUE   (LST)  VALUE       VALUE  FROM      YEAR
                                                  NORMAL
..................................................................
TEMPERATURE (F)
 YESTERDAY
  MAXIMUM         78   1139 AM  87    2013  68     10       68
                                      1999
  MINIMUM         54   1152 PM  32    1946  45      9       46
  AVERAGE         66                        56     10       57

PRECIPITATION (IN)
  YESTERDAY        0.04          1.21 1984   0.11  -0.07     0.12
  MONTH TO DATE    2.96                      3.33  -0.37     2.75
  SINCE MAR 1     10.46                      8.50   1.96     6.75
  SINCE JAN 1     15.93                     13.42   2.51    10.85

SNOWFALL (IN)
  YESTERDAY        0.0           0.0  2003   0.0    0.0      0.0
                                      2002
  MONTH TO DATE    4.8                       0.5    4.3      0.3
  SINCE MAR 1     34.8                      26.2    8.6     33.8
  SINCE JUL 1     94.8                     108.7  -13.9    142.1
  SNOW DEPTH       0

DEGREE DAYS
 HEATING
  YESTERDAY        0                         9     -9        8
  MONTH TO DATE  345                       423    -78      302
  SINCE MAR 1   2475                      2468      7     2549
  SINCE JUL 1   8217                      9189   -972     9290

 COOLING
  YESTERDAY        1                         0      1        0
  MONTH TO DATE    8                         5      3       21
  SINCE MAR 1      8                         5      3       21
  SINCE JAN 1      8                         5      3       21
..................................................................


WIND (MPH)
  HIGHEST WIND SPEED    20   HIGHEST WIND DIRECTION    NW (330)
  HIGHEST GUST SPEED    28   HIGHEST GUST DIRECTION    NW (330)
  AVERAGE WIND SPEED     6.6


SKY COVER
  POSSIBLE SUNSHINE  MM
  AVERAGE SKY COVER 0.4


WEATHER CONDITIONS
 THE FOLLOWING WEATHER WAS RECORDED YESTERDAY.
  THUNDERSTORM
  LIGHT RAIN


RELATIVE HUMIDITY (PERCENT)
 HIGHEST    97           200 AM
 LOWEST     43          1000 AM
 AVERAGE    70

..........................................................


THE CARIBOU ME CLIMATE NORMALS FOR TODAY
                         NORMAL    RECORD    YEAR
 MAXIMUM TEMPERATURE (F)   68        87      1995
 MINIMUM TEMPERATURE (F)   45        31      1946


SUNRISE AND SUNSET
JUNE  1 2016..........SUNRISE   441 AM EDT   SUNSET   819 PM EDT
JUNE  2 2016..........SUNRISE   441 AM EDT   SUNSET   820 PM EDT


-  INDICATES NEGATIVE NUMBERS.
R  INDICATES RECORD WAS SET OR TIED.
MM INDICATES DATA IS MISSING.
T  INDICATES TRACE AMOUNT.

THE CARIBOU ME 4-INCH UNDER SOD SOIL TEMP FOR MAY 31 2016:
MAXIMUM SOIL TEMPERATURE: 63F
MINIMUM SOIL TEMPERATURE: 57F


$$
