209
CDUS41 KCAR 100659
CLICAR


CLIMATE REPORT
NATIONAL WEATHER SERVICE CARIBOU, ME
159 AM EST SAT DEC 10 2016


...................................

...THE CARIBOU ME CLIMATE SUMMARY FOR DECEMBER 9 2016...

CLIMATE NORMAL PERIOD 1981 TO 2010
CLIMATE RECORD PERIOD 1939 TO 2016


WEATHER ITEM   OBSERVED TIME   RECORD YEAR NORMAL DEPARTURE LAST
                VALUE   (LST)  VALUE       VALUE  FROM      YEAR
                                                  NORMAL
..................................................................
TEMPERATURE (F)
 YESTERDAY
  MAXIMUM         26   1246 PM  47    1974  29     -3       31
  MINIMUM          9   1159 PM -16    1986  14     -5       24
  AVERAGE         18                        21     -3       28

PRECIPITATION (IN)
  YESTERDAY        T             0.84 1969   0.11  -0.11     0.00
  MONTH TO DATE    1.28                      1.04   0.24     1.10
  SINCE DEC 1      1.28                      1.04   0.24     1.10
  SINCE JAN 1     41.04                     36.26   4.78    32.39

SNOWFALL (IN)
  YESTERDAY        T             7.0  2009   0.7   -0.7      0.0
  MONTH TO DATE   13.9                       5.9    8.0      3.4
  SINCE DEC 1     13.9                       5.9    8.0      3.4
  SINCE JUL 1     34.1                      18.1   16.0      7.5
  SNOW DEPTH      14

DEGREE DAYS
 HEATING
  YESTERDAY       47                        44      3       37
  MONTH TO DATE  392                       379     13      316
  SINCE DEC 1    392                       379     13      316
  SINCE JUL 1   2079                      2524   -445     2134

 COOLING
  YESTERDAY        0                         0      0        0
  MONTH TO DATE    0                         0      0        0
  SINCE DEC 1      0                         0      0        0
  SINCE JAN 1    275                       180     95      253
..................................................................


WIND (MPH)
  HIGHEST WIND SPEED    20   HIGHEST WIND DIRECTION    NW (310)
  HIGHEST GUST SPEED    27   HIGHEST GUST DIRECTION    NW (300)
  AVERAGE WIND SPEED     9.9


SKY COVER
  POSSIBLE SUNSHINE  MM
  AVERAGE SKY COVER 0.7


WEATHER CONDITIONS
 THE FOLLOWING WEATHER WAS RECORDED YESTERDAY.
  LIGHT SNOW
  FOG


RELATIVE HUMIDITY (PERCENT)
 HIGHEST    84           700 AM
 LOWEST     62           100 PM
 AVERAGE    73

..........................................................


THE CARIBOU ME CLIMATE NORMALS FOR TODAY
                         NORMAL    RECORD    YEAR
 MAXIMUM TEMPERATURE (F)   28        47      1973
 MINIMUM TEMPERATURE (F)   13       -17      1958


SUNRISE AND SUNSET
DECEMBER 10 2016......SUNRISE   707 AM EST   SUNSET   343 PM EST
DECEMBER 11 2016......SUNRISE   708 AM EST   SUNSET   343 PM EST


-  INDICATES NEGATIVE NUMBERS.
R  INDICATES RECORD WAS SET OR TIED.
MM INDICATES DATA IS MISSING.
T  INDICATES TRACE AMOUNT.




$$
