000
CDUS41 KCAR 260528
CLICAR


CLIMATE REPORT
NATIONAL WEATHER SERVICE CARIBOU, ME
126 AM EDT MON JUN 26 2017


...................................

...THE CARIBOU ME CLIMATE SUMMARY FOR JUNE 25 2017...

CLIMATE NORMAL PERIOD 1981 TO 2010
CLIMATE RECORD PERIOD 1939 TO 2017


WEATHER ITEM   OBSERVED TIME   RECORD YEAR NORMAL DEPARTURE LAST
                VALUE   (LST)  VALUE       VALUE  FROM      YEAR
                                                  NORMAL
..................................................................
TEMPERATURE (F)
 YESTERDAY
  MAXIMUM         76   1259 PM  92    2003  74      2       84
  MINIMUM         53    408 AM  38    1941  53      0       48
  AVERAGE         65                        63      2       66

PRECIPITATION (IN)
  YESTERDAY        T             0.94 1951   0.12  -0.12     0.00
  MONTH TO DATE    2.79                      2.82  -0.03     2.21
  SINCE JUN 1      2.79                      2.82  -0.03     2.21
  SINCE JAN 1     19.36                     16.24   3.12    18.14

SNOWFALL (IN)
  YESTERDAY        0.0           0.0  2002   0.0    0.0      0.0
                                      2001
  MONTH TO DATE    0.0                       0.0    0.0      0.0
  SINCE JUN 1      0.0                       0.0    0.0      0.0
  SINCE JUL 1    129.6                     108.7   20.9     94.8
  SNOW DEPTH       0

DEGREE DAYS
 HEATING
  YESTERDAY        0                         4     -4        0
  MONTH TO DATE  111                       150    -39      144
  SINCE JUN 1    111                       150    -39      144
  SINCE JUL 1   8559                      9339   -780     8361

 COOLING
  YESTERDAY        0                         2     -2        1
  MONTH TO DATE   43                        26     17       17
  SINCE JUN 1     43                        26     17       17
  SINCE JAN 1     49                        31     18       25
..................................................................


WIND (MPH)
  HIGHEST WIND SPEED    22   HIGHEST WIND DIRECTION    SW (220)
  HIGHEST GUST SPEED    28   HIGHEST GUST DIRECTION    SW (210)
  AVERAGE WIND SPEED     6.8


SKY COVER
  POSSIBLE SUNSHINE  MM
  AVERAGE SKY COVER 0.3


WEATHER CONDITIONS
 THE FOLLOWING WEATHER WAS RECORDED YESTERDAY.
  NO SIGNIFICANT WEATHER WAS OBSERVED.


RELATIVE HUMIDITY (PERCENT)
 HIGHEST    93           300 AM
 LOWEST     36           100 PM
 AVERAGE    65

..........................................................


THE CARIBOU ME CLIMATE NORMALS FOR TODAY
                         NORMAL    RECORD    YEAR
 MAXIMUM TEMPERATURE (F)   74        91      2003
 MINIMUM TEMPERATURE (F)   53        39      1965


SUNRISE AND SUNSET
JUNE 26 2017..........SUNRISE   439 AM EDT   SUNSET   831 PM EDT
JUNE 27 2017..........SUNRISE   440 AM EDT   SUNSET   831 PM EDT


-  INDICATES NEGATIVE NUMBERS.
R  INDICATES RECORD WAS SET OR TIED.
MM INDICATES DATA IS MISSING.
T  INDICATES TRACE AMOUNT.

------------------------------------------------------------
THE CARIBOU ME 4 INCH UNDER SOD SOIL TEMPERATURES FOR JUNE 25 2017

MAXIMUM 70F
MINIMUM 67F


$$
