260
CDUS41 KCAR 300526
CLICAR


CLIMATE REPORT
NATIONAL WEATHER SERVICE CARIBOU, ME
126 AM EDT THU MAR 30 2017


...................................

...THE CARIBOU ME CLIMATE SUMMARY FOR MARCH 29 2017...

CLIMATE NORMAL PERIOD 1981 TO 2010
CLIMATE RECORD PERIOD 1939 TO 2017


WEATHER ITEM   OBSERVED TIME   RECORD YEAR NORMAL DEPARTURE LAST
                VALUE   (LST)  VALUE       VALUE  FROM      YEAR
                                                  NORMAL
..................................................................
TEMPERATURE (F)
 YESTERDAY
  MAXIMUM         34    320 PM  58    1986  39     -5       36
                                      1945
  MINIMUM         28   1159 PM  -3    1974  21      7       23
  AVERAGE         31                        30      1       30

PRECIPITATION (IN)
  YESTERDAY        T             1.46 2010   0.08  -0.08     0.68
  MONTH TO DATE    2.72                      2.35   0.37     4.35
  SINCE MAR 1      2.72                      2.35   0.37     4.35
  SINCE JAN 1      8.34                      7.27   1.07     9.82

SNOWFALL (IN)
  YESTERDAY        T             6.1  1964   0.5   -0.5      5.9
  MONTH TO DATE   23.6                      17.5    6.1     27.2
  SINCE MAR 1     23.6                      17.5    6.1     27.2
  SINCE JUL 1    120.2                     100.0   20.2     87.2
  SNOW DEPTH      29

DEGREE DAYS
 HEATING
  YESTERDAY       34                        35     -1       35
  MONTH TO DATE 1312                      1185    127     1196
  SINCE MAR 1   1312                      1185    127     1196
  SINCE JUL 1   7293                      7906   -613     6938

 COOLING
  YESTERDAY        0                         0      0        0
  MONTH TO DATE    0                         0      0        0
  SINCE MAR 1      0                         0      0        0
  SINCE JAN 1      0                         0      0        0
..................................................................


WIND (MPH)
  HIGHEST WIND SPEED    14   HIGHEST WIND DIRECTION    NW (330)
  HIGHEST GUST SPEED    18   HIGHEST GUST DIRECTION    NW (330)
  AVERAGE WIND SPEED     7.4


SKY COVER
  POSSIBLE SUNSHINE  MM
  AVERAGE SKY COVER 1.0


WEATHER CONDITIONS
 THE FOLLOWING WEATHER WAS RECORDED YESTERDAY.
  LIGHT SNOW
  FOG


RELATIVE HUMIDITY (PERCENT)
 HIGHEST    92          1200 AM
 LOWEST     72          1200 PM
 AVERAGE    82

..........................................................


THE CARIBOU ME CLIMATE NORMALS FOR TODAY
                         NORMAL    RECORD    YEAR
 MAXIMUM TEMPERATURE (F)   39        73      1962
 MINIMUM TEMPERATURE (F)   22        -1      1943


SUNRISE AND SUNSET
MARCH 30 2017.........SUNRISE   615 AM EDT   SUNSET   659 PM EDT
MARCH 31 2017.........SUNRISE   613 AM EDT   SUNSET   700 PM EDT


-  INDICATES NEGATIVE NUMBERS.
R  INDICATES RECORD WAS SET OR TIED.
MM INDICATES DATA IS MISSING.
T  INDICATES TRACE AMOUNT.




$$
