061
CDAK48 PAFC 061304
CLICDB

CLIMATE REPORT
NATIONAL WEATHER SERVICE ANCHORAGE, AK
403 AM AKST TUE DEC 6 2016


...................................

...THE COLD BAY CLIMATE SUMMARY FOR DECEMBER 5 2016...

CLIMATE NORMAL PERIOD 1981 TO 2010
CLIMATE RECORD PERIOD 1942 TO 2016


WEATHER ITEM   OBSERVED TIME   RECORD YEAR NORMAL DEPARTURE LAST
                VALUE   (LST)  VALUE       VALUE  FROM      YEAR
                                                  NORMAL
..................................................................
TEMPERATURE (F)
 YESTERDAY
  MAXIMUM         39    218 PM  53    2013  37      2       39
  MINIMUM         33    623 AM  12    1987  28      5       28
  AVERAGE         36                        32      4       34

PRECIPITATION (IN)
  YESTERDAY        0.28          1.19 2004   0.17   0.11     0.04
                                      1983
  MONTH TO DATE    0.62                      0.82  -0.20     1.14
  SINCE DEC 1      0.62                      0.82  -0.20     1.14
  SINCE JAN 1     36.62                     38.03  -1.41    32.55

SNOWFALL (IN)
  YESTERDAY        T             3.4  1960   0.4   -0.4       T
  MONTH TO DATE    2.7                       2.0    0.7       T
  SINCE DEC 1      2.7                       2.0    0.7       T
  SINCE JUL 1      4.5                      14.6  -10.1      5.3
  SNOW DEPTH       T

DEGREE DAYS
 HEATING
  YESTERDAY       29                        33     -4       31
  MONTH TO DATE  169                       162      7      169
  SINCE DEC 1    169                       162      7      169
  SINCE JUL 1   2519                      3182   -663     2662

 COOLING
  YESTERDAY        0                         0      0        0
  MONTH TO DATE    0                         0      0        0
  SINCE DEC 1      0                         0      0        0
  SINCE JAN 1      0                         0      0        0
..................................................................


WIND (MPH)
  RESULTANT WIND SPEED  10   RESULTANT WIND DIRECTION   W (250)
  HIGHEST WIND SPEED    24   HIGHEST WIND DIRECTION    SW (240)
  HIGHEST GUST SPEED    30   HIGHEST GUST DIRECTION     W (250)
  AVERAGE WIND SPEED    13.5



WEATHER CONDITIONS
 THE FOLLOWING WEATHER WAS RECORDED YESTERDAY.
  RAIN
  LIGHT RAIN
  LIGHT SNOW
  FOG


RELATIVE HUMIDITY (PERCENT)
 HIGHEST   100
 LOWEST     92
 AVERAGE    96

..........................................................


THE COLD BAY CLIMATE NORMALS FOR TODAY
                         NORMAL    RECORD    YEAR
 MAXIMUM TEMPERATURE (F)   37        53      2013
 MINIMUM TEMPERATURE (F)   28         7      1945


SUNRISE AND SUNSET
DECEMBER  6 2016......SUNRISE  1002 AM AKST  SUNSET   523 PM AKST
DECEMBER  7 2016......SUNRISE  1003 AM AKST  SUNSET   522 PM AKST

CIVIL TWILIGHT
DECEMBER 6 2016         START    917 AM GMT     END    608 PM GMT
DECEMBER 7 2016         START    918 AM GMT     END    608 PM GMT



-  INDICATES NEGATIVE NUMBERS.
R  INDICATES RECORD WAS SET OR TIED.
MM INDICATES DATA IS MISSING.
T  INDICATES TRACE AMOUNT.




$$
&&
------------------------------------------------------
AMOUNT OF DAYLIGHT TODAY  (HOUR:MIN)........ 7:21
GAIN/LOSS SINCE YESTERDAY (HOUR:MIN:SEC)....-0:01:52

$$
