000
CDAK48 PACD 011114
CLICDB

CLIMATE REPORT
NATIONAL WEATHER SERVICE COLD BAY, AK
314 AM AKDT FRI AUG 1 2014

...................................
...THE COLD BAY AP CLIMATE SUMMARY FOR JULY 31 2014...

CLIMATE NORMAL PERIOD  1981 TO  2010
CLIMATE RECORD PERIOD  1942 TO  2014

WEATHER ITEM   OBSERVED TIME    RECORD YEAR NORMAL DEPARTURE LAST
               VALUE    (LST)   VALUE       VALUE  FROM      YEAR
                                                   NORMAL
...................................................................
TEMPERATURE
YESTERDAY
 MAXIMUM            73  0311 PM    76  1961     57      16     64
 MINIMUM            48  0617 AM    36  1982     48       0     56
 AVERAGE            61                          52       9     60

PRECIPITATION
(INCHES)
 YESTERDAY        0.00           0.65  1960   0.09   -0.09   0.40
 MONTH TO DATE    2.13                        2.48   -0.35   3.70
 SINCE JUN 1      3.18                        5.20   -2.02   6.52
 SINCE JAN 1     15.16                       19.06   -3.90  20.43

SNOWFALL
(INCHES)
 YESTERDAY         0.0            0.0  2014    0.0     0.0    0.0
 MONTH TO DATE     0.0                         0.0     0.0    0.0
 SINCE JUN 1       0.0                         0.0     0.0    0.0
 SINCE JUL 1       0.0                         0.0     0.0    0.0
 SNOW DEPTH (IN)     0                                          0

DEGREE DAYS
 HEATING
  YESTERDAY          4                          13      -9      5
  MONTH TO DATE    279                         438    -159    336
  SINCE JUN 1      724                        1000    -276    845
  SINCE JUL 1      279                         438    -159    336

 COOLING
  YESTERDAY          0                           0       0      0
  MONTH TO DATE      0                           0       0      0
  SINCE JUN 1        0                           0       0      0
  SINCE JAN 1        0                           0       0      0
...................................................................

WIND (MPH)
 HIGHEST WIND SPEED    17     HIGHEST WIND DIRECTION    150
 HIGHEST GUST SPEED    22     HIGHEST GUST DIRECTION    140
 AVERAGE WIND SPEED   7.7


WEATHER CONDITIONS
 THE FOLLOWING WEATHER WAS RECORDED YESTERDAY.
  FOG


...................................................................

THE COLD BAY CLIMATE NORMALS FOR TODAY
                           NORMAL    RECORD   YEAR
 MAXIMUM TEMPERATURE (F)     57        75     1961
 MINIMUM TEMPERATURE (F)     48        35     1999

SUNRISE AND SUNSET
 AUG 1 2014..........SUNRISE  7:00 AM      SUNSET 10:55 PM
 AUG 2 2014..........SUNRISE  7:01 AM      SUNSET 10:53 PM

-  INDICATES NEGATIVE NUMBERS.
R  INDICATES RECORD HAS BEEN SET OR TIED.
MM INDICATES DATA IS MISSING.
T  INDICATES TRACE OF PRECIPITATION.

&&
-------------------------------------------------------------------

AMOUNT OF DAYLIGHT TODAY  (HOUR:MIN)........15 HOURS 55 MINUTES
LOSS SINCE YESTERDAY (HOUR:MIN:SEC).........-0:03:43

$$
JEG AUG 14
