000
CDAK48 PAFC 220537
CLICDB


CLIMATE REPORT
NATIONAL WEATHER SERVICE ANCHORAGE, AK
827 PM AKST SAT JAN 21 2017


...................................

...THE COLD BAY CLIMATE SUMMARY FOR JANUARY 21 2017...
VALID TODAY AS OF 0500 PM LOCAL TIME.

CLIMATE NORMAL PERIOD 1981 TO 2010
CLIMATE RECORD PERIOD 1942 TO 2017


WEATHER ITEM   OBSERVED TIME   RECORD YEAR NORMAL DEPARTURE LAST
                VALUE   (LST)  VALUE       VALUE  FROM      YEAR
                                                  NORMAL
..................................................................
TEMPERATURE (F)
 TODAY
  MAXIMUM         MM        MM  45    2003  33     MM       35
  MINIMUM         MM        MM  -2    1973  23     MM       28
  AVERAGE         MM                        28     MM       32

PRECIPITATION (IN)
  TODAY            0.03          0.80 1960   0.10  -0.07     0.03
  MONTH TO DATE    2.37                      2.16   0.21     3.29
  SINCE DEC 1      8.04                      6.62   1.42    10.55
  SINCE JAN 1      2.37                      2.16   0.21     3.29

SNOWFALL (IN)
  TODAY           MM             5.8  1978   0.5   MM         T
  MONTH TO DATE    4.7                       9.6   -4.9      7.2
  SINCE DEC 1     19.7                      22.2   -2.5     31.2
  SINCE JUL 1     21.5                      34.8  -13.3     36.5
  SNOW DEPTH       0

DEGREE DAYS
 HEATING
  TODAY           MM                        37     MM       33
  MONTH TO DATE  786                       769     17      676
  SINCE DEC 1   1766                      1820    -54     1582
  SINCE JUL 1   4116                      4840   -724     4075

 COOLING
  TODAY           MM                         0     MM        0
  MONTH TO DATE    0                         0      0        0
  SINCE DEC 1      0                         0      0        0
  SINCE JAN 1      0                         0      0        0
..................................................................


WIND (MPH)
  RESULTANT WIND SPEED  15   RESULTANT WIND DIRECTION   N (340)
  HIGHEST WIND SPEED    23   HIGHEST WIND DIRECTION    NW (330)
  HIGHEST GUST SPEED    33   HIGHEST GUST DIRECTION     N (340)
  AVERAGE WIND SPEED    15.6



WEATHER CONDITIONS
 THE FOLLOWING WEATHER WAS RECORDED TODAY.
  LIGHT SNOW
  FOG


RELATIVE HUMIDITY (PERCENT)
 HIGHEST    88
 LOWEST     61
 AVERAGE    75

..........................................................


THE COLD BAY CLIMATE NORMALS FOR TOMORROW
                         NORMAL    RECORD    YEAR
 MAXIMUM TEMPERATURE (F)   33        49      1969
 MINIMUM TEMPERATURE (F)   23        -3      1993


SUNRISE AND SUNSET
JANUARY 21 2017.......SUNRISE  1000 AM AKST  SUNSET   606 PM AKST
JANUARY 22 2017.......SUNRISE   958 AM AKST  SUNSET   608 PM AKST


-  INDICATES NEGATIVE NUMBERS.
R  INDICATES RECORD WAS SET OR TIED.
MM INDICATES DATA IS MISSING.
T  INDICATES TRACE AMOUNT.




$$
