000
CDAK48 PACD 271203
CLICDB

CLIMATE REPORT
NATIONAL WEATHER SERVICE COLD BAY, AK
403 AM AKDT SAT AUG 27 2016

...................................
...THE COLD BAY AP CLIMATE SUMMARY FOR AUGUST 26 2016...

CLIMATE NORMAL PERIOD  1981 TO  2010
CLIMATE RECORD PERIOD  1942 TO  2016

WEATHER ITEM   OBSERVED TIME    RECORD YEAR NORMAL DEPARTURE LAST
               VALUE    (LST)   VALUE       VALUE  FROM      YEAR
                                                   NORMAL
...................................................................
TEMPERATURE
YESTERDAY
 MAXIMUM            66  0500 PM    70  2015     56      10     70
 MINIMUM            53  1159 PM    39  2002     47       6     47
 AVERAGE            60                          52       8     59

PRECIPITATION
(INCHES)
 YESTERDAY        0.03           1.20  2013   0.13   -0.10   0.00
 MONTH TO DATE    3.14                        3.00    0.14   1.16
 SINCE JUN 1      6.89                        8.20   -1.31   4.74
 SINCE JAN 1     19.31                       22.06   -2.75  17.59

SNOWFALL
(INCHES)
 YESTERDAY         0.0            0.0  2016    0.0     0.0    0.0
 MONTH TO DATE     0.0                         0.0     0.0    0.0
 SINCE JUN 1       0.0                         0.0     0.0    0.0
 SINCE JUL 1       0.0                         0.0     0.0    0.0
 SNOW DEPTH (IN)     0                                          0

DEGREE DAYS
 HEATING
  YESTERDAY          5                          13      -8      6
  MONTH TO DATE    223                         338    -115    311
  SINCE JUN 1     1001                        1338    -337   1171
  SINCE JUL 1      534                         776    -242    711

 COOLING
  YESTERDAY          0                           0       0      0
  MONTH TO DATE      0                           0       0      0
  SINCE JUN 1        0                           0       0      0
  SINCE JAN 1        0                           0       0      0
...................................................................

WIND (MPH)
 HIGHEST WIND SPEED    10     HIGHEST WIND DIRECTION    330
 HIGHEST GUST SPEED    14     HIGHEST GUST DIRECTION     90
 AVERAGE WIND SPEED   4.7

WEATHER CONDITIONS
 THE FOLLOWING WEATHER WAS RECORDED YESTERDAY.
  FOG
  RAIN
...................................................................

THE COLD BAY CLIMATE NORMALS FOR TODAY
                           NORMAL    RECORD   YEAR
 MAXIMUM TEMPERATURE (F)     56        74     1953
 MINIMUM TEMPERATURE (F)     47        39     1994

SUNRISE AND SUNSET
 AUG 27 2016..........SUNRISE  7:49 AM      SUNSET  9:55 PM
 AUG 28 2016..........SUNRISE  7:51 AM      SUNSET  9:52 PM

-  INDICATES NEGATIVE NUMBERS.
R  INDICATES RECORD HAS BEEN SET OR TIED.
MM INDICATES DATA IS MISSING.
T  INDICATES TRACE OF PRECIPITATION.

&&
-------------------------------------------------------------------

AMOUNT OF DAYLIGHT TODAY  (HOUR:MIN)........14 HOURS 6 MINUTES
LOSS SINCE YESTERDAY  (HOUR:MIN:SEC)........-0:04:21

$$
DAB AUG 16
