000
CDAK48 PACD 251117
CLICDB

CLIMATE REPORT
NATIONAL WEATHER SERVICE COLD BAY, AK
217 AM AKST SUN JAN 25 2015

...................................
...THE COLD BAY AP CLIMATE SUMMARY FOR JANUARY 24 2015...

CLIMATE NORMAL PERIOD  1981 TO  2010
CLIMATE RECORD PERIOD  1942 TO  2015

WEATHER ITEM   OBSERVED TIME    RECORD YEAR NORMAL DEPARTURE LAST
               VALUE    (LST)   VALUE       VALUE  FROM      YEAR
                                                   NORMAL
...................................................................
TEMPERATURE
YESTERDAY
 MAXIMUM            28  0256 PM    46  2008     33      -5     39
 MINIMUM            21  1204 AM    -5  1956     23      -2     30
 AVERAGE            25                          28      -3     35

PRECIPITATION
(INCHES)
 YESTERDAY        0.00           0.66  2004   0.10   -0.10      T
 MONTH TO DATE    1.24                        2.46   -1.22   2.72
 SINCE DEC 1      4.16                        6.92   -2.76   7.03
 SINCE JAN 1      1.24                        2.46   -1.22   2.72

SNOWFALL
(INCHES)
 YESTERDAY         0.0            2.1  1965    0.4    -0.4      T
 MONTH TO DATE     1.2                        11.0    -9.8    2.5
 SINCE DEC 1       3.5                        23.6   -20.1    9.8
 SINCE JUL 1       7.4                        36.2   -28.8   13.4
 SNOW DEPTH (IN)     0                                          0

DEGREE DAYS
 HEATING
  YESTERDAY         40                          37       3     30
  MONTH TO DATE    814                         880     -66    671
  SINCE DEC 1     1780                        1931    -151   1501
  SINCE JUL 1     4292                        4957    -665   4017

 COOLING
  YESTERDAY          0                           0       0      0
  MONTH TO DATE      0                           0       0      0
  SINCE DEC 1        0                           0       0      0
  SINCE JAN 1        0                           0       0      0
...................................................................

WIND (MPH)
 HIGHEST WIND SPEED    18     HIGHEST WIND DIRECTION    350
 HIGHEST GUST SPEED    22     HIGHEST GUST DIRECTION     10
 AVERAGE WIND SPEED   9.4


WEATHER CONDITIONS
 THE FOLLOWING WEATHER WAS RECORDED YESTERDAY.
  NO SIGNIFICANT WEATHER WAS OBSERVED.


...................................................................

THE COLD BAY CLIMATE NORMALS FOR TODAY
                           NORMAL    RECORD   YEAR
 MAXIMUM TEMPERATURE (F)     33        48     1963
 MINIMUM TEMPERATURE (F)     23        -5     1956

SUNRISE AND SUNSET
 JAN 25 2015..........SUNRISE  9:55 AM      SUNSET  6:13 PM
 JAN 26 2015..........SUNRISE  9:53 AM      SUNSET  6:15 PM

-  INDICATES NEGATIVE NUMBERS.
R  INDICATES RECORD HAS BEEN SET OR TIED.
MM INDICATES DATA IS MISSING.
T  INDICATES TRACE OF PRECIPITATION.

&&
-------------------------------------------------------------------

AMOUNT OF DAYLIGHT TODAY  (HOUR:MIN)........8 HOURS 18 MINUTES
GAIN SINCE YESTERDAY (HOUR:MIN:SEC).........+0:03:33

$$
JEG JAN 15
