000
CDAK48 PACD 261208
CLICDB

CLIMATE REPORT
NATIONAL WEATHER SERVICE COLD BAY, AK
409 AM AKDT TUE JUL 26 2016

...................................
...THE COLD BAY AP CLIMATE SUMMARY FOR JULY 25 2016...

CLIMATE NORMAL PERIOD  1981 TO  2010
CLIMATE RECORD PERIOD  1942 TO  2016

WEATHER ITEM   OBSERVED TIME    RECORD YEAR NORMAL DEPARTURE LAST
               VALUE    (LST)   VALUE       VALUE  FROM      YEAR
                                                   NORMAL
...................................................................
TEMPERATURE
YESTERDAY
 MAXIMUM            58  0503 PM    72  1968     56       2     55
 MINIMUM            50  0420 AM    40  1954     47       3     47
 AVERAGE            54                          52       2     51

PRECIPITATION
(INCHES)
 YESTERDAY        0.20           0.59  1977   0.09    0.11   0.23
 MONTH TO DATE    1.56                        1.94   -0.38   2.18
 SINCE JUN 1      3.29                        4.66   -1.37   3.29
 SINCE JAN 1     15.71                       18.52   -2.81  16.14

SNOWFALL
(INCHES)
 YESTERDAY         0.0            0.0  2016    0.0     0.0    0.0
 MONTH TO DATE     0.0                         0.0     0.0    0.0
 SINCE JUN 1       0.0                         0.0     0.0    0.0
 SINCE JUL 1       0.0                         0.0     0.0    0.0
 SNOW DEPTH (IN)     0                                          0

DEGREE DAYS
 HEATING
  YESTERDAY         11                          13      -2     14
  MONTH TO DATE    249                         360    -111    326
  SINCE JUN 1      716                         922    -206    786
  SINCE JUL 1      249                         360    -111    326

 COOLING
  YESTERDAY          0                           0       0      0
  MONTH TO DATE      0                           0       0      0
  SINCE JUN 1        0                           0       0      0
  SINCE JAN 1        0                           0       0      0
...................................................................

WIND (MPH)
 HIGHEST WIND SPEED    18     HIGHEST WIND DIRECTION    320
 HIGHEST GUST SPEED    22     HIGHEST GUST DIRECTION    320
 AVERAGE WIND SPEED  11.4

WEATHER CONDITIONS
 THE FOLLOWING WEATHER WAS RECORDED YESTERDAY.
  FOG
  RAIN
...................................................................

THE COLD BAY CLIMATE NORMALS FOR TODAY
                           NORMAL    RECORD   YEAR
 MAXIMUM TEMPERATURE (F)     56        69     1987
 MINIMUM TEMPERATURE (F)     47        39     1974

SUNRISE AND SUNSET
 JUL 26 2016..........SUNRISE  6:50 AM      SUNSET 11:05 PM
 JUL 27 2016..........SUNRISE  6:52 AM      SUNSET 11:03 PM

-  INDICATES NEGATIVE NUMBERS.
R  INDICATES RECORD HAS BEEN SET OR TIED.
MM INDICATES DATA IS MISSING.
T  INDICATES TRACE OF PRECIPITATION.

&&
-------------------------------------------------------------------

AMOUNT OF DAYLIGHT TODAY  (HOUR:MIN)........16 HOURS 15 MINUTES
LOSS SINCE YESTERDAY (HOUR:MIN:SEC).........-0:03:27

$$
RCS JUL 16
