000
CDUS45 KSLC 260039
CLICDC


CLIMATE REPORT
NATIONAL WEATHER SERVICE SALT LAKE CITY UT
639 PM MDT MON SEP 25 2017


...................................

...THE CEDAR CITY UT CLIMATE SUMMARY FOR SEPTEMBER 25 2017...
VALID TODAY AS OF 0500 PM LOCAL TIME.

CLIMATE NORMAL PERIOD 1981 TO 2010
CLIMATE RECORD PERIOD 1928 TO 2017


WEATHER ITEM   OBSERVED TIME   RECORD YEAR NORMAL DEPARTURE LAST
                VALUE   (LST)  VALUE       VALUE  FROM      YEAR
                                                  NORMAL
..................................................................
TEMPERATURE (F)
 TODAY
  MAXIMUM         61    305 PM  87    2015  75    -14       71
                                      2010
  MINIMUM         27    607 AM  26    1958  41    -14       34
  AVERAGE         44                        58    -14       53

PRECIPITATION (IN)
  TODAY            0.00          0.75 1986   0.03  -0.03     0.00
  MONTH TO DATE    1.39                      0.54   0.85     0.63
  SINCE OCT 1     11.83                     11.19   0.64    11.43
  SINCE JAN 1      9.00                      8.08   0.92     7.87

DEGREE DAYS
 HEATING
  TODAY           21                         7     14       12
  MONTH TO DATE  131                        92     39       88
  SINCE SEP 1    131                        92     39       88
  SINCE JUL 1    131                       101     30       92

 COOLING
  TODAY            0                         0      0        0
  MONTH TO DATE   73                        36     37       31
  SINCE SEP 1     73                        36     37       31
  SINCE JAN 1    865                       585    280      824
..................................................................


WIND (MPH)
  RESULTANT WIND SPEED   3   RESULTANT WIND DIRECTION   N (10)
  HIGHEST WIND SPEED    16   HIGHEST WIND DIRECTION     N (350)
  HIGHEST GUST SPEED    24   HIGHEST GUST DIRECTION    NW (320)
  AVERAGE WIND SPEED     4.8



WEATHER CONDITIONS
 THE FOLLOWING WEATHER WAS RECORDED TODAY.
  NO SIGNIFICANT WEATHER WAS OBSERVED.


RELATIVE HUMIDITY (PERCENT)
 HIGHEST   100           400 AM
 LOWEST     32           200 PM
 AVERAGE    66

..........................................................


THE CEDAR CITY UT CLIMATE NORMALS FOR TOMORROW
                         NORMAL    RECORD    YEAR
 MAXIMUM TEMPERATURE (F)   75        89      2010
 MINIMUM TEMPERATURE (F)   40        27      1970


SUNRISE AND SUNSET
SEPTEMBER 25 2017.....SUNRISE   723 AM MDT   SUNSET   724 PM MDT
SEPTEMBER 26 2017.....SUNRISE   724 AM MDT   SUNSET   723 PM MDT


-  INDICATES NEGATIVE NUMBERS.
R  INDICATES RECORD WAS SET OR TIED.
MM INDICATES DATA IS MISSING.
T  INDICATES TRACE AMOUNT.




$$
