000
CDUS45 KSLC 311216
CLICDC


CLIMATE REPORT
NATIONAL WEATHER SERVICE SALT LAKE CITY UT
516 AM MST SAT JAN 31 2015


...................................

...THE CEDAR CITY UT CLIMATE SUMMARY FOR JANUARY 30 2015...

CLIMATE NORMAL PERIOD 1981 TO 2010
CLIMATE RECORD PERIOD 1928 TO 2015


WEATHER ITEM   OBSERVED TIME   RECORD YEAR NORMAL DEPARTURE LAST
                VALUE   (LST)  VALUE       VALUE  FROM      YEAR
                                                  NORMAL
..................................................................
TEMPERATURE (F)
 YESTERDAY
  MAXIMUM         44    342 PM  64    1971  43      1       48
  MINIMUM         36    821 AM -20    1951  18     18       27
  AVERAGE         40                        30     10       38

PRECIPITATION (IN)
  YESTERDAY        0.11          0.45 1993   0.03   0.08     0.13
  MONTH TO DATE    0.43                      0.83  -0.40     0.13
  SINCE OCT 1      2.56                      3.94  -1.38     2.07
  SINCE JAN 1      0.43                      0.83  -0.40     0.13

DEGREE DAYS
 HEATING
  YESTERDAY       25                        35    -10       27
  MONTH TO DATE  940                      1079   -139      943
  SINCE DEC 1   1918                      2199   -281     2270
  SINCE JUL 1   3109                      3641   -532     3798

 COOLING
  YESTERDAY        0                         0      0        0
  MONTH TO DATE    0                         0      0        0
  SINCE DEC 1      0                         0      0        0
  SINCE JAN 1      0                         0      0        0
..................................................................


WIND (MPH)
  RESULTANT WIND SPEED   1   RESULTANT WIND DIRECTION   W (290)
  HIGHEST WIND SPEED     8   HIGHEST WIND DIRECTION     W (250)
  HIGHEST GUST SPEED    11   HIGHEST GUST DIRECTION     W (290)
  AVERAGE WIND SPEED     1.6



WEATHER CONDITIONS
 THE FOLLOWING WEATHER WAS RECORDED YESTERDAY.
  LIGHT RAIN
  FOG
  FOG W/VISIBILITY <= 1/4 MILE


RELATIVE HUMIDITY (PERCENT)
 HIGHEST   100           500 AM
 LOWEST     76           100 PM
 AVERAGE    88

..........................................................


THE CEDAR CITY UT CLIMATE NORMALS FOR TODAY
                         NORMAL    RECORD    YEAR
 MAXIMUM TEMPERATURE (F)   43        63      2003
                                             1995
 MINIMUM TEMPERATURE (F)   18       -26      1951


SUNRISE AND SUNSET
JANUARY 31 2015.......SUNRISE   737 AM MST   SUNSET   555 PM MST
FEBRUARY  1 2015......SUNRISE   736 AM MST   SUNSET   556 PM MST


-  INDICATES NEGATIVE NUMBERS.
R  INDICATES RECORD WAS SET OR TIED.
MM INDICATES DATA IS MISSING.
T  INDICATES TRACE AMOUNT.




$$
