000
CDUS45 KSLC 231226
CLICDC


CLIMATE REPORT
NATIONAL WEATHER SERVICE SALT LAKE CITY UT
626 AM MDT TUE SEP 23 2014


...................................

...THE CEDAR CITY UT CLIMATE SUMMARY FOR SEPTEMBER 22 2014...

CLIMATE NORMAL PERIOD 1981 TO 2010
CLIMATE RECORD PERIOD 1928 TO 2014


WEATHER ITEM   OBSERVED TIME   RECORD YEAR NORMAL DEPARTURE LAST
                VALUE   (LST)  VALUE       VALUE  FROM      YEAR
                                                  NORMAL
..................................................................
TEMPERATURE (F)
 YESTERDAY
  MAXIMUM         78    213 PM  90    1979  76      2       67
  MINIMUM         48    525 AM  25    2004  42      6       47
  AVERAGE         63                        59      4       57

PRECIPITATION (IN)
  YESTERDAY        0.00          1.63 1967   0.03  -0.03     0.04
  MONTH TO DATE    1.46                      0.47   0.99     1.79
  SINCE OCT 1      8.51                     11.12  -2.61    15.75
  SINCE JAN 1      6.57                      8.01  -1.44    13.04

DEGREE DAYS
 HEATING
  YESTERDAY        2                         6     -4        8
  MONTH TO DATE   13                        71    -58       54
  SINCE SEP 1     13                        71    -58       54
  SINCE JUL 1     19                        80    -61       57

 COOLING
  YESTERDAY        0                         0      0        0
  MONTH TO DATE   55                        36     19       35
  SINCE SEP 1     55                        36     19       35
  SINCE JAN 1    601                       585     16      667
..................................................................


WIND (MPH)
  RESULTANT WIND SPEED   5   RESULTANT WIND DIRECTION  SW (210)
  HIGHEST WIND SPEED    16   HIGHEST WIND DIRECTION    SW (220)
  HIGHEST GUST SPEED    23   HIGHEST GUST DIRECTION    SW (220)
  AVERAGE WIND SPEED     5.8



WEATHER CONDITIONS
 THE FOLLOWING WEATHER WAS RECORDED YESTERDAY.
  NO SIGNIFICANT WEATHER WAS OBSERVED.


RELATIVE HUMIDITY (PERCENT)
 HIGHEST   100          1200 AM
 LOWEST     23           400 PM
 AVERAGE    62

..........................................................


THE CEDAR CITY UT CLIMATE NORMALS FOR TODAY
                         NORMAL    RECORD    YEAR
 MAXIMUM TEMPERATURE (F)   76        89      2001
 MINIMUM TEMPERATURE (F)   42        25      2006


SUNRISE AND SUNSET
SEPTEMBER 23 2014.....SUNRISE   721 AM MDT   SUNSET   728 PM MDT
SEPTEMBER 24 2014.....SUNRISE   722 AM MDT   SUNSET   726 PM MDT


-  INDICATES NEGATIVE NUMBERS.
R  INDICATES RECORD WAS SET OR TIED.
MM INDICATES DATA IS MISSING.
T  INDICATES TRACE AMOUNT.




$$
