000
CDUS45 KSLC 241250
CLICDC


CLIMATE REPORT
NATIONAL WEATHER SERVICE SALT LAKE CITY UT
648 AM MDT THU APR 24 2014


...................................

...THE CEDAR CITY UT CLIMATE SUMMARY FOR APRIL 23 2014...

CLIMATE NORMAL PERIOD 1981 TO 2010
CLIMATE RECORD PERIOD 1928 TO 2014


WEATHER ITEM   OBSERVED TIME   RECORD YEAR NORMAL DEPARTURE LAST
                VALUE   (LST)  VALUE       VALUE  FROM      YEAR
                                                  NORMAL
..................................................................
TEMPERATURE (F)
 YESTERDAY
  MAXIMUM         57    508 PM  86    2012  64     -7       56
  MINIMUM         31    527 AM  22    1970  34     -3       27
  AVERAGE         44                        49     -5       42

PRECIPITATION (IN)
  YESTERDAY        0.00          0.46 2007   0.03  -0.03     0.00
  MONTH TO DATE    T                         0.85  -0.85     0.91
  SINCE OCT 1      3.30                      7.17  -3.87     6.43
  SINCE JAN 1      1.36                      4.06  -2.70     3.72

DEGREE DAYS
 HEATING
  YESTERDAY       21                        16      5       23
  MONTH TO DATE  368                       447    -79      471
  SINCE MAR 1   1098                      1219   -121     1131
  SINCE JUL 1   5685                      5781    -96     5751

 COOLING
  YESTERDAY        0                         0      0        0
  MONTH TO DATE    0                         0      0        0
  SINCE MAR 1      0                         0      0        0
  SINCE JAN 1      0                         0      0        0
..................................................................


WIND (MPH)
  RESULTANT WIND SPEED   4   RESULTANT WIND DIRECTION   N (20)
  HIGHEST WIND SPEED    18   HIGHEST WIND DIRECTION     N (10)
  HIGHEST GUST SPEED    26   HIGHEST GUST DIRECTION     N (10)
  AVERAGE WIND SPEED     6.9



WEATHER CONDITIONS
 THE FOLLOWING WEATHER WAS RECORDED YESTERDAY.
  NO SIGNIFICANT WEATHER WAS OBSERVED.


RELATIVE HUMIDITY (PERCENT)
 HIGHEST    69           400 AM
 LOWEST     16           500 PM
 AVERAGE    43

..........................................................


THE CEDAR CITY UT CLIMATE NORMALS FOR TODAY
                         NORMAL    RECORD    YEAR
 MAXIMUM TEMPERATURE (F)   64        81      1977
 MINIMUM TEMPERATURE (F)   34        23      1964


SUNRISE AND SUNSET
APRIL 24 2014.........SUNRISE   645 AM MDT   SUNSET   816 PM MDT
APRIL 25 2014.........SUNRISE   644 AM MDT   SUNSET   817 PM MDT


-  INDICATES NEGATIVE NUMBERS.
R  INDICATES RECORD WAS SET OR TIED.
MM INDICATES DATA IS MISSING.
T  INDICATES TRACE AMOUNT.




$$
