000
CDUS45 KSLC 210028
CLICDC


CLIMATE REPORT
NATIONAL WEATHER SERVICE SALT LAKE CITY UT
627 PM MDT THU JUL 20 2017


...................................

...THE CEDAR CITY UT CLIMATE SUMMARY FOR JULY 20 2017...
VALID TODAY AS OF 0500 PM LOCAL TIME.

CLIMATE NORMAL PERIOD 1981 TO 2010
CLIMATE RECORD PERIOD 1928 TO 2017


WEATHER ITEM   OBSERVED TIME   RECORD YEAR NORMAL DEPARTURE LAST
                VALUE   (LST)  VALUE       VALUE  FROM      YEAR
                                                  NORMAL
..................................................................
TEMPERATURE (F)
 TODAY
  MAXIMUM         88    243 PM 100    1989  91     -3       93
  MINIMUM         66    311 AM  48    1973  57      9       62
  AVERAGE         77                        74      3       78

PRECIPITATION (IN)
  TODAY            0.00          0.66 1977   0.03  -0.03     0.00
  MONTH TO DATE    0.27                      0.45  -0.18     0.65
  SINCE OCT 1      8.52                      9.13  -0.61     8.88
  SINCE JAN 1      5.69                      6.02  -0.33     5.32

DEGREE DAYS
 HEATING
  TODAY            0                         0      0        0
  MONTH TO DATE    0                         0      0        0
  SINCE JUN 1     23                        76    -53        4
  SINCE JUL 1      0                         0      0        0

 COOLING
  TODAY           12                         9      3       13
  MONTH TO DATE  236                       156     80      170
  SINCE JUN 1    431                       249    182      406
  SINCE JAN 1    436                       257    179      409
..................................................................


WIND (MPH)
  RESULTANT WIND SPEED  10   RESULTANT WIND DIRECTION  SW (210)
  HIGHEST WIND SPEED    20   HIGHEST WIND DIRECTION    SW (230)
  HIGHEST GUST SPEED    24   HIGHEST GUST DIRECTION    SW (220)
  AVERAGE WIND SPEED    10.4



WEATHER CONDITIONS
 THE FOLLOWING WEATHER WAS RECORDED TODAY.
  NO SIGNIFICANT WEATHER WAS OBSERVED.


RELATIVE HUMIDITY (PERCENT)
 HIGHEST    76           200 AM
 LOWEST     29           300 PM
 AVERAGE    53

..........................................................


THE CEDAR CITY UT CLIMATE NORMALS FOR TOMORROW
                         NORMAL    RECORD    YEAR
 MAXIMUM TEMPERATURE (F)   91       100      2003
 MINIMUM TEMPERATURE (F)   57        47      1973


SUNRISE AND SUNSET
JULY 20 2017..........SUNRISE   627 AM MDT   SUNSET   851 PM MDT
JULY 21 2017..........SUNRISE   627 AM MDT   SUNSET   850 PM MDT


-  INDICATES NEGATIVE NUMBERS.
R  INDICATES RECORD WAS SET OR TIED.
MM INDICATES DATA IS MISSING.
T  INDICATES TRACE AMOUNT.




$$
