000
CDUS45 KSLC 231242
CLICDC


CLIMATE REPORT
NATIONAL WEATHER SERVICE SALT LAKE CITY UT
642 AM MDT THU OCT 23 2014


...................................

...THE CEDAR CITY UT CLIMATE SUMMARY FOR OCTOBER 22 2014...

CLIMATE NORMAL PERIOD 1981 TO 2010
CLIMATE RECORD PERIOD 1928 TO 2014


WEATHER ITEM   OBSERVED TIME   RECORD YEAR NORMAL DEPARTURE LAST
                VALUE   (LST)  VALUE       VALUE  FROM      YEAR
                                                  NORMAL
..................................................................
TEMPERATURE (F)
 YESTERDAY
  MAXIMUM         67    400 PM  83    2003  63      4       68
  MINIMUM         35    533 AM  15    1996  32      3       26
  AVERAGE         51                        48      3       47

PRECIPITATION (IN)
  YESTERDAY        0.00          0.88 1953   0.04  -0.04     0.00
  MONTH TO DATE    0.22                      0.93  -0.71     0.27
  SINCE OCT 1      0.22                      0.93  -0.71     0.27
  SINCE JAN 1      7.90                      9.13  -1.23    13.31

DEGREE DAYS
 HEATING
  YESTERDAY       14                        18     -4       18
  MONTH TO DATE  238                       301    -63      414
  SINCE SEP 1    295                       435   -140      579
  SINCE JUL 1    301                       444   -143      582

 COOLING
  YESTERDAY        0                         0      0        0
  MONTH TO DATE    0                         0      0        0
  SINCE SEP 1     61                        39     22       35
  SINCE JAN 1    607                       588     19      667
..................................................................


WIND (MPH)
  RESULTANT WIND SPEED   1   RESULTANT WIND DIRECTION   S (170)
  HIGHEST WIND SPEED     9   HIGHEST WIND DIRECTION    NE (60)
  HIGHEST GUST SPEED    11   HIGHEST GUST DIRECTION     W (290)
  AVERAGE WIND SPEED     3.0



WEATHER CONDITIONS
 THE FOLLOWING WEATHER WAS RECORDED YESTERDAY.
  NO SIGNIFICANT WEATHER WAS OBSERVED.


RELATIVE HUMIDITY (PERCENT)
 HIGHEST    76           500 AM
 LOWEST     26           400 PM
 AVERAGE    51

..........................................................


THE CEDAR CITY UT CLIMATE NORMALS FOR TODAY
                         NORMAL    RECORD    YEAR
 MAXIMUM TEMPERATURE (F)   63        79      2003
 MINIMUM TEMPERATURE (F)   31        19      1995


SUNRISE AND SUNSET
OCTOBER 23 2014.......SUNRISE   749 AM MDT   SUNSET   644 PM MDT
OCTOBER 24 2014.......SUNRISE   750 AM MDT   SUNSET   643 PM MDT


-  INDICATES NEGATIVE NUMBERS.
R  INDICATES RECORD WAS SET OR TIED.
MM INDICATES DATA IS MISSING.
T  INDICATES TRACE AMOUNT.




$$
