000
CDUS45 KSLC 211227
CLICDC


CLIMATE REPORT
NATIONAL WEATHER SERVICE SALT LAKE CITY UT
526 AM MST SUN JAN 21 2018


...................................

...THE CEDAR CITY UT CLIMATE SUMMARY FOR JANUARY 20 2018...

CLIMATE NORMAL PERIOD 1981 TO 2010
CLIMATE RECORD PERIOD 1928 TO 2018


WEATHER ITEM   OBSERVED TIME   RECORD YEAR NORMAL DEPARTURE LAST
                VALUE   (LST)  VALUE       VALUE  FROM      YEAR
                                                  NORMAL
..................................................................
TEMPERATURE (F)
 YESTERDAY
  MAXIMUM         47    204 AM  76    2014  42      5       34
  MINIMUM         12   1105 PM  -8    1988  17     -5       17
  AVERAGE         30                        29      1       26

PRECIPITATION (IN)
  YESTERDAY        0.66R         0.18 1949   0.02   0.64     0.01
  MONTH TO DATE    1.03                      0.56   0.47     0.60
  SINCE OCT 1      1.58                      3.67  -2.09     3.43
  SINCE JAN 1      1.03                      0.56   0.47     0.60

DEGREE DAYS
 HEATING
  YESTERDAY       35                        36     -1       39
  MONTH TO DATE  537                       727   -190      669
  SINCE DEC 1   1533                      1847   -314     1782
  SINCE JUL 1   2732                      3289   -557     2879

 COOLING
  YESTERDAY        0                         0      0        0
  MONTH TO DATE    0                         0      0        0
  SINCE DEC 1      0                         0      0        0
  SINCE JAN 1      0                         0      0        0
..................................................................


WIND (MPH)
  RESULTANT WIND SPEED   4   RESULTANT WIND DIRECTION  NW (320)
  HIGHEST WIND SPEED    21   HIGHEST WIND DIRECTION     S (190)
  HIGHEST GUST SPEED    27   HIGHEST GUST DIRECTION     S (190)
  AVERAGE WIND SPEED     6.4



WEATHER CONDITIONS
 THE FOLLOWING WEATHER WAS RECORDED YESTERDAY.
  HEAVY SNOW
  SNOW
  LIGHT SNOW
  FOG
  FOG W/VISIBILITY <= 1/4 MILE


RELATIVE HUMIDITY (PERCENT)
 HIGHEST   100           600 AM
 LOWEST     49           100 AM
 AVERAGE    75

..........................................................


THE CEDAR CITY UT CLIMATE NORMALS FOR TODAY
                         NORMAL    RECORD    YEAR
 MAXIMUM TEMPERATURE (F)   42        63      2014
 MINIMUM TEMPERATURE (F)   17        -4      1955


SUNRISE AND SUNSET
JANUARY 21 2018.......SUNRISE   744 AM MST   SUNSET   544 PM MST
JANUARY 22 2018.......SUNRISE   743 AM MST   SUNSET   545 PM MST


-  INDICATES NEGATIVE NUMBERS.
R  INDICATES RECORD WAS SET OR TIED.
MM INDICATES DATA IS MISSING.
T  INDICATES TRACE AMOUNT.




$$
