000
CDUS45 KSLC 181234
CLICDC


CLIMATE REPORT
NATIONAL WEATHER SERVICE SALT LAKE CITY UT
534 AM MST SAT NOV 18 2017


...................................

...THE CEDAR CITY UT CLIMATE SUMMARY FOR NOVEMBER 17 2017...

CLIMATE NORMAL PERIOD 1981 TO 2010
CLIMATE RECORD PERIOD 1928 TO 2017


WEATHER ITEM   OBSERVED TIME   RECORD YEAR NORMAL DEPARTURE LAST
                VALUE   (LST)  VALUE       VALUE  FROM      YEAR
                                                  NORMAL
..................................................................
TEMPERATURE (F)
 YESTERDAY
  MAXIMUM         62    254 PM  71    2007  51     11       36
  MINIMUM         28   1159 PM  -6    1964  23      5       17
  AVERAGE         45                        37      8       27

PRECIPITATION (IN)
  YESTERDAY        0.07          0.50 1983   0.03   0.04      T
  MONTH TO DATE    0.07                      0.56  -0.49     0.03
  SINCE OCT 1      0.10                      1.90  -1.80     0.67
  SINCE JAN 1      9.10                     10.10  -1.00     8.59

DEGREE DAYS
 HEATING
  YESTERDAY       20                        28     -8       38
  MONTH TO DATE  300                       420   -120      297
  SINCE SEP 1    931                      1030    -99      717
  SINCE JUL 1    931                      1039   -108      721

 COOLING
  YESTERDAY        0                         0      0        0
  MONTH TO DATE    0                         0      0        0
  SINCE SEP 1     73                        39     34       33
  SINCE JAN 1    865                       588    277      826
..................................................................


WIND (MPH)
  RESULTANT WIND SPEED  14   RESULTANT WIND DIRECTION   S (200)
  HIGHEST WIND SPEED    32   HIGHEST WIND DIRECTION    NW (330)
  HIGHEST GUST SPEED    41   HIGHEST GUST DIRECTION     S (200)
  AVERAGE WIND SPEED    19.3



WEATHER CONDITIONS
 THE FOLLOWING WEATHER WAS RECORDED YESTERDAY.
  THUNDERSTORM
  RAIN
  LIGHT RAIN
  FOG


RELATIVE HUMIDITY (PERCENT)
 HIGHEST    92           600 PM
 LOWEST     32           300 PM
 AVERAGE    62

..........................................................


THE CEDAR CITY UT CLIMATE NORMALS FOR TODAY
                         NORMAL    RECORD    YEAR
 MAXIMUM TEMPERATURE (F)   51        71      2007
                                             1949
 MINIMUM TEMPERATURE (F)   22        -1      1958


SUNRISE AND SUNSET
NOVEMBER 18 2017......SUNRISE   716 AM MST   SUNSET   519 PM MST
NOVEMBER 19 2017......SUNRISE   717 AM MST   SUNSET   518 PM MST


-  INDICATES NEGATIVE NUMBERS.
R  INDICATES RECORD WAS SET OR TIED.
MM INDICATES DATA IS MISSING.
T  INDICATES TRACE AMOUNT.




$$
