000
CDUS45 KSLC 061231
CLICDC


CLIMATE REPORT
NATIONAL WEATHER SERVICE SALT LAKE CITY UT
631 AM MDT FRI MAY 6 2016


...................................

...THE CEDAR CITY UT CLIMATE SUMMARY FOR MAY 5 2016...

CLIMATE NORMAL PERIOD 1981 TO 2010
CLIMATE RECORD PERIOD 1928 TO 2016


WEATHER ITEM   OBSERVED TIME   RECORD YEAR NORMAL DEPARTURE LAST
                VALUE   (LST)  VALUE       VALUE  FROM      YEAR
                                                  NORMAL
..................................................................
TEMPERATURE (F)
 YESTERDAY
  MAXIMUM         78    330 PM  83    1989  68     10       66
  MINIMUM         44    551 AM  24    2011  37      7       42
                                      1950
  AVERAGE         61                        52      9       54

PRECIPITATION (IN)
  YESTERDAY        0.00          1.12 2015   0.02  -0.02     1.11
  MONTH TO DATE    0.09                      0.13  -0.04     1.18
  SINCE OCT 1      7.70                      7.51   0.19     7.00
  SINCE JAN 1      4.14                      4.40  -0.26     4.87

DEGREE DAYS
 HEATING
  YESTERDAY        4                        13     -9       11
  MONTH TO DATE   56                        66    -10       33
  SINCE MAR 1   1221                      1390   -169     1201
  SINCE JUL 1   5635                      5952   -317     5039

 COOLING
  YESTERDAY        0                         0      0        0
  MONTH TO DATE    0                         0      0        0
  SINCE MAR 1      0                         0      0        0
  SINCE JAN 1      0                         0      0        0
..................................................................


WIND (MPH)
  RESULTANT WIND SPEED  10   RESULTANT WIND DIRECTION   S (180)
  HIGHEST WIND SPEED    32   HIGHEST WIND DIRECTION     S (180)
  HIGHEST GUST SPEED    44   HIGHEST GUST DIRECTION     S (170)
  AVERAGE WIND SPEED    11.6



WEATHER CONDITIONS
 THE FOLLOWING WEATHER WAS RECORDED YESTERDAY.
  NO SIGNIFICANT WEATHER WAS OBSERVED.


RELATIVE HUMIDITY (PERCENT)
 HIGHEST    70           400 AM
 LOWEST     12           600 PM
 AVERAGE    41

..........................................................


THE CEDAR CITY UT CLIMATE NORMALS FOR TODAY
                         NORMAL    RECORD    YEAR
 MAXIMUM TEMPERATURE (F)   68        87      1989
 MINIMUM TEMPERATURE (F)   37        25      1999
                                             1965


SUNRISE AND SUNSET
MAY  6 2016...........SUNRISE   631 AM MDT   SUNSET   828 PM MDT
MAY  7 2016...........SUNRISE   630 AM MDT   SUNSET   829 PM MDT


-  INDICATES NEGATIVE NUMBERS.
R  INDICATES RECORD WAS SET OR TIED.
MM INDICATES DATA IS MISSING.
T  INDICATES TRACE AMOUNT.




$$
