000
CDUS45 KCYS 210728
CLICDR


CLIMATE REPORT
NATIONAL WEATHER SERVICE CHEYENNE WY
128 AM MDT SUN SEP 21 2014


...................................

...THE CHADRON NE AIRPORT CLIMATE SUMMARY FOR SEPTEMBER 20 2014...

CLIMATE NORMAL PERIOD 1981 TO 2010
CLIMATE RECORD PERIOD 1895 TO 2014


WEATHER ITEM   OBSERVED TIME   RECORD YEAR NORMAL DEPARTURE LAST
                VALUE   (LST)  VALUE       VALUE  FROM      YEAR
                                                  NORMAL
..................................................................
TEMPERATURE (F)
 YESTERDAY
  MAXIMUM         83    244 PM  99    1956  76      7       77
  MINIMUM         45   1145 PM  26    1983  42      3       32
                                      1927
  AVERAGE         64                        59      5       55

PRECIPITATION (IN)
  YESTERDAY        0.00          1.88 1971   0.05  -0.05     0.00
  MONTH TO DATE    0.60                      1.18  -0.58     0.67
  SINCE JAN 1     15.12                     15.05   0.07    13.03

DEGREE DAYS
 HEATING
  YESTERDAY        1                         7     -6       10
  MONTH TO DATE  121                        87     34       32
  SINCE SEP 1    121                        87     34       32
  SINCE JUL 1    135                       117     18       32

 COOLING
  YESTERDAY        0                         1     -1        0
  MONTH TO DATE   35                        55    -20      139
  SINCE SEP 1     35                        55    -20      139
  SINCE JAN 1    620                       702    -82      907
..................................................................


WIND (MPH)
  HIGHEST WIND SPEED    25   HIGHEST WIND DIRECTION    NW (300)
  HIGHEST GUST SPEED    34   HIGHEST GUST DIRECTION    NW (310)
  AVERAGE WIND SPEED     9.6


SKY COVER
  AVERAGE SKY COVER 0.0


WEATHER CONDITIONS
 THE FOLLOWING WEATHER WAS RECORDED YESTERDAY.
  NO SIGNIFICANT WEATHER WAS OBSERVED.


RELATIVE HUMIDITY (PERCENT)
 HIGHEST    93           400 AM
 LOWEST     24           200 PM
 AVERAGE    59

..........................................................


THE CHADRON NE AIRPORT CLIMATE NORMALS FOR TODAY
                         NORMAL    RECORD    YEAR
 MAXIMUM TEMPERATURE (F)   75        94      2013
                                             1922
 MINIMUM TEMPERATURE (F)   42        21      1983


SUNRISE AND SUNSET
SEPTEMBER 21 2014.....SUNRISE   639 AM MDT   SUNSET   651 PM MDT
SEPTEMBER 22 2014.....SUNRISE   640 AM MDT   SUNSET   650 PM MDT


-  INDICATES NEGATIVE NUMBERS.
R  INDICATES RECORD WAS SET OR TIED.
MM INDICATES DATA IS MISSING.
T  INDICATES TRACE AMOUNT.




$$
