000
CDUS44 KLUB 012325
CLICDS


CLIMATE REPORT
NATIONAL WEATHER SERVICE LUBBOCK, TX
525 PM CST SUN FEB 1 2015


...................................

...THE CHILDRESS CLIMATE SUMMARY FOR FEBRUARY 1 2015...
VALID TODAY AS OF 0500 PM LOCAL TIME.

CLIMATE NORMAL PERIOD 1981 TO 2010
CLIMATE RECORD PERIOD 1893 TO 2015


WEATHER ITEM   OBSERVED TIME   RECORD YEAR NORMAL DEPARTURE LAST
                VALUE   (LST)  VALUE       VALUE  FROM      YEAR
                                                  NORMAL
..................................................................
TEMPERATURE (F)
 TODAY
  MAXIMUM         46    353 PM  89    1963  56    -10       43
  MINIMUM         38   1034 AM  -1    1951  29      9       28
  AVERAGE         42                        43     -1       36

PRECIPITATION (IN)
  TODAY            0.00          0.93 1983   0.03  -0.03     0.00
  MONTH TO DATE    0.00                      0.03  -0.03     0.00
  SINCE DEC 1      1.28                      1.67  -0.39     1.09
  SINCE JAN 1      1.08                      0.76   0.32      T

SNOWFALL (IN)
  TODAY            0.0          MM      MM   0.1   -0.1      0.0
  MONTH TO DATE    0.0                       0.1   -0.1      0.0
  SINCE DEC 1      T                         4.5   -4.5      2.3
  SINCE JUL 1      2.0                       5.4   -3.4      6.5
  SNOW DEPTH       0

DEGREE DAYS
 HEATING
  TODAY           23                        22      1       29
  MONTH TO DATE   23                        22      1       29
  SINCE DEC 1   1348                      1465   -117     1541
  SINCE JUL 1   1903                      2025   -122     2139

 COOLING
  TODAY            0                         0      0        0
  MONTH TO DATE    0                         0      0        0
  SINCE DEC 1      0                         0      0        0
  SINCE JAN 1      0                         0      0        0
..................................................................


WIND (MPH)
  RESULTANT WIND SPEED  15   RESULTANT WIND DIRECTION   N (360)
  HIGHEST WIND SPEED    32   HIGHEST WIND DIRECTION     N (360)
  HIGHEST GUST SPEED    40   HIGHEST GUST DIRECTION     N (350)
  AVERAGE WIND SPEED    16.7


SKY COVER
  AVERAGE SKY COVER 0.6


WEATHER CONDITIONS
 THE FOLLOWING WEATHER WAS RECORDED TODAY.
  FOG
  FOG W/VISIBILITY <= 1/4 MILE


RELATIVE HUMIDITY (PERCENT)
 HIGHEST   100          1200 AM
 LOWEST     34           400 PM
 AVERAGE    67

..........................................................


THE CHILDRESS CLIMATE NORMALS FOR TOMORROW
                         NORMAL    RECORD    YEAR
 MAXIMUM TEMPERATURE (F)   56        87      2003
 MINIMUM TEMPERATURE (F)   30         2      1985


SUNRISE AND SUNSET
FEBRUARY  1 2015......SUNRISE   739 AM CST   SUNSET   611 PM CST
FEBRUARY  2 2015......SUNRISE   738 AM CST   SUNSET   612 PM CST


-  INDICATES NEGATIVE NUMBERS.
R  INDICATES RECORD WAS SET OR TIED.
MM INDICATES DATA IS MISSING.
T  INDICATES TRACE AMOUNT.




$$
