000
CDUS44 KLUB 250125
CLICDS


CLIMATE REPORT
NATIONAL WEATHER SERVICE LUBBOCK, TX
825 PM CDT SUN SEP 24 2017


...................................

...THE CHILDRESS CLIMATE SUMMARY FOR SEPTEMBER 24 2017...
VALID TODAY AS OF 0800 PM LOCAL TIME.

CLIMATE NORMAL PERIOD 1981 TO 2010
CLIMATE RECORD PERIOD 1893 TO 2017


WEATHER ITEM   OBSERVED TIME   RECORD YEAR NORMAL DEPARTURE LAST
                VALUE   (LST)  VALUE       VALUE  FROM      YEAR
                                                  NORMAL
..................................................................
TEMPERATURE (F)
 TODAY
  MAXIMUM         81    304 PM 100    1939  84     -3       86
  MINIMUM         69    942 AM  36    1989  58     11       66
  AVERAGE         75                        71      4       76

PRECIPITATION (IN)
  TODAY            0.41          2.23 1974   0.08   0.33     0.40
  MONTH TO DATE    2.17                      1.99   0.18     3.07
  SINCE SEP 1      2.17                      1.99   0.18     3.07
  SINCE JAN 1     19.85                     19.08   0.77    25.85

SNOWFALL (IN)
  TODAY            0.0          MM      MM   0.0    0.0      0.0
  MONTH TO DATE    0.0                       0.0    0.0      0.0
  SINCE SEP 1      0.0                       0.0    0.0      0.0
  SINCE JUL 1      0.0                       0.0    0.0      0.0
  SNOW DEPTH       0

DEGREE DAYS
 HEATING
  TODAY            0                         1     -1        0
  MONTH TO DATE    0                         8     -8        0
  SINCE SEP 1      0                         8     -8        0
  SINCE JUL 1      0                         8     -8        0

 COOLING
  TODAY           10                         7      3       11
  MONTH TO DATE  285                       258     27      308
  SINCE SEP 1    285                       258     27      308
  SINCE JAN 1   2179                      2089     90     2181
..................................................................


WIND (MPH)
  RESULTANT WIND SPEED  11   RESULTANT WIND DIRECTION   S (160)
  HIGHEST WIND SPEED    23   HIGHEST WIND DIRECTION     S (190)
  HIGHEST GUST SPEED    28   HIGHEST GUST DIRECTION     S (180)
  AVERAGE WIND SPEED    11.5


SKY COVER
  AVERAGE SKY COVER 0.5


WEATHER CONDITIONS
 THE FOLLOWING WEATHER WAS RECORDED TODAY.
  HEAVY RAIN
  RAIN
  LIGHT RAIN
  FOG


RELATIVE HUMIDITY (PERCENT)
 HIGHEST    97           800 AM
 LOWEST     54          1200 AM
 AVERAGE    76

..........................................................


THE CHILDRESS CLIMATE NORMALS FOR TOMORROW
                         NORMAL    RECORD    YEAR
 MAXIMUM TEMPERATURE (F)   83       101      2005
 MINIMUM TEMPERATURE (F)   58        39      2000


SUNRISE AND SUNSET
SEPTEMBER 24 2017.....SUNRISE   731 AM CDT   SUNSET   735 PM CDT
SEPTEMBER 25 2017.....SUNRISE   732 AM CDT   SUNSET   733 PM CDT


-  INDICATES NEGATIVE NUMBERS.
R  INDICATES RECORD WAS SET OR TIED.
MM INDICATES DATA IS MISSING.
T  INDICATES TRACE AMOUNT.




$$
