000
CDUS44 KLUB 062345
CLICDS


CLIMATE REPORT
NATIONAL WEATHER SERVICE LUBBOCK, TX
545 PM CST FRI MAR 6 2015


...................................

...THE CHILDRESS CLIMATE SUMMARY FOR MARCH 6 2015...
VALID TODAY AS OF 0500 PM LOCAL TIME.

CLIMATE NORMAL PERIOD 1981 TO 2010
CLIMATE RECORD PERIOD 1893 TO 2015


WEATHER ITEM   OBSERVED TIME   RECORD YEAR NORMAL DEPARTURE LAST
                VALUE   (LST)  VALUE       VALUE  FROM      YEAR
                                                  NORMAL
..................................................................
TEMPERATURE (F)
 TODAY
  MAXIMUM         59    359 PM  87    2009  64     -5       66
                                      1974
  MINIMUM         24    706 AM  13    1943  37    -13       21
  AVERAGE         42                        50     -8       44

PRECIPITATION (IN)
  TODAY            0.00          0.78 1958   0.05  -0.05     0.00
  MONTH TO DATE    0.04                      0.27  -0.23     0.03
  SINCE MAR 1      0.04                      0.27  -0.23     0.03
  SINCE JAN 1      1.21                      2.05  -0.84     0.39

SNOWFALL (IN)
  TODAY            0.0          MM      MM   0.0    0.0      0.0
  MONTH TO DATE    0.0                       0.1   -0.1       T
  SINCE MAR 1      0.0                       0.1   -0.1       T
  SINCE JUL 1      2.0                       6.5   -4.5      9.5
  SNOW DEPTH       0

DEGREE DAYS
 HEATING
  TODAY           23                        15      8       21
  MONTH TO DATE  170                        93     77      190
  SINCE MAR 1    170                        93     77      190
  SINCE JUL 1   2667                      2653     14     3006

 COOLING
  TODAY            0                         0      0        0
  MONTH TO DATE    0                         0      0        0
  SINCE MAR 1      0                         0      0        0
  SINCE JAN 1      0                         1     -1        0
..................................................................


WIND (MPH)
  RESULTANT WIND SPEED  10   RESULTANT WIND DIRECTION  SW (210)
  HIGHEST WIND SPEED    20   HIGHEST WIND DIRECTION    SW (220)
  HIGHEST GUST SPEED    23   HIGHEST GUST DIRECTION    SW (220)
  AVERAGE WIND SPEED    10.9


SKY COVER
  AVERAGE SKY COVER 0.0


WEATHER CONDITIONS
 THE FOLLOWING WEATHER WAS RECORDED TODAY.
  NO SIGNIFICANT WEATHER WAS OBSERVED.


RELATIVE HUMIDITY (PERCENT)
 HIGHEST    81           400 AM
 LOWEST     27           500 PM
 AVERAGE    54

..........................................................


THE CHILDRESS CLIMATE NORMALS FOR TOMORROW
                         NORMAL    RECORD    YEAR
 MAXIMUM TEMPERATURE (F)   64        91      2006
 MINIMUM TEMPERATURE (F)   38        12      1943


SUNRISE AND SUNSET
MARCH  6 2015.........SUNRISE   704 AM CST   SUNSET   641 PM CST
MARCH  7 2015.........SUNRISE   703 AM CST   SUNSET   642 PM CST


-  INDICATES NEGATIVE NUMBERS.
R  INDICATES RECORD WAS SET OR TIED.
MM INDICATES DATA IS MISSING.
T  INDICATES TRACE AMOUNT.




$$
