000
CDUS44 KLUB 230640
CLICDS


CLIMATE REPORT
NATIONAL WEATHER SERVICE LUBBOCK, TX
139 AM CDT SAT MAY 23 2015


...................................

...THE CHILDRESS CLIMATE SUMMARY FOR MAY 22 2015...

CLIMATE NORMAL PERIOD 1981 TO 2010
CLIMATE RECORD PERIOD 1893 TO 2015


WEATHER ITEM   OBSERVED TIME   RECORD YEAR NORMAL DEPARTURE LAST
                VALUE   (LST)  VALUE       VALUE  FROM      YEAR
                                                  NORMAL
..................................................................
TEMPERATURE (F)
 YESTERDAY
  MAXIMUM         64    608 PM 107    1939  86    -22       93
  MINIMUM         55    434 AM  40    1931  60     -5       65
  AVERAGE         60                        73    -13       79

PRECIPITATION (IN)
  YESTERDAY        0.95          2.32 1959   0.12   0.83     0.07
  MONTH TO DATE    9.80                      2.02   7.78     0.13
  SINCE MAR 1     15.02                      5.67   9.35     2.12
  SINCE JAN 1     16.19                      7.45   8.74     2.48

SNOWFALL (IN)
  YESTERDAY        0.0          MM      MM   0.0    0.0      0.0
  MONTH TO DATE    0.0                       0.0    0.0      0.0
  SINCE MAR 1      0.0                       0.6   -0.6       T
  SINCE JUL 1      2.0                       7.0   -5.0      9.5
  SNOW DEPTH       0

DEGREE DAYS
 HEATING
  YESTERDAY        5                         1      4        0
  MONTH TO DATE   42                        27     15       30
  SINCE MAR 1    476                       555    -79      640
  SINCE JUL 1   2973                      3115   -142     3456

 COOLING
  YESTERDAY        0                         8     -8       14
  MONTH TO DATE   68                       134    -66      216
  SINCE MAR 1    164                       224    -60      310
  SINCE JAN 1    164                       225    -61      310
..................................................................


WIND (MPH)
  RESULTANT WIND SPEED   8   RESULTANT WIND DIRECTION  SE (140)
  HIGHEST WIND SPEED    16   HIGHEST WIND DIRECTION    SE (130)
  HIGHEST GUST SPEED    22   HIGHEST GUST DIRECTION    SE (120)
  AVERAGE WIND SPEED     9.4


SKY COVER
  AVERAGE SKY COVER 1.0


WEATHER CONDITIONS
 THE FOLLOWING WEATHER WAS RECORDED YESTERDAY.
  THUNDERSTORM
  HEAVY RAIN
  RAIN
  LIGHT RAIN
  FOG
  FOG W/VISIBILITY <= 1/4 MILE


RELATIVE HUMIDITY (PERCENT)
 HIGHEST   100           600 AM
 LOWEST     80           300 AM
 AVERAGE    90

..........................................................


THE CHILDRESS CLIMATE NORMALS FOR TODAY
                         NORMAL    RECORD    YEAR
 MAXIMUM TEMPERATURE (F)   86       111      2000
 MINIMUM TEMPERATURE (F)   61        44      1893


SUNRISE AND SUNSET
MAY 23 2015...........SUNRISE   634 AM CDT   SUNSET   842 PM CDT
MAY 24 2015...........SUNRISE   633 AM CDT   SUNSET   843 PM CDT


-  INDICATES NEGATIVE NUMBERS.
R  INDICATES RECORD WAS SET OR TIED.
MM INDICATES DATA IS MISSING.
T  INDICATES TRACE AMOUNT.




$$
