000
CDUS44 KLUB 230625
CLICDS


CLIMATE REPORT
NATIONAL WEATHER SERVICE LUBBOCK, TX
125 AM CDT TUE SEP 23 2014


...................................

...THE CHILDRESS CLIMATE SUMMARY FOR SEPTEMBER 22 2014...

CLIMATE NORMAL PERIOD 1981 TO 2010
CLIMATE RECORD PERIOD 1893 TO 2014


WEATHER ITEM   OBSERVED TIME   RECORD YEAR NORMAL DEPARTURE LAST
                VALUE   (LST)  VALUE       VALUE  FROM      YEAR
                                                  NORMAL
..................................................................
TEMPERATURE (F)
 YESTERDAY
  MAXIMUM         82    438 PM 101    1977  85     -3       85
  MINIMUM         67   1159 PM  38    1983  59      8       54
  AVERAGE         75                        72      3       70

PRECIPITATION (IN)
  YESTERDAY        0.00          2.22 1997   0.08  -0.08     0.00
  MONTH TO DATE    1.44                      1.84  -0.40     0.55
  SINCE SEP 1      1.44                      1.84  -0.40     0.55
  SINCE JAN 1     17.05                     18.93  -1.88    13.79

SNOWFALL (IN)
  YESTERDAY        0.0          MM      MM   0.0    0.0      0.0
  MONTH TO DATE    0.0                       0.0    0.0      0.0
  SINCE SEP 1      0.0                       0.0    0.0      0.0
  SINCE JUL 1      0.0                       0.0    0.0      0.0
  SNOW DEPTH       0

DEGREE DAYS
 HEATING
  YESTERDAY        0                         1     -1        0
  MONTH TO DATE   10                         6      4        0
  SINCE SEP 1     10                         6      4        0
  SINCE JUL 1     10                         6      4        0

 COOLING
  YESTERDAY       10                         8      2        5
  MONTH TO DATE  252                       244      8      314
  SINCE SEP 1    252                       244      8      314
  SINCE JAN 1   2111                      2075     36     2245
..................................................................


WIND (MPH)
  RESULTANT WIND SPEED   5   RESULTANT WIND DIRECTION  SE (120)
  HIGHEST WIND SPEED    15   HIGHEST WIND DIRECTION    SE (140)
  HIGHEST GUST SPEED    19   HIGHEST GUST DIRECTION    SE (140)
  AVERAGE WIND SPEED     6.9


SKY COVER
  AVERAGE SKY COVER 0.5


WEATHER CONDITIONS
 THE FOLLOWING WEATHER WAS RECORDED YESTERDAY.
  NO SIGNIFICANT WEATHER WAS OBSERVED.


RELATIVE HUMIDITY (PERCENT)
 HIGHEST    68           600 AM
 LOWEST     35           100 PM
 AVERAGE    52

..........................................................


THE CHILDRESS CLIMATE NORMALS FOR TODAY
                         NORMAL    RECORD    YEAR
 MAXIMUM TEMPERATURE (F)   84       101      1938
 MINIMUM TEMPERATURE (F)   59        41      1995


SUNRISE AND SUNSET
SEPTEMBER 23 2014.....SUNRISE   730 AM CDT   SUNSET   736 PM CDT
SEPTEMBER 24 2014.....SUNRISE   731 AM CDT   SUNSET   735 PM CDT


-  INDICATES NEGATIVE NUMBERS.
R  INDICATES RECORD WAS SET OR TIED.
MM INDICATES DATA IS MISSING.
T  INDICATES TRACE AMOUNT.




$$
