000
CDUS44 KLUB 020628
CLICDS


CLIMATE REPORT
NATIONAL WEATHER SERVICE LUBBOCK, TX
128 AM CDT SUN AUG 2 2015


...................................

...THE CHILDRESS CLIMATE SUMMARY FOR AUGUST 1 2015...

CLIMATE NORMAL PERIOD 1981 TO 2010
CLIMATE RECORD PERIOD 1893 TO 2015


WEATHER ITEM   OBSERVED TIME   RECORD YEAR NORMAL DEPARTURE LAST
                VALUE   (LST)  VALUE       VALUE  FROM      YEAR
                                                  NORMAL
..................................................................
TEMPERATURE (F)
 YESTERDAY
  MAXIMUM         82    517 PM 112    1944  96    -14       85
  MINIMUM         70    813 AM  61    1936  71     -1       64
  AVERAGE         76                        84     -8       75

PRECIPITATION (IN)
  YESTERDAY        0.69          3.13 1995   0.08   0.61     0.00
  MONTH TO DATE    0.69                      0.08   0.61     0.00
  SINCE JUN 1      9.41                      5.98   3.43     7.35
  SINCE JAN 1     29.01                     14.55  14.46    13.58

SNOWFALL (IN)
  YESTERDAY        0.0          MM      MM   0.0    0.0      0.0
  MONTH TO DATE    0.0                       0.0    0.0      0.0
  SINCE JUN 1      0.0                       0.0    0.0      0.0
  SINCE JUL 1      0.0                       0.0    0.0      0.0
  SNOW DEPTH       0

DEGREE DAYS
 HEATING
  YESTERDAY        0                         0      0        0
  MONTH TO DATE    0                         0      0        0
  SINCE JUN 1      0                         2     -2        0
  SINCE JUL 1      0                         0      0        0

 COOLING
  YESTERDAY       11                        18     -7       10
  MONTH TO DATE   11                        18     -7       10
  SINCE JUN 1   1042                      1008     34      945
  SINCE JAN 1   1242                      1320    -78     1309
..................................................................


WIND (MPH)
  RESULTANT WIND SPEED   3   RESULTANT WIND DIRECTION   S (170)
  HIGHEST WIND SPEED    17   HIGHEST WIND DIRECTION    NW (320)
  HIGHEST GUST SPEED    26   HIGHEST GUST DIRECTION    NW (320)
  AVERAGE WIND SPEED     7.2


SKY COVER
  AVERAGE SKY COVER 0.4


WEATHER CONDITIONS
 THE FOLLOWING WEATHER WAS RECORDED YESTERDAY.
  THUNDERSTORM
  HEAVY RAIN
  RAIN
  LIGHT RAIN
  FOG


RELATIVE HUMIDITY (PERCENT)
 HIGHEST   100           800 AM
 LOWEST     69           400 PM
 AVERAGE    85

..........................................................


THE CHILDRESS CLIMATE NORMALS FOR TODAY
                         NORMAL    RECORD    YEAR
 MAXIMUM TEMPERATURE (F)   96       115      1944
 MINIMUM TEMPERATURE (F)   71        60      1971


SUNRISE AND SUNSET
AUGUST  2 2015........SUNRISE   652 AM CDT   SUNSET   842 PM CDT
AUGUST  3 2015........SUNRISE   653 AM CDT   SUNSET   841 PM CDT


-  INDICATES NEGATIVE NUMBERS.
R  INDICATES RECORD WAS SET OR TIED.
MM INDICATES DATA IS MISSING.
T  INDICATES TRACE AMOUNT.




$$
