000
CDUS44 KLUB 240132
CLICDS


CLIMATE REPORT
NATIONAL WEATHER SERVICE LUBBOCK, TX
832 PM CDT SUN APR 23 2017


...................................

...THE CHILDRESS CLIMATE SUMMARY FOR APRIL 23 2017...
VALID TODAY AS OF 0800 PM LOCAL TIME.

CLIMATE NORMAL PERIOD 1981 TO 2010
CLIMATE RECORD PERIOD 1893 TO 2017


WEATHER ITEM   OBSERVED TIME   RECORD YEAR NORMAL DEPARTURE LAST
                VALUE   (LST)  VALUE       VALUE  FROM      YEAR
                                                  NORMAL
..................................................................
TEMPERATURE (F)
 TODAY
  MAXIMUM         73    435 PM  97    1989  79     -6       83
  MINIMUM         41    629 AM  30    1907  51    -10       53
  AVERAGE         57                        64     -7       68

PRECIPITATION (IN)
  TODAY            0.00          1.50 1905   0.08  -0.08     0.00
  MONTH TO DATE    1.86                      1.51   0.35     1.94
  SINCE MAR 1      3.35                      3.04   0.31     2.72
  SINCE JAN 1      7.57                      4.82   2.75     3.97

SNOWFALL (IN)
  TODAY            0.0          MM      MM   0.0    0.0      0.0
  MONTH TO DATE    0.0                       0.2   -0.2      0.0
  SINCE MAR 1      0.0                       0.6   -0.6      0.0
  SINCE JUL 1      1.5                       7.0   -5.5      7.0
  SNOW DEPTH       0

DEGREE DAYS
 HEATING
  TODAY            8                         3      5        0
  MONTH TO DATE   96                       133    -37       80
  SINCE MAR 1    319                       508   -189      313
  SINCE JUL 1   2267                      3068   -801     2481

 COOLING
  TODAY            0                         3     -3        3
  MONTH TO DATE   66                        47     19       13
  SINCE MAR 1    124                        65     59       35
  SINCE JAN 1    139                        66     73       37
..................................................................


WIND (MPH)
  RESULTANT WIND SPEED   2   RESULTANT WIND DIRECTION   W (270)
  HIGHEST WIND SPEED    14   HIGHEST WIND DIRECTION     S (170)
  HIGHEST GUST SPEED    19   HIGHEST GUST DIRECTION     S (180)
  AVERAGE WIND SPEED     6.7


SKY COVER
  AVERAGE SKY COVER 0.0


WEATHER CONDITIONS
 THE FOLLOWING WEATHER WAS RECORDED TODAY.
  NO SIGNIFICANT WEATHER WAS OBSERVED.


RELATIVE HUMIDITY (PERCENT)
 HIGHEST    79           600 AM
 LOWEST     20           400 PM
 AVERAGE    50

..........................................................


THE CHILDRESS CLIMATE NORMALS FOR TOMORROW
                         NORMAL    RECORD    YEAR
 MAXIMUM TEMPERATURE (F)   79       100      1996
 MINIMUM TEMPERATURE (F)   51        26      2013


SUNRISE AND SUNSET
APRIL 23 2017.........SUNRISE   700 AM CDT   SUNSET   820 PM CDT
APRIL 24 2017.........SUNRISE   659 AM CDT   SUNSET   820 PM CDT


-  INDICATES NEGATIVE NUMBERS.
R  INDICATES RECORD WAS SET OR TIED.
MM INDICATES DATA IS MISSING.
T  INDICATES TRACE AMOUNT.




$$
