178
CDUS44 KLUB 170625
CLICDS


CLIMATE REPORT
NATIONAL WEATHER SERVICE LUBBOCK, TX
1225 AM CST FRI NOV 17 2017


...................................

...THE CHILDRESS CLIMATE SUMMARY FOR NOVEMBER 16 2017...

CLIMATE NORMAL PERIOD 1981 TO 2010
CLIMATE RECORD PERIOD 1893 TO 2017


WEATHER ITEM   OBSERVED TIME   RECORD YEAR NORMAL DEPARTURE LAST
                VALUE   (LST)  VALUE       VALUE  FROM      YEAR
                                                  NORMAL
..................................................................
TEMPERATURE (F)
 YESTERDAY
  MAXIMUM         69    459 PM  86    2016  65      4       86
  MINIMUM         43    724 AM  17    2014  38      5       48
  AVERAGE         56                        52      4       67

PRECIPITATION (IN)
  YESTERDAY        0.00          0.81 2015   0.05  -0.05     0.00
  MONTH TO DATE    0.05                      0.73  -0.68     2.18
  SINCE SEP 1      5.83                      5.40   0.43     5.97
  SINCE JAN 1     23.51                     22.49   1.02    28.75

SNOWFALL (IN)
  YESTERDAY        0.0          MM      MM   0.0    0.0      0.0
  MONTH TO DATE    0.0                       0.3   -0.3      0.0
  SINCE SEP 1      0.0                       0.5   -0.5      0.0
  SINCE JUL 1      0.0                       0.5   -0.5      0.0
  SNOW DEPTH       0

DEGREE DAYS
 HEATING
  YESTERDAY        9                        14     -5        0
  MONTH TO DATE  145                       172    -27       71
  SINCE SEP 1    293                       324    -31      105
  SINCE JUL 1    293                       324    -31      105

 COOLING
  YESTERDAY        0                         0      0        2
  MONTH TO DATE    5                         7     -2       17
  SINCE SEP 1    407                       376     31      497
  SINCE JAN 1   2301                      2207     94     2370
..................................................................


WIND (MPH)
  RESULTANT WIND SPEED   7   RESULTANT WIND DIRECTION  SE (150)
  HIGHEST WIND SPEED    17   HIGHEST WIND DIRECTION     S (170)
  HIGHEST GUST SPEED    22   HIGHEST GUST DIRECTION     S (170)
  AVERAGE WIND SPEED     7.7


SKY COVER
  AVERAGE SKY COVER 0.5


WEATHER CONDITIONS
 THE FOLLOWING WEATHER WAS RECORDED YESTERDAY.
  NO SIGNIFICANT WEATHER WAS OBSERVED.


RELATIVE HUMIDITY (PERCENT)
 HIGHEST    93          1100 PM
 LOWEST     47           400 PM
 AVERAGE    70

..........................................................


THE CHILDRESS CLIMATE NORMALS FOR TODAY
                         NORMAL    RECORD    YEAR
 MAXIMUM TEMPERATURE (F)   64        85      1966
 MINIMUM TEMPERATURE (F)   38        12      1959


SUNRISE AND SUNSET
NOVEMBER 17 2017......SUNRISE   717 AM CST   SUNSET   535 PM CST
NOVEMBER 18 2017......SUNRISE   718 AM CST   SUNSET   535 PM CST


-  INDICATES NEGATIVE NUMBERS.
R  INDICATES RECORD WAS SET OR TIED.
MM INDICATES DATA IS MISSING.
T  INDICATES TRACE AMOUNT.




$$
