000
CDUS46 KEKA 201222
CLICEC


CLIMATE REPORT
NATIONAL WEATHER SERVICE EUREKA CA
522 AM PDT WED AUG 20 2014


...................................

...THE CRESCENT CITY CA CLIMATE SUMMARY FOR AUGUST 19 2014...

CLIMATE NORMAL PERIOD 1981 TO 2010
CLIMATE RECORD PERIOD 1894 TO 2014


WEATHER ITEM   OBSERVED TIME   RECORD YEAR NORMAL DEPARTURE LAST
                VALUE   (LST)  VALUE       VALUE  FROM      YEAR
                                                  NORMAL
..................................................................
TEMPERATURE (F)
 YESTERDAY
  MAXIMUM         63    243 PM  73    1995  63      0       65
  MINIMUM         55    909 AM  42    1996  52      3       49
  AVERAGE         59                        57      2       57

PRECIPITATION (IN)
  YESTERDAY        0.00          0.85 1968   0.02  -0.02     0.00
  MONTH TO DATE    0.04                      0.28  -0.24     0.12
  SINCE JUL 1      0.24                      0.69  -0.45     0.12
  SINCE JAN 1     24.83                     37.62 -12.79    20.05

SNOWFALL (IN)
  YESTERDAY        0.0          MM      MM  MM     MM        0.0
  MONTH TO DATE    0.0                      MM     MM        0.0
  SINCE JUN 1      0.0                      MM     MM        0.0
  SINCE JUL 1      0.0                      MM     MM        0.0
  SNOW DEPTH       0

DEGREE DAYS
 HEATING
  YESTERDAY        6                         8     -2        8
  MONTH TO DATE  135                       152    -17      135
  SINCE JUN 1    669                       735    -66      737
  SINCE JUL 1    348                       426    -78      441

 COOLING
  YESTERDAY        0                         0      0        0
  MONTH TO DATE    0                         0      0        2
  SINCE JUN 1      0                         0      0        2
  SINCE JAN 1      0                         0      0        4
..................................................................


WIND (MPH)
  HIGHEST WIND SPEED    15   HIGHEST WIND DIRECTION    SE (150)
  HIGHEST GUST SPEED    19   HIGHEST GUST DIRECTION     S (160)
  AVERAGE WIND SPEED     7.7


SKY COVER
  AVERAGE SKY COVER 0.9


WEATHER CONDITIONS
 THE FOLLOWING WEATHER WAS RECORDED YESTERDAY.
  FOG W/VISIBILITY <= 1/4 MILE
  HAZE


RELATIVE HUMIDITY (PERCENT)
 HIGHEST   100
 LOWEST     84
 AVERAGE    92

..........................................................


THE CRESCENT CITY CA CLIMATE NORMALS FOR TODAY
                         NORMAL    RECORD    YEAR
 MAXIMUM TEMPERATURE (F)   63        84      1961
 MINIMUM TEMPERATURE (F)   52        42      1996


SUNRISE AND SUNSET
AUGUST 20 2014........SUNRISE   630 AM PDT   SUNSET   809 PM PDT
AUGUST 21 2014........SUNRISE   632 AM PDT   SUNSET   808 PM PDT


-  INDICATES NEGATIVE NUMBERS.
R  INDICATES RECORD WAS SET OR TIED.
MM INDICATES DATA IS MISSING.
T  INDICATES TRACE AMOUNT.




$$
