000
CDUS46 KEKA 161214
CLICEC


CLIMATE REPORT
NATIONAL WEATHER SERVICE EUREKA CA
514 AM PDT MON OCT 16 2017


...................................

...THE CRESCENT CITY CA CLIMATE SUMMARY FOR OCTOBER 15 2017...

CLIMATE NORMAL PERIOD 1981 TO 2010
CLIMATE RECORD PERIOD 1894 TO 2017


WEATHER ITEM   OBSERVED TIME   RECORD YEAR NORMAL DEPARTURE LAST
                VALUE   (LST)  VALUE       VALUE  FROM      YEAR
                                                  NORMAL
..................................................................
TEMPERATURE (F)
 YESTERDAY
  MAXIMUM         69    948 AM  80    1960  61      8       60
  MINIMUM         43    644 AM  35    1960  46     -3       56
  AVERAGE         56                        54      2       58

PRECIPITATION (IN)
  YESTERDAY        0.00          1.42 1963   0.12  -0.12     0.09
  MONTH TO DATE    0.24                      1.31  -1.07     6.71
  SINCE OCT 1      0.24                      1.31  -1.07     6.71
  SINCE JAN 1     50.72                     40.10  10.62    39.49

SNOWFALL (IN)
  YESTERDAY        0.0          MM      MM  MM     MM        0.0
  MONTH TO DATE    0.0                      MM     MM        0.0
  SINCE SEP 1      0.0                      MM     MM        0.0
  SINCE JUL 1      0.0                      MM     MM        0.0
  SNOW DEPTH       0

DEGREE DAYS
 HEATING
  YESTERDAY        9                        11     -2        7
  MONTH TO DATE  172                       165      7      126
  SINCE SEP 1    377                       449    -72      359
  SINCE JUL 1    875                       969    -94      857

 COOLING
  YESTERDAY        0                         0      0        0
  MONTH TO DATE    0                         0      0        0
  SINCE SEP 1      6                         0      6        0
  SINCE JAN 1      6                         0      6        0
..................................................................


WIND (MPH)
  HIGHEST WIND SPEED    13   HIGHEST WIND DIRECTION     N (340)
  HIGHEST GUST SPEED    16   HIGHEST GUST DIRECTION     E (80)
  AVERAGE WIND SPEED     4.9


SKY COVER
  AVERAGE SKY COVER 0.0


WEATHER CONDITIONS
 THE FOLLOWING WEATHER WAS RECORDED YESTERDAY.
  FOG


RELATIVE HUMIDITY (PERCENT)
 HIGHEST   100
 LOWEST     39
 AVERAGE    70

..........................................................


THE CRESCENT CITY CA CLIMATE NORMALS FOR TODAY
                         NORMAL    RECORD    YEAR
 MAXIMUM TEMPERATURE (F)   61        83      1960
 MINIMUM TEMPERATURE (F)   46        35      1971


SUNRISE AND SUNSET
OCTOBER 16 2017.......SUNRISE   731 AM PDT   SUNSET   633 PM PDT
OCTOBER 17 2017.......SUNRISE   732 AM PDT   SUNSET   632 PM PDT


-  INDICATES NEGATIVE NUMBERS.
R  INDICATES RECORD WAS SET OR TIED.
MM INDICATES DATA IS MISSING.
T  INDICATES TRACE AMOUNT.




$$
