079
CDUS46 KEKA 221214
CLICEC


CLIMATE REPORT
NATIONAL WEATHER SERVICE EUREKA CA
514 AM PDT FRI MAY 22 2015


...................................

...THE CRESCENT CITY CA CLIMATE SUMMARY FOR MAY 21 2015...

CLIMATE NORMAL PERIOD 1981 TO 2010
CLIMATE RECORD PERIOD 1894 TO 2015


WEATHER ITEM   OBSERVED TIME   RECORD YEAR NORMAL DEPARTURE LAST
                VALUE   (LST)  VALUE       VALUE  FROM      YEAR
                                                  NORMAL
..................................................................
TEMPERATURE (F)
 YESTERDAY
  MAXIMUM         58    244 PM  77    2001  59     -1       58
  MINIMUM         53   1159 PM  36    1962  47      6       45
  AVERAGE         56                        53      3       52

PRECIPITATION (IN)
  YESTERDAY        0.00          1.09 1953   0.09  -0.09     0.00
  MONTH TO DATE    T                         2.18  -2.18     1.48
  SINCE OCT 1     41.20                     59.75 -18.55    26.69
  SINCE JAN 1     20.37                     34.51 -14.14    22.75

SNOWFALL (IN)
  YESTERDAY        0.0          MM      MM  MM     MM        0.0
  MONTH TO DATE    0.0                      MM     MM        0.0
  SINCE MAR 1      0.0                      MM     MM        0.0
  SINCE JUL 1      0.0                      MM     MM        0.0
  SNOW DEPTH       0

DEGREE DAYS
 HEATING
  YESTERDAY        9                        12     -3       13
  MONTH TO DATE  271                       277     -6      225
  SINCE MAR 1   1147                      1261   -114     1084
  SINCE JUL 1   3368                      4434  -1066     4250

 COOLING
  YESTERDAY        0                         0      0        0
  MONTH TO DATE    0                         0      0        0
  SINCE MAR 1      0                         0      0        0
  SINCE JAN 1      0                         0      0        0
..................................................................


WIND (MPH)
  HIGHEST WIND SPEED     9   HIGHEST WIND DIRECTION     S (200)
  HIGHEST GUST SPEED    12   HIGHEST GUST DIRECTION    SW (210)
  AVERAGE WIND SPEED     5.2


SKY COVER
  AVERAGE SKY COVER 1.0


WEATHER CONDITIONS
 THE FOLLOWING WEATHER WAS RECORDED YESTERDAY.
  FOG


RELATIVE HUMIDITY (PERCENT)
 HIGHEST   100
 LOWEST     86
 AVERAGE    93

..........................................................


THE CRESCENT CITY CA CLIMATE NORMALS FOR TODAY
                         NORMAL    RECORD    YEAR
 MAXIMUM TEMPERATURE (F)   59        73      1985
 MINIMUM TEMPERATURE (F)   47        37      2002


SUNRISE AND SUNSET
MAY 22 2015...........SUNRISE   551 AM PDT   SUNSET   837 PM PDT
MAY 23 2015...........SUNRISE   550 AM PDT   SUNSET   838 PM PDT


-  INDICATES NEGATIVE NUMBERS.
R  INDICATES RECORD WAS SET OR TIED.
MM INDICATES DATA IS MISSING.
T  INDICATES TRACE AMOUNT.




$$
