000
CDUS46 KEKA 011212
CLICEC


CLIMATE REPORT
NATIONAL WEATHER SERVICE EUREKA CA
410 AM PST SUN FEB 1 2015


...................................

...THE CRESCENT CITY CA CLIMATE SUMMARY FOR JANUARY 31 2015...

CLIMATE NORMAL PERIOD 1981 TO 2010
CLIMATE RECORD PERIOD 1894 TO 2015


WEATHER ITEM   OBSERVED TIME   RECORD YEAR NORMAL DEPARTURE LAST
                VALUE   (LST)  VALUE       VALUE  FROM      YEAR
                                                  NORMAL
..................................................................
TEMPERATURE (F)
 YESTERDAY
  MAXIMUM         66    157 PM  68    1962  54     12       51
  MINIMUM         43    730 AM  25    1950  41      2       32
  AVERAGE         55                        48      7       42

PRECIPITATION (IN)
  YESTERDAY        0.00          2.00 1995   0.26  -0.26     0.00
  MONTH TO DATE    1.73                     10.39  -8.66     2.15
  SINCE JUL 1     26.15                     37.49 -11.34    11.14
  SINCE JAN 1      1.73                     10.39  -8.66     2.15

SNOWFALL (IN)
  YESTERDAY        0.0          MM      MM  MM     MM        0.0
  MONTH TO DATE    0.0                      MM     MM        0.0
  SINCE DEC 1      0.0                      MM     MM        0.0
  SINCE JUL 1      0.0                      MM     MM        0.0
  SNOW DEPTH       0

DEGREE DAYS
 HEATING
  YESTERDAY       10                        17     -7       23
  MONTH TO DATE  431                       527    -96      484
  SINCE DEC 1    793                      1069   -276     1129
  SINCE JUL 1   1900                      2686   -786     2721

 COOLING
  YESTERDAY        0                         0      0        0
  MONTH TO DATE    0                         0      0        0
  SINCE DEC 1      0                         0      0        0
  SINCE JAN 1      0                         0      0        0
..................................................................


WIND (MPH)
  HIGHEST WIND SPEED    13   HIGHEST WIND DIRECTION    NE (40)
  HIGHEST GUST SPEED    15   HIGHEST GUST DIRECTION    NE (40)
  AVERAGE WIND SPEED     4.9


SKY COVER
  AVERAGE SKY COVER 0.0


WEATHER CONDITIONS
 THE FOLLOWING WEATHER WAS RECORDED YESTERDAY.
  FOG
  HAZE


RELATIVE HUMIDITY (PERCENT)
 HIGHEST   100
 LOWEST     42
 AVERAGE    71

..........................................................


THE CRESCENT CITY CA CLIMATE NORMALS FOR TODAY
                         NORMAL    RECORD    YEAR
 MAXIMUM TEMPERATURE (F)   54        66      1954
 MINIMUM TEMPERATURE (F)   42        26      1972


SUNRISE AND SUNSET
FEBRUARY  1 2015......SUNRISE   729 AM PST   SUNSET   532 PM PST
FEBRUARY  2 2015......SUNRISE   728 AM PST   SUNSET   533 PM PST


-  INDICATES NEGATIVE NUMBERS.
R  INDICATES RECORD WAS SET OR TIED.
MM INDICATES DATA IS MISSING.
T  INDICATES TRACE AMOUNT.




$$
