121
CDUS46 KEKA 011211
CLICEC


CLIMATE REPORT
NATIONAL WEATHER SERVICE EUREKA CA
411 AM PST WED MAR 1 2017


...................................

...THE CRESCENT CITY CA CLIMATE SUMMARY FOR FEBRUARY 28 2017...

CLIMATE NORMAL PERIOD 1981 TO 2010
CLIMATE RECORD PERIOD 1894 TO 2017


WEATHER ITEM   OBSERVED TIME   RECORD YEAR NORMAL DEPARTURE LAST
                VALUE   (LST)  VALUE       VALUE  FROM      YEAR
                                                  NORMAL
..................................................................
TEMPERATURE (F)
 YESTERDAY
  MAXIMUM         50    508 PM  67    1981  54     -4       57
  MINIMUM         39    849 PM  30    1997  42     -3       41
  AVERAGE         45                        48     -3       49

PRECIPITATION (IN)
  YESTERDAY        0.24          1.92 1974   0.31  -0.07     0.26
  MONTH TO DATE   14.27                      8.88   5.39     3.77
  SINCE OCT 1     71.59                     44.51  27.08    52.88
  SINCE JAN 1     26.49                     19.27   7.22    18.20

SNOWFALL (IN)
  YESTERDAY        0.0          MM      MM  MM     MM       MM
  MONTH TO DATE    0.0                      MM     MM        0.0
  SINCE DEC 1      0.0                      MM     MM        0.0
  SINCE JUL 1      0.0                      MM     MM        0.0
  SNOW DEPTH       0

DEGREE DAYS
 HEATING
  YESTERDAY       20                        17      3       16
  MONTH TO DATE  406                       490    -84      366
  SINCE DEC 1   1598                      1556     42     1294
  SINCE JUL 1   2931                      3173   -242     2463

 COOLING
  YESTERDAY        0                         0      0        0
  MONTH TO DATE    0                         0      0        0
  SINCE DEC 1      0                         0      0        0
  SINCE JAN 1      0                         0      0        0
..................................................................


WIND (MPH)
  HIGHEST WIND SPEED    15   HIGHEST WIND DIRECTION     S (170)
  HIGHEST GUST SPEED    18   HIGHEST GUST DIRECTION     S (170)
  AVERAGE WIND SPEED     6.2


SKY COVER
  AVERAGE SKY COVER 0.6


WEATHER CONDITIONS
 THE FOLLOWING WEATHER WAS RECORDED YESTERDAY.
  RAIN
  LIGHT RAIN
  FOG


RELATIVE HUMIDITY (PERCENT)
 HIGHEST    89
 LOWEST     71
 AVERAGE    80

..........................................................


THE CRESCENT CITY CA CLIMATE NORMALS FOR TODAY
                         NORMAL    RECORD    YEAR
 MAXIMUM TEMPERATURE (F)   54        70      1954
 MINIMUM TEMPERATURE (F)   42        29      1971


SUNRISE AND SUNSET
MARCH  1 2017.........SUNRISE   651 AM PST   SUNSET   608 PM PST
MARCH  2 2017.........SUNRISE   650 AM PST   SUNSET   609 PM PST


-  INDICATES NEGATIVE NUMBERS.
R  INDICATES RECORD WAS SET OR TIED.
MM INDICATES DATA IS MISSING.
T  INDICATES TRACE AMOUNT.




$$
