000
CDUS46 KEKA 271211
CLICEC


CLIMATE REPORT
NATIONAL WEATHER SERVICE EUREKA CA
511 AM PDT THU APR 27 2017


...................................

...THE CRESCENT CITY CA CLIMATE SUMMARY FOR APRIL 26 2017...

CLIMATE NORMAL PERIOD 1981 TO 2010
CLIMATE RECORD PERIOD 1894 TO 2017


WEATHER ITEM   OBSERVED TIME   RECORD YEAR NORMAL DEPARTURE LAST
                VALUE   (LST)  VALUE       VALUE  FROM      YEAR
                                                  NORMAL
..................................................................
TEMPERATURE (F)
 YESTERDAY
  MAXIMUM         55    439 PM  70    2004  55      0       56
  MINIMUM         47   1127 PM  34    1984  45      2       41
  AVERAGE         51                        50      1       49

PRECIPITATION (IN)
  YESTERDAY        0.59          1.79 2010   0.13   0.46     0.00
  MONTH TO DATE    8.76                      4.73   4.03     2.31
  SINCE OCT 1     90.85                     57.10  33.75    65.34
  SINCE JAN 1     45.75                     31.86  13.89    30.66

SNOWFALL (IN)
  YESTERDAY       MM            MM      MM  MM     MM        0.0
  MONTH TO DATE    0.0                      MM     MM        0.0
  SINCE MAR 1      0.0                      MM     MM        0.0
  SINCE JUL 1      0.0                      MM     MM        0.0
  SNOW DEPTH       0

DEGREE DAYS
 HEATING
  YESTERDAY       14                        15     -1       16
  MONTH TO DATE  367                       410    -43      281
  SINCE MAR 1    810                       923   -113      698
  SINCE JUL 1   3741                      4096   -355     3176

 COOLING
  YESTERDAY        0                         0      0        0
  MONTH TO DATE    0                         0      0        0
  SINCE MAR 1      0                         0      0        0
  SINCE JAN 1      0                         0      0        0
..................................................................


WIND (MPH)
  HIGHEST WIND SPEED    18   HIGHEST WIND DIRECTION     N (340)
  HIGHEST GUST SPEED    26   HIGHEST GUST DIRECTION    NW (330)
  AVERAGE WIND SPEED    11.7


SKY COVER
  AVERAGE SKY COVER 0.6


WEATHER CONDITIONS
 THE FOLLOWING WEATHER WAS RECORDED YESTERDAY.
  RAIN
  LIGHT RAIN
  FOG


RELATIVE HUMIDITY (PERCENT)
 HIGHEST   100
 LOWEST     80
 AVERAGE    90

..........................................................


THE CRESCENT CITY CA CLIMATE NORMALS FOR TODAY
                         NORMAL    RECORD    YEAR
 MAXIMUM TEMPERATURE (F)   55        68      1992
 MINIMUM TEMPERATURE (F)   45        33      1955


SUNRISE AND SUNSET
APRIL 27 2017.........SUNRISE   518 AM PST   SUNSET   711 PM PST
APRIL 28 2017.........SUNRISE   517 AM PST   SUNSET   712 PM PST


-  INDICATES NEGATIVE NUMBERS.
R  INDICATES RECORD WAS SET OR TIED.
MM INDICATES DATA IS MISSING.
T  INDICATES TRACE AMOUNT.




$$
