000
CDUS46 KEKA 050010
CLICEC


CLIMATE REPORT
NATIONAL WEATHER SERVICE EUREKA CA
510 PM PDT FRI SEP 4 2015


...................................

...THE CRESCENT CITY CA CLIMATE SUMMARY FOR SEPTEMBER 4 2015...
VALID TODAY AS OF 0500 PM LOCAL TIME.

CLIMATE NORMAL PERIOD 1981 TO 2010
CLIMATE RECORD PERIOD 1894 TO 2015


WEATHER ITEM   OBSERVED TIME   RECORD YEAR NORMAL DEPARTURE LAST
                VALUE   (LST)  VALUE       VALUE  FROM      YEAR
                                                  NORMAL
..................................................................
TEMPERATURE (F)
 TODAY
  MAXIMUM         66    138 PM  80    1975  62      4       66
  MINIMUM         49    622 AM  39    2002  51     -2       53
  AVERAGE         58                        56      2       60

PRECIPITATION (IN)
  TODAY            0.00          0.24 2007   0.03  -0.03     0.00
  MONTH TO DATE    0.04                      0.10  -0.06     0.00
  SINCE OCT 1     42.97                     63.20 -20.23    28.77
  SINCE JAN 1     22.14                     37.96 -15.82    24.83

SNOWFALL (IN)
  TODAY            0.0          MM      MM  MM     MM        0.0
  MONTH TO DATE    0.0                      MM     MM        0.0
  SINCE SEP 1      0.0                      MM     MM        0.0
  SINCE JUL 1      0.0                      MM     MM        0.0
  SNOW DEPTH       0

..................................................................


WIND (MPH)
  HIGHEST WIND SPEED    17   HIGHEST WIND DIRECTION    NW (320)
  HIGHEST GUST SPEED    22   HIGHEST GUST DIRECTION    NW (320)
  AVERAGE WIND SPEED     6.6


SKY COVER
  AVERAGE SKY COVER 0.1


WEATHER CONDITIONS
 THE FOLLOWING WEATHER WAS RECORDED TODAY.
  NO SIGNIFICANT WEATHER WAS OBSERVED.


RELATIVE HUMIDITY (PERCENT)
 HIGHEST   100
 LOWEST     64
 AVERAGE    82

..........................................................


THE CRESCENT CITY CA CLIMATE NORMALS FOR TOMORROW
                         NORMAL    RECORD    YEAR
 MAXIMUM TEMPERATURE (F)   62        82      1958
 MINIMUM TEMPERATURE (F)   51        40      2002


SUNRISE AND SUNSET
SEPTEMBER  4 2015.....SUNRISE   646 AM PDT   SUNSET   745 PM PDT
SEPTEMBER  5 2015.....SUNRISE   647 AM PDT   SUNSET   744 PM PDT


-  INDICATES NEGATIVE NUMBERS.
R  INDICATES RECORD WAS SET OR TIED.
MM INDICATES DATA IS MISSING.
T  INDICATES TRACE AMOUNT.




$$
