000
CDUS45 KGJT 170752
CLICEZ


CLIMATE REPORT
NATIONAL WEATHER SERVICE GRAND JUNCTION CO
149 AM MDT WED SEP 17 2014


...................................

...THE CORTEZ CO CLIMATE SUMMARY FOR SEPTEMBER 16 2014...

CLIMATE NORMAL PERIOD 1981 TO 2010
CLIMATE RECORD PERIOD 9999 TO 9999


WEATHER ITEM   OBSERVED TIME   RECORD YEAR NORMAL DEPARTURE LAST
                VALUE   (LST)  VALUE       VALUE  FROM      YEAR
                                                  NORMAL
..................................................................
TEMPERATURE (F)
 YESTERDAY
  MAXIMUM         85    305 PM  MM      MM  78      7       78
  MINIMUM         48    555 AM  MM      MM  43      5       49
  AVERAGE         67                        60      7       64

PRECIPITATION (IN)
  YESTERDAY        0.01         MM      MM   0.07  -0.06     0.00
  MONTH TO DATE    1.04                      0.89   0.15     2.21
  SINCE SEP 1      1.04                      0.89   0.15     2.21
  SINCE JAN 1      6.14                      9.33  -3.19    10.33

SNOWFALL (IN)
  YESTERDAY       MM            MM      MM  MM     MM       MM
  MONTH TO DATE   MM                        MM     MM       MM
  SINCE SEP 1     MM                        MM     MM       MM
  SINCE JUL 1     MM                        MM     MM       MM
  SNOW DEPTH      MM

DEGREE DAYS
 HEATING
  YESTERDAY        0                         5     -5        1
  MONTH TO DATE   31                        50    -19        6
  SINCE SEP 1     31                        50    -19        6
  SINCE JUL 1     41                        62    -21        6

 COOLING
  YESTERDAY        2                         0      2        0
  MONTH TO DATE   13                        16     -3       58
  SINCE SEP 1     13                        16     -3       58
  SINCE JAN 1    525                       425    100      663
..................................................................


WIND (MPH)
  HIGHEST WIND SPEED    12   HIGHEST WIND DIRECTION    SE (130)
  HIGHEST GUST SPEED    15   HIGHEST GUST DIRECTION     E (80)
  AVERAGE WIND SPEED     4.1


SKY COVER
  POSSIBLE SUNSHINE  MM
  AVERAGE SKY COVER 0.1


WEATHER CONDITIONS
 THE FOLLOWING WEATHER WAS RECORDED YESTERDAY.
  THUNDERSTORM
  LIGHT RAIN


RELATIVE HUMIDITY (PERCENT)
 HIGHEST    80           600 AM
 LOWEST     26           300 PM
 AVERAGE    53

..........................................................


THE CORTEZ CO CLIMATE NORMALS FOR TODAY
                         NORMAL    RECORD    YEAR
 MAXIMUM TEMPERATURE (F)   77        MM        MM
 MINIMUM TEMPERATURE (F)   42        MM        MM


SUNRISE AND SUNSET
SEPTEMBER 17 2014.....SUNRISE   658 AM MDT   SUNSET   719 PM MDT
SEPTEMBER 18 2014.....SUNRISE   659 AM MDT   SUNSET   717 PM MDT


-  INDICATES NEGATIVE NUMBERS.
R  INDICATES RECORD WAS SET OR TIED.
MM INDICATES DATA IS MISSING.
T  INDICATES TRACE AMOUNT.




$$
