000
CDUS43 KPAH 060632
CLICGI


CLIMATE REPORT
NATIONAL WEATHER SERVICE PADUCAH KY
1229 AM CST TUE DEC 6 2016


...................................

...THE CAPE GIRARDEAU MO CLIMATE SUMMARY FOR DECEMBER 5 2016...

CLIMATE NORMAL PERIOD 1981 TO 2010
CLIMATE RECORD PERIOD 1960 TO 2016


WEATHER ITEM   OBSERVED TIME   RECORD YEAR NORMAL DEPARTURE LAST
                VALUE   (LST)  VALUE       VALUE  FROM      YEAR
                                                  NORMAL
..................................................................
TEMPERATURE (F)
 YESTERDAY
  MAXIMUM         45    235 PM  72    1998  48     -3       55
  MINIMUM         30    642 AM   4    2002  30      0       24
  AVERAGE         38                        39     -1

PRECIPITATION (IN)
  YESTERDAY        0.03          1.16 2011   0.14  -0.11     0.00
  MONTH TO DATE    0.21                      0.74  -0.53     0.00
  SINCE DEC 1      0.21                      0.74  -0.53     0.00
  SINCE JAN 1     46.36                     43.30   3.06    55.58

DEGREE DAYS
 HEATING
  YESTERDAY       27                        26      1       25
  MONTH TO DATE  127                       128     -1      129
  SINCE DEC 1    127                       128     -1      129
  SINCE JUL 1    704                       979   -275      779

 COOLING
  YESTERDAY        0                         0      0        0
  MONTH TO DATE    0                         0      0        0
  SINCE DEC 1      0                         0      0        0
  SINCE JAN 1   1798                      1453    345     1531
..................................................................


WIND (MPH)
  HIGHEST WIND SPEED    16   HIGHEST WIND DIRECTION     E (110)
  HIGHEST GUST SPEED    19   HIGHEST GUST DIRECTION    SE (120)
  AVERAGE WIND SPEED     5.8


SKY COVER
  AVERAGE SKY COVER 0.5


WEATHER CONDITIONS
 THE FOLLOWING WEATHER WAS RECORDED YESTERDAY.
  LIGHT RAIN
  FOG


RELATIVE HUMIDITY (PERCENT)
 HIGHEST    92
 LOWEST     70
 AVERAGE    81

..........................................................


THE CAPE GIRARDEAU MO CLIMATE NORMALS FOR TODAY
                         NORMAL    RECORD    YEAR
 MAXIMUM TEMPERATURE (F)   48        71      1998
 MINIMUM TEMPERATURE (F)   29        -1      2002


SUNRISE AND SUNSET
DECEMBER  6 2016......SUNRISE   658 AM CST   SUNSET   441 PM CST
DECEMBER  7 2016......SUNRISE   659 AM CST   SUNSET   441 PM CST


-  INDICATES NEGATIVE NUMBERS.
R  INDICATES RECORD WAS SET OR TIED.
MM INDICATES DATA IS MISSING.
T  INDICATES TRACE AMOUNT.




$$
