000
CDUS43 KPAH 030632
CLICGI


CLIMATE REPORT
NATIONAL WEATHER SERVICE PADUCAH KY
1228 AM CST TUE MAR 3 2015


...................................

...THE CAPE GIRARDEAU MO CLIMATE SUMMARY FOR MARCH 2 2015...

CLIMATE NORMAL PERIOD 1981 TO 2010
CLIMATE RECORD PERIOD 1960 TO 2015


WEATHER ITEM   OBSERVED TIME   RECORD YEAR NORMAL DEPARTURE LAST
                VALUE   (LST)  VALUE       VALUE  FROM      YEAR
                                                  NORMAL
..................................................................
TEMPERATURE (F)
 YESTERDAY
  MAXIMUM         40    442 PM  76    2012  53    -13       36
  MINIMUM         26    655 AM   7    1980  32     -6       12
  AVERAGE         33                        43    -10

PRECIPITATION (IN)
  YESTERDAY        0.00          0.82 1993   0.11  -0.11     0.65
  MONTH TO DATE    0.14                      0.23  -0.09     0.65
  SINCE MAR 1      0.14                      0.23  -0.09     0.65
  SINCE JAN 1      6.66                      7.11  -0.45     3.79

DEGREE DAYS
 HEATING
  YESTERDAY       32                        22     10       41
  MONTH TO DATE   62                        45     17       60
  SINCE MAR 1     62                        45     17       60
  SINCE JUL 1   3840                      3542    298     3985

 COOLING
  YESTERDAY        0                         0      0        0
  MONTH TO DATE    0                         0      0        0
  SINCE MAR 1      0                         0      0        0
  SINCE JAN 1      0                         0      0        0
..................................................................


WIND (MPH)
  HIGHEST WIND SPEED    15   HIGHEST WIND DIRECTION    NE (40)
  HIGHEST GUST SPEED    20   HIGHEST GUST DIRECTION     N (20)
  AVERAGE WIND SPEED     8.0


SKY COVER
  AVERAGE SKY COVER 0.3


WEATHER CONDITIONS
 THE FOLLOWING WEATHER WAS RECORDED YESTERDAY.
  NO SIGNIFICANT WEATHER WAS OBSERVED.


RELATIVE HUMIDITY (PERCENT)
 HIGHEST    85
 LOWEST     44
 AVERAGE    65

..........................................................


THE CAPE GIRARDEAU MO CLIMATE NORMALS FOR TODAY
                         NORMAL    RECORD    YEAR
 MAXIMUM TEMPERATURE (F)   53        78      1976
 MINIMUM TEMPERATURE (F)   33         9      2014


SUNRISE AND SUNSET
MARCH  3 2015.........SUNRISE   627 AM CST   SUNSET   554 PM CST
MARCH  4 2015.........SUNRISE   626 AM CST   SUNSET   555 PM CST


-  INDICATES NEGATIVE NUMBERS.
R  INDICATES RECORD WAS SET OR TIED.
MM INDICATES DATA IS MISSING.
T  INDICATES TRACE AMOUNT.




$$
