000
CDUS43 KPAH 180628
CLICGI


CLIMATE REPORT
NATIONAL WEATHER SERVICE PADUCAH KY
126 AM CDT WED OCT 18 2017


...................................

...THE CAPE GIRARDEAU MO CLIMATE SUMMARY FOR OCTOBER 17 2017...

CLIMATE NORMAL PERIOD 1981 TO 2010
CLIMATE RECORD PERIOD 1960 TO 2017


WEATHER ITEM   OBSERVED TIME   RECORD YEAR NORMAL DEPARTURE LAST
                VALUE   (LST)  VALUE       VALUE  FROM      YEAR
                                                  NORMAL
..................................................................
TEMPERATURE (F)
 YESTERDAY
  MAXIMUM         69    156 PM  87    2016  70     -1       87
                                      1965
  MINIMUM         33    607 AM  30    2015  45    -12       68
                                      2001
  AVERAGE         51                        57     -6

PRECIPITATION (IN)
  YESTERDAY        0.00          2.54 2007   0.13  -0.13     0.00
  MONTH TO DATE    1.01                      2.00  -0.99     0.40
  SINCE SEP 1      1.74                      5.28  -3.54     5.45
  SINCE JAN 1     27.49                     36.33  -8.84    42.15

DEGREE DAYS
 HEATING
  YESTERDAY       14                         8      6        0
  MONTH TO DATE   48                       111    -63       46
  SINCE SEP 1     64                       159    -95       65
  SINCE JUL 1     64                       160    -96       65

 COOLING
  YESTERDAY        0                         1     -1       13
  MONTH TO DATE   89                        24     65       56
  SINCE SEP 1    280                       186     94      313
  SINCE JAN 1   1482                      1446     36     1756
..................................................................


WIND (MPH)
  HIGHEST WIND SPEED    12   HIGHEST WIND DIRECTION    SE (150)
  HIGHEST GUST SPEED    16   HIGHEST GUST DIRECTION     S (180)
  AVERAGE WIND SPEED     2.8


SKY COVER
  AVERAGE SKY COVER 0.2


WEATHER CONDITIONS
 THE FOLLOWING WEATHER WAS RECORDED YESTERDAY.
  FOG
  FOG W/VISIBILITY <= 1/4 MILE


RELATIVE HUMIDITY (PERCENT)
 HIGHEST   100
 LOWEST     35
 AVERAGE    68

..........................................................


THE CAPE GIRARDEAU MO CLIMATE NORMALS FOR TODAY
                         NORMAL    RECORD    YEAR
 MAXIMUM TEMPERATURE (F)   70        85      2016
                                             1963
 MINIMUM TEMPERATURE (F)   44        25      1976


SUNRISE AND SUNSET
OCTOBER 18 2017.......SUNRISE   709 AM CDT   SUNSET   617 PM CDT
OCTOBER 19 2017.......SUNRISE   710 AM CDT   SUNSET   616 PM CDT


-  INDICATES NEGATIVE NUMBERS.
R  INDICATES RECORD WAS SET OR TIED.
MM INDICATES DATA IS MISSING.
T  INDICATES TRACE AMOUNT.




$$
