000
CDUS44 KMRX 250902
CLICHA

CLIMATE REPORT
NATIONAL WEATHER SERVICE MORRISTOWN TN
400 AM EST SUN JAN 25 2015


...................................

...THE CHATTANOOGA ASOS CLIMATE SUMMARY FOR JANUARY 24 2015...

CLIMATE NORMAL PERIOD 1981 TO 2010
CLIMATE RECORD PERIOD 1879 TO 2015


WEATHER ITEM   OBSERVED TIME   RECORD YEAR NORMAL DEPARTURE LAST
                VALUE   (LST)  VALUE       VALUE  FROM      YEAR
                                                  NORMAL
..................................................................
TEMPERATURE (F)
 YESTERDAY
  MAXIMUM         48    515 PM  75    1950  51     -3       29
  MINIMUM         33   1143 PM  -7    1963  31      2        7
  AVERAGE         41                        41      0       18

PRECIPITATION (IN)
  YESTERDAY        0.06          2.75 1964   0.16  -0.10     0.00
  MONTH TO DATE    3.48                      3.81  -0.33     2.29
  SINCE DEC 1      7.88                      8.71  -0.83    10.27
  SINCE JAN 1      3.48                      3.81  -0.33     2.29

SNOWFALL (IN)
  YESTERDAY        0.0                       0.1   -0.1      0.0
  MONTH TO DATE    0.7                       1.4   -0.7       T
  SINCE DEC 1      0.7                       1.7   -1.0       T
  SINCE JUL 1      0.7                       1.7   -1.0       T
  SNOW DEPTH       0

DEGREE DAYS
 HEATING
  YESTERDAY       24                        24      0       47
  MONTH TO DATE  609                       597     12      711
  SINCE DEC 1   1195                      1292    -97     1328
  SINCE JUL 1   1871                      1881    -10     1959

 COOLING
  YESTERDAY        0                         0      0        0
  MONTH TO DATE    0                         0      0        0
  SINCE DEC 1      0                         1     -1        4
  SINCE JAN 1      0                         0      0        0
..................................................................


WIND (MPH)
  HIGHEST WIND SPEED    16   HIGHEST WIND DIRECTION    NW (310)
  HIGHEST GUST SPEED    21   HIGHEST GUST DIRECTION     W (280)
  AVERAGE WIND SPEED     7.7


SKY COVER
  POSSIBLE SUNSHINE  MM
  AVERAGE SKY COVER 0.5


WEATHER CONDITIONS
 THE FOLLOWING WEATHER WAS RECORDED YESTERDAY.
  RAIN
  LIGHT RAIN
  FOG


RELATIVE HUMIDITY (PERCENT)
 HIGHEST    96          1200 AM
 LOWEST     39           500 PM
 AVERAGE    68

..........................................................


THE CHATTANOOGA  ASOS CLIMATE NORMALS FOR TODAY
                         NORMAL    RECORD    YEAR
 MAXIMUM TEMPERATURE (F)   51        77      1950
 MINIMUM TEMPERATURE (F)   31         2      1905


SUNRISE AND SUNSET
JANUARY 25 2015.......SUNRISE   744 AM EST   SUNSET   602 PM EST
JANUARY 26 2015.......SUNRISE   744 AM EST   SUNSET   603 PM EST


-  INDICATES NEGATIVE NUMBERS.
R  INDICATES RECORD WAS SET OR TIED.
MM INDICATES DATA IS MISSING.
T  INDICATES TRACE AMOUNT.


$$
