000
CDUS44 KMRX 310814
CLICHA


CLIMATE REPORT
NATIONAL WEATHER SERVICE MORRISTOWN TN
413 AM EDT TUE MAY 31 2016


...................................

...THE CHATTANOOGA  ASOS CLIMATE SUMMARY FOR MAY 30 2016...

CLIMATE NORMAL PERIOD 1981 TO 2010
CLIMATE RECORD PERIOD 1879 TO 2016


WEATHER ITEM   OBSERVED TIME   RECORD YEAR NORMAL DEPARTURE LAST
                VALUE   (LST)  VALUE       VALUE  FROM      YEAR
                                                  NORMAL
..................................................................
TEMPERATURE (F)
 YESTERDAY
  MAXIMUM         92    359 PM  95    1937  83      9       86
  MINIMUM         68    527 AM  41    1889  62      6       67
  AVERAGE         80                        72      8       77

PRECIPITATION (IN)
  YESTERDAY        T             3.47 1903   0.13  -0.13     0.00
  MONTH TO DATE    1.43                      3.97  -2.54     2.31
  SINCE MAR 1      6.50                     12.94  -6.44    15.79
  SINCE JAN 1     17.24                     22.69  -5.45    22.78

DEGREE DAYS
 COOLING
  YESTERDAY       15                         8      7       12
  MONTH TO DATE  183                       141     42      220
  SINCE MAR 1    262                       187     75      267
  SINCE JAN 1    262                       187     75      267
..................................................................


WIND (MPH)
  HIGHEST WIND SPEED    18   HIGHEST WIND DIRECTION    NE (50)
  HIGHEST GUST SPEED    23   HIGHEST GUST DIRECTION    NE (50)
  AVERAGE WIND SPEED     2.8


SKY COVER
  POSSIBLE SUNSHINE  MM
  AVERAGE SKY COVER 0.5


WEATHER CONDITIONS
 THE FOLLOWING WEATHER WAS RECORDED YESTERDAY.
  THUNDERSTORM
  LIGHT RAIN


RELATIVE HUMIDITY (PERCENT)
 HIGHEST    84           200 AM
 LOWEST     34           400 PM
 AVERAGE    59

..........................................................


THE CHATTANOOGA  ASOS CLIMATE NORMALS FOR TODAY
                         NORMAL    RECORD    YEAR
 MAXIMUM TEMPERATURE (F)   84        96      2011
 MINIMUM TEMPERATURE (F)   62        40      1984


SUNRISE AND SUNSET
MAY 31 2016...........SUNRISE   628 AM EDT   SUNSET   849 PM EDT
JUNE  1 2016..........SUNRISE   628 AM EDT   SUNSET   850 PM EDT


-  INDICATES NEGATIVE NUMBERS.
R  INDICATES RECORD WAS SET OR TIED.
MM INDICATES DATA IS MISSING.
T  INDICATES TRACE AMOUNT.




$$
