000
CDUS44 KMRX 240808
CLICHA


CLIMATE REPORT
NATIONAL WEATHER SERVICE MORRISTOWN TN
408 AM EDT WED AUG 24 2016


...................................

...THE CHATTANOOGA  ASOS CLIMATE SUMMARY FOR AUGUST 23 2016...

CLIMATE NORMAL PERIOD 1981 TO 2010
CLIMATE RECORD PERIOD 1879 TO 2016


WEATHER ITEM   OBSERVED TIME   RECORD YEAR NORMAL DEPARTURE LAST
                VALUE   (LST)  VALUE       VALUE  FROM      YEAR
                                                  NORMAL
..................................................................
TEMPERATURE (F)
 YESTERDAY
  MAXIMUM         91    257 PM 105    2007  89      2       85
  MINIMUM         65    605 AM  55    1969  69     -4       71
                                      1956
  AVERAGE         78                        79     -1       78

PRECIPITATION (IN)
  YESTERDAY        0.00          1.74 1900   0.10  -0.10     1.36
  MONTH TO DATE    1.31                      2.66  -1.35     7.09
  SINCE JUN 1      5.03                     11.62  -6.59    17.48
  SINCE JAN 1     22.27                     34.44 -12.17    40.68

DEGREE DAYS
 COOLING
  YESTERDAY       13                        14     -1       13
  MONTH TO DATE  423                       340     83      331
  SINCE JUN 1   1485                      1148    337     1287
  SINCE JAN 1   1761                      1344    417     1563
..................................................................


WIND (MPH)
  HIGHEST WIND SPEED    10   HIGHEST WIND DIRECTION    SW (220)
  HIGHEST GUST SPEED    14   HIGHEST GUST DIRECTION    SW (220)
  AVERAGE WIND SPEED     1.6


SKY COVER
  POSSIBLE SUNSHINE  MM
  AVERAGE SKY COVER 0.5


WEATHER CONDITIONS
 THE FOLLOWING WEATHER WAS RECORDED YESTERDAY.
  NO SIGNIFICANT WEATHER WAS OBSERVED.


RELATIVE HUMIDITY (PERCENT)
 HIGHEST    93           600 AM
 LOWEST     36           300 PM
 AVERAGE    65

..........................................................


THE CHATTANOOGA  ASOS CLIMATE NORMALS FOR TODAY
                         NORMAL    RECORD    YEAR
 MAXIMUM TEMPERATURE (F)   89       102      2007
 MINIMUM TEMPERATURE (F)   69        54      1891


SUNRISE AND SUNSET
AUGUST 24 2016........SUNRISE   708 AM EDT   SUNSET   817 PM EDT
AUGUST 25 2016........SUNRISE   709 AM EDT   SUNSET   816 PM EDT


-  INDICATES NEGATIVE NUMBERS.
R  INDICATES RECORD WAS SET OR TIED.
MM INDICATES DATA IS MISSING.
T  INDICATES TRACE AMOUNT.




$$
