000
CDUS44 KMRX 252124
CLICHA

CLIMATE REPORT
NATIONAL WEATHER SERVICE MORRISTOWN TN
522 PM EDT SAT OCT 25 2014

...................................

...THE CHATTANOOGA  ASOS CLIMATE SUMMARY FOR OCTOBER 25 2014...
VALID TODAY AS OF 0500 PM LOCAL TIME.

CLIMATE NORMAL PERIOD 1981 TO 2010
CLIMATE RECORD PERIOD 1879 TO 2014


WEATHER ITEM   OBSERVED TIME   RECORD YEAR NORMAL DEPARTURE LAST
                VALUE   (LST)  VALUE       VALUE  FROM      YEAR
                                                  NORMAL
..................................................................
TEMPERATURE (F)
 TODAY
  MAXIMUM         77    355 PM  84    2000  70      7       54
                                      1963
                                      1931
  MINIMUM         43    626 AM  30    1965  47     -4       33
  AVERAGE         60                        58      2       44

PRECIPITATION (IN)
  TODAY            0.00          3.52 1977   0.11  -0.11     0.00
  MONTH TO DATE    5.96                      2.62   3.34     0.16
  SINCE SEP 1      8.44                      6.66   1.78     2.27
  SINCE JAN 1     37.09                     41.92  -4.83    56.47

SNOWFALL (IN)
  TODAY            0.0                       0.0    0.0      0.0
  MONTH TO DATE    0.0                       0.0    0.0      0.0
  SINCE SEP 1      0.0                       0.0    0.0      0.0
  SINCE JUL 1      0.0                       0.0    0.0      0.0
  SNOW DEPTH       0

DEGREE DAYS
 HEATING
  TODAY            5                         7     -2       21
  MONTH TO DATE   86                       108    -22       90
  SINCE SEP 1     86                       123    -37       90
  SINCE JUL 1     86                       123    -37       90

 COOLING
  TODAY            0                         1     -1        0
  MONTH TO DATE   77                        46     31       78
  SINCE SEP 1    402                       285    117      356
  SINCE JAN 1   1903                      1735    168     1748
..................................................................


WIND (MPH)
  HIGHEST WIND SPEED     8   HIGHEST WIND DIRECTION    NE (30)
  HIGHEST GUST SPEED    13   HIGHEST GUST DIRECTION    NE (30)
  AVERAGE WIND SPEED     0.6


SKY COVER
  POSSIBLE SUNSHINE  MM
  AVERAGE SKY COVER  MM


WEATHER CONDITIONS
 THE FOLLOWING WEATHER WAS RECORDED TODAY.
  NO SIGNIFICANT WEATHER WAS OBSERVED.


RELATIVE HUMIDITY (PERCENT)
 HIGHEST    92           400 AM
 LOWEST     40           400 PM
 AVERAGE    66

..........................................................


THE CHATTANOOGA  ASOS CLIMATE NORMALS FOR TOMORROW
                         NORMAL    RECORD    YEAR
 MAXIMUM TEMPERATURE (F)   70        85      1963
                                             1940
                                             1919
 MINIMUM TEMPERATURE (F)   46        29      1982
                                             1968


SUNRISE AND SUNSET
OCTOBER 25 2014.......SUNRISE   755 AM EDT   SUNSET   654 PM EDT
OCTOBER 26 2014.......SUNRISE   756 AM EDT   SUNSET   653 PM EDT


-  INDICATES NEGATIVE NUMBERS.
R  INDICATES RECORD WAS SET OR TIED.
MM INDICATES DATA IS MISSING.
T  INDICATES TRACE AMOUNT.




$$
