000
CDUS44 KMRX 302123
CLICHA

CLIMATE REPORT
NATIONAL WEATHER SERVICE MORRISTOWN TN
523 PM EDT WED JUL 30 2014


...................................

...THE CHATTANOOGA CLIMATE SUMMARY FOR JULY 30 2014...
VALID TODAY AS OF 0500 PM LOCAL TIME.

CLIMATE NORMAL PERIOD 1981 TO 2010
CLIMATE RECORD PERIOD 1879 TO 2014


WEATHER ITEM   OBSERVED TIME   RECORD YEAR NORMAL DEPARTURE LAST
                VALUE   (LST)  VALUE       VALUE  FROM      YEAR
                                                  NORMAL
..................................................................
TEMPERATURE (F)
 TODAY
  MAXIMUM         81    359 PM  99    1999  90     -9       90
                                      1952
  MINIMUM         58R   600 AM  58    1969  70    -12       65
                                      1965
  AVERAGE         70                        80    -10       78

PRECIPITATION (IN)
  TODAY            0.00          2.24 1918   0.15  -0.15      T
  MONTH TO DATE    2.57                      4.77  -2.20     7.79
  SINCE JUN 1      7.56                      8.82  -1.26    12.26
  SINCE JAN 1     24.85                     31.64  -6.79    46.93

SNOWFALL (IN)
  TODAY            0.0                       0.0    0.0      0.0
  MONTH TO DATE    0.0                       0.0    0.0      0.0
  SINCE JUN 1      0.0                       0.0    0.0      0.0
  SINCE JUL 1      0.0                       0.0    0.0      0.0
  SNOW DEPTH       0

DEGREE DAYS
 HEATING
  TODAY            0                         0      0        0
  MONTH TO DATE    0                         0      0        0
  SINCE JUN 1      0                         2     -2        0
  SINCE JUL 1      0                         0      0        0

 COOLING
  TODAY            5                        15    -10       13
  MONTH TO DATE  387                       446    -59      396
  SINCE JUN 1    788                       791     -3      795
  SINCE JAN 1   1046                       987     59      971
..................................................................


WIND (MPH)
  HIGHEST WIND SPEED    17   HIGHEST WIND DIRECTION     N (360)
  HIGHEST GUST SPEED    22   HIGHEST GUST DIRECTION     N (340)
  AVERAGE WIND SPEED     5.1


SKY COVER
  POSSIBLE SUNSHINE  MM
  AVERAGE SKY COVER  MM


WEATHER CONDITIONS
 THE FOLLOWING WEATHER WAS RECORDED TODAY.
  NO SIGNIFICANT WEATHER WAS OBSERVED.


RELATIVE HUMIDITY (PERCENT)
 HIGHEST    84           600 AM
 LOWEST     39           300 PM
 AVERAGE    62

..........................................................


THE CHATTANOOGA CLIMATE NORMALS FOR TOMORROW
                         NORMAL    RECORD    YEAR
 MAXIMUM TEMPERATURE (F)   90        99      1999
 MINIMUM TEMPERATURE (F)   70        56      1969


SUNRISE AND SUNSET
JULY 30 2014..........SUNRISE   649 AM EDT   SUNSET   845 PM EDT
JULY 31 2014..........SUNRISE   649 AM EDT   SUNSET   844 PM EDT


-  INDICATES NEGATIVE NUMBERS.
R  INDICATES RECORD WAS SET OR TIED.
MM INDICATES DATA IS MISSING.
T  INDICATES TRACE AMOUNT.




$$
