000
CDUS44 KMRX 232129
CLICHA


CLIMATE REPORT
NATIONAL WEATHER SERVICE MORRISTOWN TN
528 PM EDT THU MAR 23 2017


...................................

...THE CHATTANOOGA  ASOS CLIMATE SUMMARY FOR MARCH 23 2017...
VALID TODAY AS OF 0500 PM LOCAL TIME.

CLIMATE NORMAL PERIOD 1981 TO 2010
CLIMATE RECORD PERIOD 1879 TO 2017


WEATHER ITEM   OBSERVED TIME   RECORD YEAR NORMAL DEPARTURE LAST
                VALUE   (LST)  VALUE       VALUE  FROM      YEAR
                                                  NORMAL
..................................................................
TEMPERATURE (F)
 TODAY
  MAXIMUM         66    335 PM  86    1935  66      0       71
                                      1907
  MINIMUM         41    659 AM  20    1885  42     -1       49
  AVERAGE         54                        54      0       60

PRECIPITATION (IN)
  TODAY            0.00          1.93 1993   0.16  -0.16     0.00
  MONTH TO DATE    2.48                      3.69  -1.21     1.53
  SINCE MAR 1      2.48                      3.69  -1.21     1.53
  SINCE JAN 1     10.91                     13.44  -2.53    12.27

SNOWFALL (IN)
  TODAY            0.0                       0.0    0.0      0.0
  MONTH TO DATE    T                         1.0   -1.0       T
  SINCE MAR 1      T                         1.0   -1.0       T
  SINCE JUL 1      0.3                       3.6   -3.3      0.5
  SNOW DEPTH       0

DEGREE DAYS
 HEATING
  TODAY           11                        11      0        5
  MONTH TO DATE  326                       323      3      203
  SINCE MAR 1    326                       323      3      203
  SINCE JUL 1   2137                      2945   -808     2288

 COOLING
  TODAY            0                         0      0        0
  MONTH TO DATE    4                         0      4       12
  SINCE MAR 1      4                         0      4       12
  SINCE JAN 1      4                         0      4       12
..................................................................


WIND (MPH)
  HIGHEST WIND SPEED    18   HIGHEST WIND DIRECTION     S (160)
  HIGHEST GUST SPEED    26   HIGHEST GUST DIRECTION     S (170)
  AVERAGE WIND SPEED     6.3


SKY COVER
  POSSIBLE SUNSHINE  MM
  AVERAGE SKY COVER 0.4


WEATHER CONDITIONS
 THE FOLLOWING WEATHER WAS RECORDED TODAY.
  NO SIGNIFICANT WEATHER WAS OBSERVED.


RELATIVE HUMIDITY (PERCENT)
 HIGHEST    65           600 AM
 LOWEST     31           100 PM
 AVERAGE    48

..........................................................


THE CHATTANOOGA  ASOS CLIMATE NORMALS FOR TOMORROW
                         NORMAL    RECORD    YEAR
 MAXIMUM TEMPERATURE (F)   66        89      1929
 MINIMUM TEMPERATURE (F)   43        24      1968
                                             1885


SUNRISE AND SUNSET
MARCH 23 2017.........SUNRISE   740 AM EDT   SUNSET   755 PM EDT
MARCH 24 2017.........SUNRISE   738 AM EDT   SUNSET   756 PM EDT


-  INDICATES NEGATIVE NUMBERS.
R  INDICATES RECORD WAS SET OR TIED.
MM INDICATES DATA IS MISSING.
T  INDICATES TRACE AMOUNT.




$$
