000
CDUS44 KMRX 202116
CLICHA

CLIMATE REPORT
NATIONAL WEATHER SERVICE MORRISTOWN TN
515 PM EDT WED AUG 20 2014


...................................

...THE CHATTANOOGA  ASOS CLIMATE SUMMARY FOR AUGUST 20 2014...
VALID TODAY AS OF 0500 PM LOCAL TIME.

CLIMATE NORMAL PERIOD 1981 TO 2010
CLIMATE RECORD PERIOD 1879 TO 2014


WEATHER ITEM   OBSERVED TIME   RECORD YEAR NORMAL DEPARTURE LAST
                VALUE   (LST)  VALUE       VALUE  FROM      YEAR
                                                  NORMAL
..................................................................
TEMPERATURE (F)
 TODAY
  MAXIMUM         95    328 PM 102    1983  90      5       85
  MINIMUM         73    643 AM  56    1976  69      4       70
                                      1940
  AVERAGE         84                        79      5       78

PRECIPITATION (IN)
  TODAY            0.00          1.71 1994   0.11  -0.11     0.00
  MONTH TO DATE    2.21                      2.34  -0.13     5.40
  SINCE JUN 1      9.77                     11.30  -1.53    18.36
  SINCE JAN 1     27.06                     34.12  -7.06    53.03

SNOWFALL (IN)
  TODAY            0.0                       0.0    0.0      0.0
  MONTH TO DATE    0.0                       0.0    0.0      0.0
  SINCE JUN 1      0.0                       0.0    0.0      0.0
  SINCE JUL 1      0.0                       0.0    0.0      0.0
  SNOW DEPTH       0

DEGREE DAYS
 HEATING
  TODAY            0                         0      0        0
  MONTH TO DATE    0                         0      0        0
  SINCE JUN 1      0                         2     -2        0
  SINCE JUL 1      0                         0      0        0

 COOLING
  TODAY           19                        14      5       13
  MONTH TO DATE  274                       298    -24      249
  SINCE JUN 1   1070                      1106    -36     1053
  SINCE JAN 1   1328                      1302     26     1229
..................................................................


WIND (MPH)
  HIGHEST WIND SPEED    16   HIGHEST WIND DIRECTION    SW (240)
  HIGHEST GUST SPEED    20   HIGHEST GUST DIRECTION     W (250)
  AVERAGE WIND SPEED     3.5


SKY COVER
  POSSIBLE SUNSHINE  MM
  AVERAGE SKY COVER 0.5


WEATHER CONDITIONS
 THE FOLLOWING WEATHER WAS RECORDED TODAY.
  NO SIGNIFICANT WEATHER WAS OBSERVED.


RELATIVE HUMIDITY (PERCENT)
 HIGHEST    87          1200 AM
 LOWEST     46           400 PM
 AVERAGE    67

..........................................................


THE CHATTANOOGA  ASOS CLIMATE NORMALS FOR TOMORROW
                         NORMAL    RECORD    YEAR
 MAXIMUM TEMPERATURE (F)   90       103      1983
 MINIMUM TEMPERATURE (F)   69        56      1927


SUNRISE AND SUNSET
AUGUST 20 2014........SUNRISE   705 AM EDT   SUNSET   823 PM EDT
AUGUST 21 2014........SUNRISE   705 AM EDT   SUNSET   822 PM EDT


-  INDICATES NEGATIVE NUMBERS.
R  INDICATES RECORD WAS SET OR TIED.
MM INDICATES DATA IS MISSING.
T  INDICATES TRACE AMOUNT.




$$
