000
CDUS44 KMRX 251020
CLICHA

CLIMATE REPORT
NATIONAL WEATHER SERVICE MORRISTOWN TN

619 AM EDT MON MAY 25 2015


...................................

...THE CHATTANOOGA CLIMATE SUMMARY FOR MAY 24 2015...

CLIMATE NORMAL PERIOD 1981 TO 2010
CLIMATE RECORD PERIOD 1879 TO 2015


WEATHER ITEM   OBSERVED TIME   RECORD YEAR NORMAL DEPARTURE LAST
                VALUE   (LST)  VALUE       VALUE  FROM      YEAR
                                                  NORMAL
..................................................................
TEMPERATURE (F)
 YESTERDAY
  MAXIMUM         84    424 PM  94    1953  82      2       84
  MINIMUM         55    447 AM  41    1892  60     -5       68
  AVERAGE         70                        71     -1       76

PRECIPITATION (IN)
  YESTERDAY        0.00          1.33 2001   0.12  -0.12     0.00
  MONTH TO DATE    0.71                      3.22  -2.51     1.80
  SINCE MAR 1     14.19                     12.19   2.00     9.65
  SINCE JAN 1     21.18                     21.94  -0.76    17.24

SNOWFALL (IN)
  YESTERDAY        0.0                       0.0    0.0      0.0
  MONTH TO DATE    0.0                       0.0    0.0      0.0
  SINCE MAR 1      0.0                       1.3   -1.3       T
  SINCE JUL 1      9.5                       3.9    5.6      8.4
  SNOW DEPTH       0

DEGREE DAYS
 HEATING
  YESTERDAY        0                         1     -1        0
  MONTH TO DATE   13                        37    -24       47
  SINCE MAR 1    428                       615   -187      602
  SINCE JUL 1   3261                      3237     24     3396

 COOLING
  YESTERDAY        5                         6     -1       11
  MONTH TO DATE  155                        98     57      135
  SINCE MAR 1    202                       144     58      173
  SINCE JAN 1    202                       144     58      173
..................................................................


WIND (MPH)
  HIGHEST WIND SPEED    16   HIGHEST WIND DIRECTION    SE (130)
  HIGHEST GUST SPEED    23   HIGHEST GUST DIRECTION    SE (150)
  AVERAGE WIND SPEED     6.9


SKY COVER
  POSSIBLE SUNSHINE  MM
  AVERAGE SKY COVER 0.5


WEATHER CONDITIONS
 THE FOLLOWING WEATHER WAS RECORDED YESTERDAY.
  NO SIGNIFICANT WEATHER WAS OBSERVED.


RELATIVE HUMIDITY (PERCENT)
 HIGHEST    86           300 AM
 LOWEST     46           200 PM
 AVERAGE    66

..........................................................


THE CHATTANOOGA CLIMATE NORMALS FOR TODAY
NORMAL    RECORD    YEAR                     MAXIMUM TEMPERATURE (F)
  82        95      1953                     MINIMUM TEMPERATURE (F)
  60        46      1942
                    1925


SUNRISE AND SUNSET
MAY 25 2015...........SUNRISE   631 AM EDT   SUNSET   845 PM EDT
MAY 26 2015...........SUNRISE   630 AM EDT   SUNSET   846 PM EDT


-  INDICATES NEGATIVE NUMBERS.
R  INDICATES RECORD WAS SET OR TIED.
MM INDICATES DATA IS MISSING.
T  INDICATES TRACE AMOUNT.




$$
