000
CDUS44 KMRX 250845
CLICHA

CLIMATE REPORT
NATIONAL WEATHER SERVICE MORRISTOWN TN
445 AM EDT FRI APR 25 2014


...................................

...THE CHATTANOOGA CLIMATE SUMMARY FOR APRIL 24 2014...

CLIMATE NORMAL PERIOD 1981 TO 2010
CLIMATE RECORD PERIOD 1879 TO 2014


WEATHER ITEM   OBSERVED TIME   RECORD YEAR NORMAL DEPARTURE LAST
                VALUE   (LST)  VALUE       VALUE  FROM      YEAR
                                                  NORMAL
..................................................................
TEMPERATURE (F)
 YESTERDAY
  MAXIMUM         82    432 PM  92    1925  75      7       71
  MINIMUM         44    618 AM  34    1986  51     -7       50
                                      1982
                                      1910
  AVERAGE         63                        63      0       61

PRECIPITATION (IN)
  YESTERDAY        0.00          1.84 1937   0.13  -0.13     0.06
  MONTH TO DATE    3.00                      3.20  -0.20     5.73
  SINCE MAR 1      5.38                      8.18  -2.80    10.44
  SINCE JAN 1     12.97                     17.93  -4.96    24.12

SNOWFALL (IN)
  YESTERDAY        0.0                       0.0    0.0      0.0
  MONTH TO DATE    0.0                       0.1   -0.1      0.0
  SINCE MAR 1      T                         1.3   -1.3       T
  SINCE JUL 1      8.4                       3.9    4.5      0.3
  SNOW DEPTH       0

DEGREE DAYS
 HEATING
  YESTERDAY        2                         4     -2        4
  MONTH TO DATE  128                       155    -27      135
  SINCE MAR 1    563                       559      4      686
  SINCE JUL 1   3357                      3181    176     3002

 COOLING
  YESTERDAY        0                         2     -2        0
  MONTH TO DATE   15                        28    -13       34
  SINCE MAR 1     15                        35    -20       37
  SINCE JAN 1     15                        35    -20       39
..................................................................


WIND (MPH)
  HIGHEST WIND SPEED    17   HIGHEST WIND DIRECTION    SW (210)
  HIGHEST GUST SPEED    22   HIGHEST GUST DIRECTION     S (160)
  AVERAGE WIND SPEED     4.3


SKY COVER
  POSSIBLE SUNSHINE  MM
  AVERAGE SKY COVER  MM


WEATHER CONDITIONS
 THE FOLLOWING WEATHER WAS RECORDED YESTERDAY.
  NO SIGNIFICANT WEATHER WAS OBSERVED.


RELATIVE HUMIDITY (PERCENT)
 HIGHEST    89           600 AM
 LOWEST     23           300 PM
 AVERAGE    56

..........................................................


THE CHATTANOOGA CLIMATE NORMALS FOR TODAY
                         NORMAL    RECORD    YEAR
 MAXIMUM TEMPERATURE (F)   75        88      2009
                                             1986
                                             1960
 MINIMUM TEMPERATURE (F)   51        32      1974
                                             1910


SUNRISE AND SUNSET
APRIL 25 2014.........SUNRISE   657 AM EDT   SUNSET   821 PM EDT
APRIL 26 2014.........SUNRISE   655 AM EDT   SUNSET   822 PM EDT


-  INDICATES NEGATIVE NUMBERS.
R  INDICATES RECORD WAS SET OR TIED.
MM INDICATES DATA IS MISSING.
T  INDICATES TRACE AMOUNT.




$$
