000
CDUS44 KMRX 232211
CLICHA


CLIMATE REPORT
NATIONAL WEATHER SERVICE MORRISTOWN TN
511 PM EST TUE JAN 23 2018


...................................

...THE CHATTANOOGA  ASOS CLIMATE SUMMARY FOR JANUARY 23 2018...
VALID TODAY AS OF 0500 PM LOCAL TIME.

CLIMATE NORMAL PERIOD 1981 TO 2010
CLIMATE RECORD PERIOD 1879 TO 2018


WEATHER ITEM   OBSERVED TIME   RECORD YEAR NORMAL DEPARTURE LAST
                VALUE   (LST)  VALUE       VALUE  FROM      YEAR
                                                  NORMAL
..................................................................
TEMPERATURE (F)
 TODAY
  MAXIMUM         59   1229 AM  73    1927  51      8       57
  MINIMUM         40    803 AM  -3    1963  31      9       46
  AVERAGE         50                        41      9       52

PRECIPITATION (IN)
  TODAY            0.00          3.48 1887   0.16  -0.16     0.03
  MONTH TO DATE    0.84                      3.65  -2.81     4.65
  SINCE DEC 1      4.18                      8.55  -4.37     9.70
  SINCE JAN 1      0.84                      3.65  -2.81     4.65

SNOWFALL (IN)
  TODAY            0.0                       0.0    0.0      0.0
  MONTH TO DATE    0.3                       1.3   -1.0      0.3
  SINCE DEC 1      0.8                       1.6   -0.8      0.3
  SINCE JUL 1      0.8                       1.6   -0.8      0.3
  SNOW DEPTH       0

DEGREE DAYS
 HEATING
  TODAY           15                        24     -9       13
  MONTH TO DATE  703                       573    130      330
  SINCE DEC 1   1384                      1268    116      951
  SINCE JUL 1   1895                      1857     38     1271

 COOLING
  TODAY            0                         0      0        0
  MONTH TO DATE    0                         0      0        0
  SINCE DEC 1      0                         1     -1        0
  SINCE JAN 1      0                         0      0        0
..................................................................


WIND (MPH)
  HIGHEST WIND SPEED    28   HIGHEST WIND DIRECTION    SW (230)
  HIGHEST GUST SPEED    35   HIGHEST GUST DIRECTION    SW (240)
  AVERAGE WIND SPEED    10.2


SKY COVER
  POSSIBLE SUNSHINE  MM
  AVERAGE SKY COVER 0.3


WEATHER CONDITIONS
 THE FOLLOWING WEATHER WAS RECORDED TODAY.
  NO SIGNIFICANT WEATHER WAS OBSERVED.


RELATIVE HUMIDITY (PERCENT)
 HIGHEST    72           100 AM
 LOWEST     38           300 PM
 AVERAGE    55

..........................................................


THE CHATTANOOGA  ASOS CLIMATE NORMALS FOR TOMORROW
                         NORMAL    RECORD    YEAR
 MAXIMUM TEMPERATURE (F)   51        75      1950
 MINIMUM TEMPERATURE (F)   31        -7      1963


SUNRISE AND SUNSET
JANUARY 23 2018.......SUNRISE   745 AM EST   SUNSET   600 PM EST
JANUARY 24 2018.......SUNRISE   745 AM EST   SUNSET   601 PM EST


-  INDICATES NEGATIVE NUMBERS.
R  INDICATES RECORD WAS SET OR TIED.
MM INDICATES DATA IS MISSING.
T  INDICATES TRACE AMOUNT.




$$
