000
CDUS41 KLWX 272127
CLICHO


CLIMATE REPORT
NATIONAL WEATHER SERVICE BALTIMORE MD/WASHINGTON DC
527 PM EDT FRI MAY 27 2016


...................................

...THE CHARLOTTESVILLE VA CLIMATE SUMMARY FOR MAY 27 2016...
VALID TODAY AS OF 0500 PM LOCAL TIME.

CLIMATE NORMAL PERIOD 1981 TO 2010
CLIMATE RECORD PERIOD 1889 TO 2016


WEATHER ITEM   OBSERVED TIME   RECORD YEAR NORMAL DEPARTURE LAST
                VALUE   (LST)  VALUE       VALUE  FROM      YEAR
                                                  NORMAL
..................................................................
TEMPERATURE (F)
 TODAY
  MAXIMUM         87    358 PM  MM      MM  78      9       86
  MINIMUM         66    457 AM  MM      MM  55     11       69
  AVERAGE         77                        66     11       78

PRECIPITATION (IN)
  TODAY            0.00                      0.15  -0.15     0.00
  MONTH TO DATE    5.02                      3.37   1.65     1.65
  SINCE MAR 1      9.88                     10.39  -0.51     9.83
  SINCE JAN 1     16.00                     15.86   0.14    12.49

DEGREE DAYS
 HEATING
  TODAY            0                                         0
  MONTH TO DATE  119                                        43
  SINCE MAR 1    722                                       893
  SINCE JUL 1   3480                                      4408

 COOLING
  TODAY           12                                        13
  MONTH TO DATE   48                                       127
  SINCE MAR 1     75                                       135
  SINCE JAN 1     75                                       135
..................................................................


WIND (MPH)
  HIGHEST WIND SPEED    13   HIGHEST WIND DIRECTION     S (160)
  HIGHEST GUST SPEED    15   HIGHEST GUST DIRECTION     S (180)
  AVERAGE WIND SPEED     4.1


SKY COVER
  POSSIBLE SUNSHINE  MM
  AVERAGE SKY COVER 0.2


WEATHER CONDITIONS
 THE FOLLOWING WEATHER WAS RECORDED TODAY.
  NO SIGNIFICANT WEATHER WAS OBSERVED.


RELATIVE HUMIDITY (PERCENT)
 HIGHEST    87           300 AM
 LOWEST     51           100 PM
 AVERAGE    69

..........................................................


THE CHARLOTTESVILLE VA CLIMATE NORMALS FOR TOMORROW
                         NORMAL    RECORD    YEAR
 MAXIMUM TEMPERATURE (F)   78        MM        MM
 MINIMUM TEMPERATURE (F)   55        MM        MM


SUNRISE AND SUNSET
MAY 27 2016...........SUNRISE   555 AM EDT   SUNSET   828 PM EDT
MAY 28 2016...........SUNRISE   554 AM EDT   SUNSET   829 PM EDT


-  INDICATES NEGATIVE NUMBERS.
R  INDICATES RECORD WAS SET OR TIED.
MM INDICATES DATA IS MISSING.
T  INDICATES TRACE AMOUNT.




$$
