000
CDUS41 KLWX 210528
CLICHO


CLIMATE REPORT
NATIONAL WEATHER SERVICE BALTIMORE MD/WASHINGTON DC
128 AM EDT SAT OCT 21 2017


...................................

...THE CHARLOTTESVILLE VA CLIMATE SUMMARY FOR OCTOBER 20 2017...

CLIMATE NORMAL PERIOD 1981 TO 2010
CLIMATE RECORD PERIOD 1998 TO 2017


WEATHER ITEM   OBSERVED TIME   RECORD YEAR NORMAL DEPARTURE LAST
                VALUE   (LST)  VALUE       VALUE  FROM      YEAR
                                                  NORMAL
..................................................................
TEMPERATURE (F)
 YESTERDAY
  MAXIMUM         81    153 PM  MM      MM  67     14       86
  MINIMUM         47    440 AM  MM      MM  43      4       65
  AVERAGE         64                        55      9       76

PRECIPITATION (IN)
  YESTERDAY        0.00                      0.10  -0.10     0.00
  MONTH TO DATE    0.82                      2.08  -1.26     0.71
  SINCE SEP 1      2.77                      6.56  -3.79     4.37
  SINCE JAN 1     30.11                     34.70  -4.59    30.33

DEGREE DAYS
 HEATING
  YESTERDAY        1                        10     -9        0
  MONTH TO DATE   55                       157   -102       60
  SINCE SEP 1     82                       212   -130       61
  SINCE JUL 1     82                       215   -133       61

 COOLING
  YESTERDAY        0                         0      0       11
  MONTH TO DATE   84                        12     72       45
  SINCE SEP 1    272                       123    149      339
  SINCE JAN 1   1590                      1033    557     1683
..................................................................


WIND (MPH)
  HIGHEST WIND SPEED     8   HIGHEST WIND DIRECTION    NW (330)
  HIGHEST GUST SPEED    11   HIGHEST GUST DIRECTION    NW (300)
  AVERAGE WIND SPEED     2.5


SKY COVER
  POSSIBLE SUNSHINE  MM
  AVERAGE SKY COVER 0.0


WEATHER CONDITIONS
 THE FOLLOWING WEATHER WAS RECORDED YESTERDAY.
  NO SIGNIFICANT WEATHER WAS OBSERVED.


RELATIVE HUMIDITY (PERCENT)
 HIGHEST    93           200 AM
 LOWEST     30           300 PM
 AVERAGE    62

..........................................................


THE CHARLOTTESVILLE VA CLIMATE NORMALS FOR TODAY
                         NORMAL    RECORD    YEAR
 MAXIMUM TEMPERATURE (F)   66        MM        MM
 MINIMUM TEMPERATURE (F)   43        MM        MM


SUNRISE AND SUNSET
OCTOBER 21 2017.......SUNRISE   729 AM EDT   SUNSET   628 PM EDT
OCTOBER 22 2017.......SUNRISE   730 AM EDT   SUNSET   626 PM EDT


-  INDICATES NEGATIVE NUMBERS.
R  INDICATES RECORD WAS SET OR TIED.
MM INDICATES DATA IS MISSING.
T  INDICATES TRACE AMOUNT.




$$
