000
CDUS41 KLWX 250525
CLICHO


CLIMATE REPORT
NATIONAL WEATHER SERVICE BALTIMORE MD/WASHINGTON DC
125 AM EDT SUN JUN 25 2017


...................................

...THE CHARLOTTESVILLE VA CLIMATE SUMMARY FOR JUNE 24 2017...

CLIMATE NORMAL PERIOD 1981 TO 2010
CLIMATE RECORD PERIOD 1998 TO 2017


WEATHER ITEM   OBSERVED TIME   RECORD YEAR NORMAL DEPARTURE LAST
                VALUE   (LST)  VALUE       VALUE  FROM      YEAR
                                                  NORMAL
..................................................................
TEMPERATURE (F)
 YESTERDAY
  MAXIMUM         87    502 PM  MM      MM  85      2       86
  MINIMUM         68   1153 PM  MM      MM  63      5       66
  AVERAGE         78                        74      4       76

PRECIPITATION (IN)
  YESTERDAY        0.02                      0.11  -0.09     0.01
  MONTH TO DATE    2.60                      3.07  -0.47     3.75
  SINCE JUN 1      2.60                      3.07  -0.47     3.75
  SINCE JAN 1     20.15                     19.54   0.61    20.26

DEGREE DAYS
 HEATING
  YESTERDAY        0                         0      0        0
  MONTH TO DATE    1                         8     -7        0
  SINCE JUN 1      1                         8     -7        0
  SINCE JUL 1   3092                      4441  -1349     3480

 COOLING
  YESTERDAY       13                         9      4       11
  MONTH TO DATE  245                       161     84      229
  SINCE JUN 1    245                       161     84      229
  SINCE JAN 1    455                       247    208      342
..................................................................


WIND (MPH)
  HIGHEST WIND SPEED    18   HIGHEST WIND DIRECTION     S (200)
  HIGHEST GUST SPEED    28   HIGHEST GUST DIRECTION    SW (210)
  AVERAGE WIND SPEED     3.4


SKY COVER
  POSSIBLE SUNSHINE  MM
  AVERAGE SKY COVER 0.1


WEATHER CONDITIONS
 THE FOLLOWING WEATHER WAS RECORDED YESTERDAY.
  LIGHT RAIN
  FOG


RELATIVE HUMIDITY (PERCENT)
 HIGHEST    87           500 AM
 LOWEST     37           400 PM
 AVERAGE    62

..........................................................


THE CHARLOTTESVILLE VA CLIMATE NORMALS FOR TODAY
                         NORMAL    RECORD    YEAR
 MAXIMUM TEMPERATURE (F)   86        MM        MM
 MINIMUM TEMPERATURE (F)   63        MM        MM


SUNRISE AND SUNSET
JUNE 25 2017..........SUNRISE   552 AM EDT   SUNSET   841 PM EDT
JUNE 26 2017..........SUNRISE   553 AM EDT   SUNSET   841 PM EDT


-  INDICATES NEGATIVE NUMBERS.
R  INDICATES RECORD WAS SET OR TIED.
MM INDICATES DATA IS MISSING.
T  INDICATES TRACE AMOUNT.




$$
