308
CDUS41 KLWX 100531
CLICHO


CLIMATE REPORT
NATIONAL WEATHER SERVICE BALTIMORE MD/WASHINGTON DC
1230 AM EST WED FEB 10 2016


...................................

...THE CHARLOTTESVILLE VA CLIMATE SUMMARY FOR FEBRUARY 9 2016...

CLIMATE NORMAL PERIOD 1981 TO 2010
CLIMATE RECORD PERIOD 1889 TO 2016


WEATHER ITEM   OBSERVED TIME   RECORD YEAR NORMAL DEPARTURE LAST
                VALUE   (LST)  VALUE       VALUE  FROM      YEAR
                                                  NORMAL
..................................................................
TEMPERATURE (F)
 YESTERDAY
  MAXIMUM         45    203 PM  MM      MM  47     -2       54
  MINIMUM         31   1159 PM  MM      MM  27      4       35
  AVERAGE         38                        37      1       45

PRECIPITATION (IN)
  YESTERDAY        0.00                      0.10  -0.10     0.03
  MONTH TO DATE    1.03                      0.72   0.31     0.12
  SINCE DEC 1      6.72                      6.64   0.08     4.61
  SINCE JAN 1      2.89                      3.49  -0.60     1.82

DEGREE DAYS
 HEATING
  YESTERDAY       27                        28     -1       20
  MONTH TO DATE  204                       256    -52      243
  SINCE DEC 1   1590                      2025   -435     1911
  SINCE JUL 1   2236                      2916   -680     2765

 COOLING
  YESTERDAY        0                         0      0        0
  MONTH TO DATE    0                         0      0        0
  SINCE DEC 1      2                         0      2        0
  SINCE JAN 1      0                         0      0        0
..................................................................


WIND (MPH)
  HIGHEST WIND SPEED    13   HIGHEST WIND DIRECTION     W (290)
  HIGHEST GUST SPEED    20   HIGHEST GUST DIRECTION    NW (310)
  AVERAGE WIND SPEED     4.7


SKY COVER
  POSSIBLE SUNSHINE  MM
  AVERAGE SKY COVER 1.0


WEATHER CONDITIONS
 THE FOLLOWING WEATHER WAS RECORDED YESTERDAY.
  FOG
  FOG W/VISIBILITY <= 1/4 MILE


RELATIVE HUMIDITY (PERCENT)
 HIGHEST   100           200 AM
 LOWEST     39           300 PM
 AVERAGE    70

..........................................................


THE CHARLOTTESVILLE VA CLIMATE NORMALS FOR TODAY
                         NORMAL    RECORD    YEAR
 MAXIMUM TEMPERATURE (F)   47        MM        MM
 MINIMUM TEMPERATURE (F)   27        MM        MM


SUNRISE AND SUNSET
FEBRUARY 10 2016......SUNRISE   710 AM EST   SUNSET   546 PM EST
FEBRUARY 11 2016......SUNRISE   709 AM EST   SUNSET   547 PM EST


-  INDICATES NEGATIVE NUMBERS.
R  INDICATES RECORD WAS SET OR TIED.
MM INDICATES DATA IS MISSING.
T  INDICATES TRACE AMOUNT.




$$
