000
CDUS41 KLWX 020529
CLICHO


CLIMATE REPORT
NATIONAL WEATHER SERVICE BALTIMORE MD/WASHINGTON DC
128 AM EDT MON MAY 2 2016


...................................

...THE CHARLOTTESVILLE VA CLIMATE SUMMARY FOR MAY 1 2016...

CLIMATE NORMAL PERIOD 1981 TO 2010
CLIMATE RECORD PERIOD 1889 TO 2016


WEATHER ITEM   OBSERVED TIME   RECORD YEAR NORMAL DEPARTURE LAST
                VALUE   (LST)  VALUE       VALUE  FROM      YEAR
                                                  NORMAL
..................................................................
TEMPERATURE (F)
 YESTERDAY
  MAXIMUM         69    405 PM  MM      MM  71     -2       61
  MINIMUM         53    914 AM  MM      MM  47      6       52
  AVERAGE         61                        59      2       57

PRECIPITATION (IN)
  YESTERDAY        0.69                      0.10   0.59     0.32
  MONTH TO DATE    0.69                      0.10   0.59     0.32
  SINCE MAR 1      5.55                      7.12  -1.57     8.50
  SINCE JAN 1     11.67                     12.59  -0.92    11.16

DEGREE DAYS
 HEATING
  YESTERDAY        4                         7     -3        8
  MONTH TO DATE    4                         7     -3        8
  SINCE MAR 1    607                       907   -300      858
  SINCE JUL 1   3365                      4319   -954     4373

 COOLING
  YESTERDAY        0                         1     -1        0
  MONTH TO DATE    0                         1     -1        0
  SINCE MAR 1     27                        22      5        8
  SINCE JAN 1     27                        22      5        8
..................................................................


WIND (MPH)
  HIGHEST WIND SPEED    16   HIGHEST WIND DIRECTION    SE (140)
  HIGHEST GUST SPEED    19   HIGHEST GUST DIRECTION    SE (140)
  AVERAGE WIND SPEED     5.1


SKY COVER
  POSSIBLE SUNSHINE  MM
  AVERAGE SKY COVER 0.9


WEATHER CONDITIONS
 THE FOLLOWING WEATHER WAS RECORDED YESTERDAY.
  THUNDERSTORM
  HEAVY RAIN
  RAIN
  LIGHT RAIN
  FOG


RELATIVE HUMIDITY (PERCENT)
 HIGHEST    93           200 AM
 LOWEST     73           200 PM
 AVERAGE    83

..........................................................


THE CHARLOTTESVILLE VA CLIMATE NORMALS FOR TODAY
                         NORMAL    RECORD    YEAR
 MAXIMUM TEMPERATURE (F)   72        MM        MM
 MINIMUM TEMPERATURE (F)   47        MM        MM


SUNRISE AND SUNSET
MAY  2 2016...........SUNRISE   616 AM EDT   SUNSET   806 PM EDT
MAY  3 2016...........SUNRISE   615 AM EDT   SUNSET   807 PM EDT


-  INDICATES NEGATIVE NUMBERS.
R  INDICATES RECORD WAS SET OR TIED.
MM INDICATES DATA IS MISSING.
T  INDICATES TRACE AMOUNT.




$$
