000
CDUS41 KLWX 170522
CLICHO


CLIMATE REPORT
NATIONAL WEATHER SERVICE BALTIMORE MD/WASHINGTON DC
122 AM EDT WED SEP 17 2014


...................................

...THE CHARLOTTESVILLE VA CLIMATE SUMMARY FOR SEPTEMBER 16 2014...

CLIMATE NORMAL PERIOD 1981 TO 2010
CLIMATE RECORD PERIOD 1889 TO 2014


WEATHER ITEM   OBSERVED TIME   RECORD YEAR NORMAL DEPARTURE LAST
                VALUE   (LST)  VALUE       VALUE  FROM      YEAR
                                                  NORMAL
..................................................................
TEMPERATURE (F)
 YESTERDAY
  MAXIMUM         80   1256 PM  MM      MM  78      2       70
  MINIMUM         59   1159 PM  MM      MM  56      3       53
  AVERAGE         70                        67      3       62

PRECIPITATION (IN)
  YESTERDAY        0.00                      0.19  -0.19      T
  MONTH TO DATE    0.28                      1.94  -1.66     0.07
  SINCE SEP 1      0.28                      1.94  -1.66     0.07
  SINCE JAN 1     28.78                     30.08  -1.30    33.59

DEGREE DAYS
 HEATING
  YESTERDAY        0                         2     -2        3
  MONTH TO DATE    7                         9     -2       14
  SINCE SEP 1      7                         9     -2       14
  SINCE JUL 1      7                        12     -5       19

 COOLING
  YESTERDAY        5                         3      2        0
  MONTH TO DATE  137                        81     56      105
  SINCE SEP 1    137                        81     56      105
  SINCE JAN 1   1065                       991     74     1107
..................................................................


WIND (MPH)
  HIGHEST WIND SPEED    12   HIGHEST WIND DIRECTION     N (340)
  HIGHEST GUST SPEED    17   HIGHEST GUST DIRECTION     N (340)
  AVERAGE WIND SPEED     3.5


SKY COVER
  POSSIBLE SUNSHINE  MM
  AVERAGE SKY COVER 0.5


WEATHER CONDITIONS
 THE FOLLOWING WEATHER WAS RECORDED YESTERDAY.
  FOG
  FOG W/VISIBILITY <= 1/4 MILE


RELATIVE HUMIDITY (PERCENT)
 HIGHEST   100           400 AM
 LOWEST     45           100 PM
 AVERAGE    73

..........................................................


THE CHARLOTTESVILLE VA CLIMATE NORMALS FOR TODAY
                         NORMAL    RECORD    YEAR
 MAXIMUM TEMPERATURE (F)   78        MM        MM
 MINIMUM TEMPERATURE (F)   55        MM        MM


SUNRISE AND SUNSET
SEPTEMBER 17 2014.....SUNRISE   657 AM EDT   SUNSET   719 PM EDT
SEPTEMBER 18 2014.....SUNRISE   658 AM EDT   SUNSET   717 PM EDT


-  INDICATES NEGATIVE NUMBERS.
R  INDICATES RECORD WAS SET OR TIED.
MM INDICATES DATA IS MISSING.
T  INDICATES TRACE AMOUNT.




$$
