000
CDUS42 KCHS 282112
CLICHS


CLIMATE REPORT
NATIONAL WEATHER SERVICE CHARLESTON SC
512 PM EDT FRI AUG 28 2015


...................................

...THE NORTH CHARLESTON SC CLIMATE SUMMARY FOR AUGUST 28 2015...
VALID TODAY AS OF 0500 PM LOCAL TIME.

CLIMATE NORMAL PERIOD 1981 TO 2010
CLIMATE RECORD PERIOD 1938 TO 2015


WEATHER ITEM   OBSERVED TIME   RECORD YEAR NORMAL DEPARTURE LAST
                VALUE   (LST)  VALUE       VALUE  FROM      YEAR
                                                  NORMAL
..................................................................
TEMPERATURE (F)
 TODAY
  MAXIMUM         88    201 PM  98    1990  88      0       92
  MINIMUM         71    705 AM  60    1986  71      0       69
  AVERAGE         80                        80      0       81

PRECIPITATION (IN)
  TODAY            0.00          3.33 1949   0.25  -0.25     0.00
  MONTH TO DATE    3.74                      6.43  -2.69     7.08
  SINCE JUN 1     19.15                     18.61   0.54    18.08
  SINCE JAN 1     34.37                     34.92  -0.55    35.33

SNOWFALL (IN)
  TODAY            0.0                       0.0    0.0
  SINCE JUN 1      0.0                       0.0    0.0
  SINCE JUL 1      0.0                       0.0    0.0

DEGREE DAYS
 HEATING
  TODAY            0                         0      0        0
  MONTH TO DATE    0                         0      0        0
  SINCE JUN 1      0                         1     -1        0
  SINCE JUL 1      0                         0      0        0

 COOLING
  TODAY           15                        15      0       16
  MONTH TO DATE  472                       450     22      515
  SINCE JUN 1   1574                      1400    174     1599
  SINCE JAN 1   2007                      1762    245     2109
..................................................................


WIND (MPH)
  HIGHEST WIND SPEED    16   HIGHEST WIND DIRECTION     E (80)
  HIGHEST GUST SPEED    20   HIGHEST GUST DIRECTION     E (70)
  AVERAGE WIND SPEED     8.3


SKY COVER
  POSSIBLE SUNSHINE  MM
  AVERAGE SKY COVER 0.7


WEATHER CONDITIONS
 THE FOLLOWING WEATHER WAS RECORDED TODAY.
  NO SIGNIFICANT WEATHER WAS OBSERVED.


RELATIVE HUMIDITY (PERCENT)
 HIGHEST    93          1200 AM
 LOWEST     59           100 PM
 AVERAGE    76

..........................................................


THE NORTH CHARLESTON SC CLIMATE NORMALS FOR TOMORROW
                         NORMAL    RECORD    YEAR
 MAXIMUM TEMPERATURE (F)   88        97      1990
 MINIMUM TEMPERATURE (F)   71        57      1986


SUNRISE AND SUNSET
AUGUST 28 2015........SUNRISE   652 AM EDT   SUNSET   750 PM EDT
AUGUST 29 2015........SUNRISE   653 AM EDT   SUNSET   749 PM EDT


-  INDICATES NEGATIVE NUMBERS.
R  INDICATES RECORD WAS SET OR TIED.
MM INDICATES DATA IS MISSING.
T  INDICATES TRACE AMOUNT.




$$
