000
CDUS42 KCHS 250606
CLICHS


CLIMATE REPORT
NATIONAL WEATHER SERVICE CHARLESTON SC
105 AM EST SAT FEB 25 2017


...................................

...THE NORTH CHARLESTON SC CLIMATE SUMMARY FOR FEBRUARY 24 2017...

CLIMATE NORMAL PERIOD 1981 TO 2010
CLIMATE RECORD PERIOD 1938 TO 2017


WEATHER ITEM   OBSERVED TIME   RECORD YEAR NORMAL DEPARTURE LAST
                VALUE   (LST)  VALUE       VALUE  FROM      YEAR
                                                  NORMAL
..................................................................
TEMPERATURE (F)
 YESTERDAY
  MAXIMUM         81R   234 PM  81    2012  65     16       77
                                      1996
  MINIMUM         55    714 AM  21    1939  42     13       55
  AVERAGE         68                        54     14       66

PRECIPITATION (IN)
  YESTERDAY        0.00          2.25 1963   0.11  -0.11     0.19
  MONTH TO DATE    0.40                      2.54  -2.14     4.89
  SINCE DEC 1      8.96                      9.36  -0.40    11.43
  SINCE JAN 1      4.18                      6.25  -2.07     8.29

SNOWFALL (IN)
  YESTERDAY        0.0                       0.0    0.0
  SINCE DEC 1      T                         0.5   -0.5
  SINCE JUL 1      T                         0.5   -0.5

DEGREE DAYS
 HEATING
  YESTERDAY        0                        12    -12        0
  MONTH TO DATE  154                       333   -179      306
  SINCE DEC 1    734                      1300   -566      964
  SINCE JUL 1    952                      1592   -640     1110

 COOLING
  YESTERDAY        3                         0      3        1
  MONTH TO DATE   13                         0     13        8
  SINCE DEC 1     35                         9     26      105
  SINCE JAN 1     28                         2     26        8
..................................................................


WIND (MPH)
  HIGHEST WIND SPEED    15   HIGHEST WIND DIRECTION    SE (130)
  HIGHEST GUST SPEED    18   HIGHEST GUST DIRECTION    SE (130)
  AVERAGE WIND SPEED     6.8


SKY COVER
  POSSIBLE SUNSHINE  MM
  AVERAGE SKY COVER 0.1


WEATHER CONDITIONS
 THE FOLLOWING WEATHER WAS RECORDED YESTERDAY.
  FOG


RELATIVE HUMIDITY (PERCENT)
 HIGHEST    93          1200 AM
 LOWEST     45           200 PM
 AVERAGE    69

..........................................................


THE NORTH CHARLESTON SC CLIMATE NORMALS FOR TODAY
                         NORMAL    RECORD    YEAR
 MAXIMUM TEMPERATURE (F)   65        80      1949
 MINIMUM TEMPERATURE (F)   43        18      1967


SUNRISE AND SUNSET
FEBRUARY 25 2017......SUNRISE   652 AM EST   SUNSET   614 PM EST
FEBRUARY 26 2017......SUNRISE   651 AM EST   SUNSET   615 PM EST


-  INDICATES NEGATIVE NUMBERS.
R  INDICATES RECORD WAS SET OR TIED.
MM INDICATES DATA IS MISSING.
T  INDICATES TRACE AMOUNT.




$$
