000
CDUS42 KCHS 020601
CLICHS


CLIMATE REPORT
NATIONAL WEATHER SERVICE CHARLESTON SC
201 AM EDT THU JUL 2 2015


...................................

...THE NORTH CHARLESTON SC CLIMATE SUMMARY FOR JULY 1 2015...

CLIMATE NORMAL PERIOD 1981 TO 2010
CLIMATE RECORD PERIOD 1938 TO 2015


WEATHER ITEM   OBSERVED TIME   RECORD YEAR NORMAL DEPARTURE LAST
                VALUE   (LST)  VALUE       VALUE  FROM      YEAR
                                                  NORMAL
..................................................................
TEMPERATURE (F)
 YESTERDAY
  MAXIMUM         88    400 PM 100    1970  90     -2       93
  MINIMUM         71    616 AM  61    1940  72     -1       73
  AVERAGE         80                        81     -1       83

PRECIPITATION (IN)
  YESTERDAY        0.00          2.66 1948   0.21  -0.21     0.00
  MONTH TO DATE    0.00                      0.21  -0.21     0.00
  SINCE JUN 1      7.69                      5.86   1.83     3.59
  SINCE JAN 1     22.91                     22.17   0.74    20.84

DEGREE DAYS
 HEATING
  YESTERDAY        0                         0      0        0
  MONTH TO DATE    0                         0      0        0
  SINCE JUN 1      0                         1     -1        0
  SINCE JUL 1      0                         0      0        0

 COOLING
  YESTERDAY       15                        16     -1       18
  MONTH TO DATE   15                        16     -1       18
  SINCE JUN 1    543                       437    106      536
  SINCE JAN 1    976                       799    177     1046
..................................................................


WIND (MPH)
  HIGHEST WIND SPEED    15   HIGHEST WIND DIRECTION     W (250)
  HIGHEST GUST SPEED    20   HIGHEST GUST DIRECTION    SW (230)
  AVERAGE WIND SPEED     7.8


SKY COVER
  POSSIBLE SUNSHINE  MM
  AVERAGE SKY COVER 0.6


WEATHER CONDITIONS
 THE FOLLOWING WEATHER WAS RECORDED YESTERDAY.
  NO SIGNIFICANT WEATHER WAS OBSERVED.


RELATIVE HUMIDITY (PERCENT)
 HIGHEST    93          1200 AM
 LOWEST     55           300 PM
 AVERAGE    74

..........................................................


THE NORTH CHARLESTON SC CLIMATE NORMALS FOR TODAY
                         NORMAL    RECORD    YEAR
 MAXIMUM TEMPERATURE (F)   91        99      1996
 MINIMUM TEMPERATURE (F)   72        62      1988
                                             1975


SUNRISE AND SUNSET
JULY  2 2015..........SUNRISE   616 AM EDT   SUNSET   832 PM EDT
JULY  3 2015..........SUNRISE   616 AM EDT   SUNSET   832 PM EDT


-  INDICATES NEGATIVE NUMBERS.
R  INDICATES RECORD WAS SET OR TIED.
MM INDICATES DATA IS MISSING.
T  INDICATES TRACE AMOUNT.




$$
