000
CDUS42 KCHS 270533
CLICHS


CLIMATE REPORT
NATIONAL WEATHER SERVICE CHARLESTON SC
1233 AM EST SAT DEC 27 2014


...................................

...THE NORTH CHARLESTON SC CLIMATE SUMMARY FOR DECEMBER 26 2014...

CLIMATE NORMAL PERIOD 1981 TO 2010
CLIMATE RECORD PERIOD 1938 TO 2014


WEATHER ITEM   OBSERVED TIME   RECORD YEAR NORMAL DEPARTURE LAST
                VALUE   (LST)  VALUE       VALUE  FROM      YEAR
                                                  NORMAL
..................................................................
TEMPERATURE (F)
 YESTERDAY
  MAXIMUM         65    410 PM  78    1942  59      6       51
  MINIMUM         35    617 AM  11    1983  38     -3       40
  AVERAGE         50                        49      1       46

PRECIPITATION (IN)
  YESTERDAY        0.00          2.04 1941   0.11  -0.11     0.08
  MONTH TO DATE    3.21                      2.58   0.63     1.57
  SINCE DEC 1      3.21                      2.58   0.63     1.57
  SINCE JAN 1     52.81                     50.50   2.31    57.53

SNOWFALL (IN)
  YESTERDAY        0.0                       0.0    0.0
  SINCE DEC 1      0.0                       0.2   -0.2
  SINCE JUL 1      0.0                       0.2   -0.2

DEGREE DAYS
 HEATING
  YESTERDAY       15                        16     -1       19
  MONTH TO DATE  310                       363    -53      239
  SINCE DEC 1    310                       363    -53      239
  SINCE JUL 1    648                       655     -7      544

 COOLING
  YESTERDAY        0                         0      0        0
  MONTH TO DATE    0                         0      0       34
  SINCE DEC 1      0                         0      0       34
  SINCE JAN 1   2769                      2297    472     2463
..................................................................


WIND (MPH)
  HIGHEST WIND SPEED     8   HIGHEST WIND DIRECTION    SE (150)
  HIGHEST GUST SPEED    10   HIGHEST GUST DIRECTION     S (170)
  AVERAGE WIND SPEED     1.8


SKY COVER
  POSSIBLE SUNSHINE  MM
  AVERAGE SKY COVER 0.2


WEATHER CONDITIONS
 THE FOLLOWING WEATHER WAS RECORDED YESTERDAY.
  FOG


RELATIVE HUMIDITY (PERCENT)
 HIGHEST   100           100 AM
 LOWEST     48           300 PM
 AVERAGE    74

..........................................................


THE NORTH CHARLESTON SC CLIMATE NORMALS FOR TODAY
                         NORMAL    RECORD    YEAR
 MAXIMUM TEMPERATURE (F)   59        78      1971
 MINIMUM TEMPERATURE (F)   38        22      1983


SUNRISE AND SUNSET
DECEMBER 27 2014......SUNRISE   721 AM EST   SUNSET   521 PM EST
DECEMBER 28 2014......SUNRISE   722 AM EST   SUNSET   522 PM EST


-  INDICATES NEGATIVE NUMBERS.
R  INDICATES RECORD WAS SET OR TIED.
MM INDICATES DATA IS MISSING.
T  INDICATES TRACE AMOUNT.




$$
