000
CDUS42 KCHS 302124
CLICHS


CLIMATE REPORT
NATIONAL WEATHER SERVICE CHARLESTON SC
523 PM EDT SAT JUL 30 2016


...................................

...THE NORTH CHARLESTON SC CLIMATE SUMMARY FOR JULY 30 2016...
VALID TODAY AS OF 0500 PM LOCAL TIME.

CLIMATE NORMAL PERIOD 1981 TO 2010
CLIMATE RECORD PERIOD 1938 TO 2016


WEATHER ITEM   OBSERVED TIME   RECORD YEAR NORMAL DEPARTURE LAST
                VALUE   (LST)  VALUE       VALUE  FROM      YEAR
                                                  NORMAL
..................................................................
TEMPERATURE (F)
 TODAY
  MAXIMUM         99    225 PM 100    1999  91      8       95
  MINIMUM         81    608 AM  65    1960  73      8       75
  AVERAGE         90                        82      8       85

PRECIPITATION (IN)
  TODAY            0.00          1.80 2007   0.21  -0.21     0.00
  MONTH TO DATE    4.32                      6.32  -2.00     7.72
  SINCE JUN 1      7.46                     11.97  -4.51    15.41
  SINCE JAN 1     28.21                     28.28  -0.07    30.63

SNOWFALL (IN)
  TODAY            0.0                       0.0    0.0
  SINCE JUN 1      0.0                       0.0    0.0
  SINCE JUL 1      0.0                       0.0    0.0

DEGREE DAYS
 HEATING
  TODAY            0                         0      0        0
  MONTH TO DATE    0                         0      0        0
  SINCE JUN 1      0                         1     -1        0
  SINCE JUL 1      0                         0      0        0

 COOLING
  TODAY           25                        17      8       20
  MONTH TO DATE  643                       507    136      555
  SINCE JUN 1   1168                       928    240     1083
  SINCE JAN 1   1663                      1290    373     1516
..................................................................


WIND (MPH)
  HIGHEST WIND SPEED    22   HIGHEST WIND DIRECTION     S (190)
  HIGHEST GUST SPEED    26   HIGHEST GUST DIRECTION     S (200)
  AVERAGE WIND SPEED     7.3


SKY COVER
  POSSIBLE SUNSHINE  MM
  AVERAGE SKY COVER 0.2


WEATHER CONDITIONS
 THE FOLLOWING WEATHER WAS RECORDED TODAY.
  NO SIGNIFICANT WEATHER WAS OBSERVED.


RELATIVE HUMIDITY (PERCENT)
 HIGHEST    88           100 AM
 LOWEST     38           200 PM
 AVERAGE    63

..........................................................


THE NORTH CHARLESTON SC CLIMATE NORMALS FOR TOMORROW
                         NORMAL    RECORD    YEAR
 MAXIMUM TEMPERATURE (F)   91       101      1999
 MINIMUM TEMPERATURE (F)   73        63      1997


SUNRISE AND SUNSET
JULY 30 2016..........SUNRISE   633 AM EDT   SUNSET   820 PM EDT
JULY 31 2016..........SUNRISE   633 AM EDT   SUNSET   819 PM EDT


-  INDICATES NEGATIVE NUMBERS.
R  INDICATES RECORD WAS SET OR TIED.
MM INDICATES DATA IS MISSING.
T  INDICATES TRACE AMOUNT.




$$
