000
CDUS42 KCHS 112204
CLICHS


CLIMATE REPORT
NATIONAL WEATHER SERVICE CHARLESTON SC
503 PM EST THU FEB 11 2016


...................................

...THE NORTH CHARLESTON SC CLIMATE SUMMARY FOR FEBRUARY 11 2016...
VALID TODAY AS OF 0500 PM LOCAL TIME.

CLIMATE NORMAL PERIOD 1981 TO 2010
CLIMATE RECORD PERIOD 1938 TO 2016


WEATHER ITEM   OBSERVED TIME   RECORD YEAR NORMAL DEPARTURE LAST
                VALUE   (LST)  VALUE       VALUE  FROM      YEAR
                                                  NORMAL
..................................................................
TEMPERATURE (F)
 TODAY
  MAXIMUM         57    317 PM  79    1939  62     -5       59
  MINIMUM         26    641 AM  16    1973  40    -14       35
  AVERAGE         42                        51     -9       47

PRECIPITATION (IN)
  TODAY            0.00          1.89 1995   0.10  -0.10     0.00
  MONTH TO DATE    3.33                      1.18   2.15     0.98
  SINCE DEC 1      9.87                      8.00   1.87     7.91
  SINCE JAN 1      6.73                      4.89   1.84     4.51

SNOWFALL (IN)
  TODAY            0.0                       0.0    0.0
  SINCE DEC 1      T                         0.4   -0.4
  SINCE JUL 1      T                         0.4   -0.4

DEGREE DAYS
 HEATING
  TODAY           23                        14      9       18
  MONTH TO DATE  165                       165      0      181
  SINCE DEC 1    823                      1132   -309     1040
  SINCE JUL 1    969                      1424   -455     1378

 COOLING
  TODAY            0                         0      0        0
  MONTH TO DATE    2                         0      2        0
  SINCE DEC 1     99                         9     90        4
  SINCE JAN 1      2                         2      0        4
..................................................................


WIND (MPH)
  HIGHEST WIND SPEED    16   HIGHEST WIND DIRECTION    SE (150)
  HIGHEST GUST SPEED    20   HIGHEST GUST DIRECTION    SE (140)
  AVERAGE WIND SPEED     7.3


SKY COVER
  POSSIBLE SUNSHINE  MM
  AVERAGE SKY COVER 0.0


WEATHER CONDITIONS
 THE FOLLOWING WEATHER WAS RECORDED TODAY.
  NO SIGNIFICANT WEATHER WAS OBSERVED.


RELATIVE HUMIDITY (PERCENT)
 HIGHEST    68           700 AM
 LOWEST     24           200 PM
 AVERAGE    46

..........................................................


THE NORTH CHARLESTON SC CLIMATE NORMALS FOR TOMORROW
                         NORMAL    RECORD    YEAR
 MAXIMUM TEMPERATURE (F)   62        79      1999
 MINIMUM TEMPERATURE (F)   40        12      1973


SUNRISE AND SUNSET
FEBRUARY 11 2016......SUNRISE   708 AM EST   SUNSET   601 PM EST
FEBRUARY 12 2016......SUNRISE   707 AM EST   SUNSET   602 PM EST


-  INDICATES NEGATIVE NUMBERS.
R  INDICATES RECORD WAS SET OR TIED.
MM INDICATES DATA IS MISSING.
T  INDICATES TRACE AMOUNT.




$$
