000
CDUS42 KCHS 312114
CLICHS


CLIMATE REPORT
NATIONAL WEATHER SERVICE CHARLESTON SC
514 PM EDT FRI JUL 31 2015


...................................

...THE NORTH CHARLESTON SC CLIMATE SUMMARY FOR JULY 31 2015...
VALID TODAY AS OF 0500 PM LOCAL TIME.

CLIMATE NORMAL PERIOD 1981 TO 2010
CLIMATE RECORD PERIOD 1938 TO 2015


WEATHER ITEM   OBSERVED TIME   RECORD YEAR NORMAL DEPARTURE LAST
                VALUE   (LST)  VALUE       VALUE  FROM      YEAR
                                                  NORMAL
..................................................................
TEMPERATURE (F)
 TODAY
  MAXIMUM         90    316 PM 101    1999  91     -1       87
  MINIMUM         78    604 AM  63    1997  73      5       75
  AVERAGE         84                        82      2       81

PRECIPITATION (IN)
  TODAY            0.00          3.23 1949   0.21  -0.21     2.05
  MONTH TO DATE    7.72                      6.53   1.19     7.41
  SINCE JUN 1     15.41                     12.18   3.23    11.00
  SINCE JAN 1     30.63                     28.49   2.14    28.25

SNOWFALL (IN)
  TODAY            0.0                       0.0    0.0
  SINCE JUN 1      0.0                       0.0    0.0
  SINCE JUL 1      0.0                       0.0    0.0

DEGREE DAYS
 HEATING
  TODAY            0                         0      0        0
  MONTH TO DATE    0                         0      0        0
  SINCE JUN 1      0                         1     -1        0
  SINCE JUL 1      0                         0      0        0

 COOLING
  TODAY           19                        17      2       16
  MONTH TO DATE  574                       529     45      566
  SINCE JUN 1   1102                       950    152     1084
  SINCE JAN 1   1535                      1312    223     1594
..................................................................


WIND (MPH)
  HIGHEST WIND SPEED    18   HIGHEST WIND DIRECTION     S (180)
  HIGHEST GUST SPEED    22   HIGHEST GUST DIRECTION     S (180)
  AVERAGE WIND SPEED     7.1


SKY COVER
  POSSIBLE SUNSHINE  MM
  AVERAGE SKY COVER 0.6


WEATHER CONDITIONS
 THE FOLLOWING WEATHER WAS RECORDED TODAY.
  NO SIGNIFICANT WEATHER WAS OBSERVED.


RELATIVE HUMIDITY (PERCENT)
 HIGHEST    85           300 AM
 LOWEST     59           100 PM
 AVERAGE    72

..........................................................


THE NORTH CHARLESTON SC CLIMATE NORMALS FOR TOMORROW
                         NORMAL    RECORD    YEAR
 MAXIMUM TEMPERATURE (F)   91       105      1999
 MINIMUM TEMPERATURE (F)   73        64      1966


SUNRISE AND SUNSET
JULY 31 2015..........SUNRISE   633 AM EDT   SUNSET   820 PM EDT
AUGUST  1 2015........SUNRISE   634 AM EDT   SUNSET   819 PM EDT


-  INDICATES NEGATIVE NUMBERS.
R  INDICATES RECORD WAS SET OR TIED.
MM INDICATES DATA IS MISSING.
T  INDICATES TRACE AMOUNT.




$$
