000
CDUS42 KCHS 010534
CLICHS


CLIMATE REPORT
NATIONAL WEATHER SERVICE CHARLESTON SC
1233 AM EST SUN FEB 1 2015


...................................

...THE NORTH CHARLESTON SC CLIMATE SUMMARY FOR JANUARY 31 2015...

CLIMATE NORMAL PERIOD 1981 TO 2010
CLIMATE RECORD PERIOD 1938 TO 2015


WEATHER ITEM   OBSERVED TIME   RECORD YEAR NORMAL DEPARTURE LAST
                VALUE   (LST)  VALUE       VALUE  FROM      YEAR
                                                  NORMAL
..................................................................
TEMPERATURE (F)
 YESTERDAY
  MAXIMUM         56    406 PM  81    1975  60     -4       61
  MINIMUM         30    700 AM  15    1966  38     -8       33
  AVERAGE         43                        49     -6       47

PRECIPITATION (IN)
  YESTERDAY        0.00          0.83 1959   0.12  -0.12     0.00
  MONTH TO DATE    3.53                      3.71  -0.18     2.67
  SINCE DEC 1      6.93                      6.82   0.11     4.82
  SINCE JAN 1      3.53                      3.71  -0.18     2.67

SNOWFALL (IN)
  YESTERDAY        0.0                       0.0    0.0
  SINCE DEC 1      T                         0.3   -0.3
  SINCE JUL 1      T                         0.3   -0.3

DEGREE DAYS
 HEATING
  YESTERDAY       22                        16      6       18
  MONTH TO DATE  501                       520    -19      598
  SINCE DEC 1    859                       967   -108      893
  SINCE JUL 1   1197                      1259    -62     1198

 COOLING
  YESTERDAY        0                         0      0        0
  MONTH TO DATE    4                         2      2        2
  SINCE DEC 1      4                         9     -5       36
  SINCE JAN 1      4                         2      2        2
..................................................................


WIND (MPH)
  HIGHEST WIND SPEED    14   HIGHEST WIND DIRECTION    NE (40)
  HIGHEST GUST SPEED    18   HIGHEST GUST DIRECTION     N (10)
  AVERAGE WIND SPEED     5.1


SKY COVER
  POSSIBLE SUNSHINE  MM
  AVERAGE SKY COVER 0.3


WEATHER CONDITIONS
 THE FOLLOWING WEATHER WAS RECORDED YESTERDAY.
  NO SIGNIFICANT WEATHER WAS OBSERVED.


RELATIVE HUMIDITY (PERCENT)
 HIGHEST    64          1100 PM
 LOWEST     12           400 PM
 AVERAGE    38

..........................................................


THE NORTH CHARLESTON SC CLIMATE NORMALS FOR TODAY
                         NORMAL    RECORD    YEAR
 MAXIMUM TEMPERATURE (F)   60        82      2002
 MINIMUM TEMPERATURE (F)   39        21      1977
                                             1940


SUNRISE AND SUNSET
FEBRUARY  1 2015......SUNRISE   715 AM EST   SUNSET   552 PM EST
FEBRUARY  2 2015......SUNRISE   715 AM EST   SUNSET   553 PM EST


-  INDICATES NEGATIVE NUMBERS.
R  INDICATES RECORD WAS SET OR TIED.
MM INDICATES DATA IS MISSING.
T  INDICATES TRACE AMOUNT.




$$
