000
CDUS42 KCHS 220546
CLICHS


CLIMATE REPORT
NATIONAL WEATHER SERVICE CHARLESTON SC
146 AM EDT WED OCT 22 2014


...................................

...THE NORTH CHARLESTON SC CLIMATE SUMMARY FOR OCTOBER 21 2014...

CLIMATE NORMAL PERIOD 1981 TO 2010
CLIMATE RECORD PERIOD 1938 TO 2014


WEATHER ITEM   OBSERVED TIME   RECORD YEAR NORMAL DEPARTURE LAST
                VALUE   (LST)  VALUE       VALUE  FROM      YEAR
                                                  NORMAL
..................................................................
TEMPERATURE (F)
 YESTERDAY
  MAXIMUM         81    311 PM  88    1993  76      5       72
  MINIMUM         60    637 AM  37    1974  55      5       59
                                      1967
                                      1952
  AVERAGE         71                        65      6       66

PRECIPITATION (IN)
  YESTERDAY        0.00          2.05 1959   0.11  -0.11     0.00
  MONTH TO DATE    0.86                      2.80  -1.94     1.36
  SINCE SEP 1      9.52                      8.90   0.62     6.37
  SINCE JAN 1     44.85                     44.54   0.31    52.43

SNOWFALL (IN)
  YESTERDAY        0.0                       0.0    0.0
  SINCE SEP 1      0.0                       0.0    0.0
  SINCE JUL 1      0.0                       0.0    0.0

DEGREE DAYS
 HEATING
  YESTERDAY        0                         3     -3        0
  MONTH TO DATE    6                        31    -25        0
  SINCE SEP 1      6                        34    -28        0
  SINCE JUL 1      6                        34    -28        0

 COOLING
  YESTERDAY        6                         3      3        1
  MONTH TO DATE  155                       102     53      158
  SINCE SEP 1    561                       435    126      531
  SINCE JAN 1   2723                      2240    483     2386
..................................................................


WIND (MPH)
  HIGHEST WIND SPEED    14   HIGHEST WIND DIRECTION     W (280)
  HIGHEST GUST SPEED    17   HIGHEST GUST DIRECTION     W (260)
  AVERAGE WIND SPEED     5.1


SKY COVER
  POSSIBLE SUNSHINE  MM
  AVERAGE SKY COVER 0.1


WEATHER CONDITIONS
 THE FOLLOWING WEATHER WAS RECORDED YESTERDAY.
  NO SIGNIFICANT WEATHER WAS OBSERVED.


RELATIVE HUMIDITY (PERCENT)
 HIGHEST    93           100 AM
 LOWEST     36           200 PM
 AVERAGE    65

..........................................................


THE NORTH CHARLESTON SC CLIMATE NORMALS FOR TODAY
                         NORMAL    RECORD    YEAR
 MAXIMUM TEMPERATURE (F)   76        87      1939
 MINIMUM TEMPERATURE (F)   55        33      1974


SUNRISE AND SUNSET
OCTOBER 22 2014.......SUNRISE   730 AM EDT   SUNSET   639 PM EDT
OCTOBER 23 2014.......SUNRISE   731 AM EDT   SUNSET   638 PM EDT


-  INDICATES NEGATIVE NUMBERS.
R  INDICATES RECORD WAS SET OR TIED.
MM INDICATES DATA IS MISSING.
T  INDICATES TRACE AMOUNT.




$$
