000
CDUS42 KCHS 050601
CLICHS


CLIMATE REPORT
NATIONAL WEATHER SERVICE CHARLESTON SC
101 AM EST MON DEC 5 2016


...................................

...THE NORTH CHARLESTON SC CLIMATE SUMMARY FOR DECEMBER 4 2016...

CLIMATE NORMAL PERIOD 1981 TO 2010
CLIMATE RECORD PERIOD 1938 TO 2016


WEATHER ITEM   OBSERVED TIME   RECORD YEAR NORMAL DEPARTURE LAST
                VALUE   (LST)  VALUE       VALUE  FROM      YEAR
                                                  NORMAL
..................................................................
TEMPERATURE (F)
 YESTERDAY
  MAXIMUM         61    204 PM  80    2013  65     -4       63
                                      1982
  MINIMUM         49    359 AM  21    1960  43      6       46
  AVERAGE         55                        54      1       55

PRECIPITATION (IN)
  YESTERDAY        T             3.20 1941   0.10  -0.10     0.00
  MONTH TO DATE    0.11                      0.37  -0.26     0.30
  SINCE DEC 1      0.11                      0.37  -0.26     0.30
  SINCE JAN 1     54.96                     48.29   6.67    72.05

SNOWFALL (IN)
  YESTERDAY        0.0                       0.0    0.0
  SINCE DEC 1      0.0                       0.0    0.0
  SINCE JUL 1      0.0                       0.0    0.0

DEGREE DAYS
 HEATING
  YESTERDAY       10                        12     -2       10
  MONTH TO DATE   43                        46     -3       18
  SINCE DEC 1     43                        46     -3       18
  SINCE JUL 1    258                       338    -80      164

 COOLING
  YESTERDAY        0                         0      0        0
  MONTH TO DATE    0                         0      0        7
  SINCE DEC 1      0                         0      0        7
  SINCE JAN 1   2958                      2297    661     2614
..................................................................


WIND (MPH)
  HIGHEST WIND SPEED    15   HIGHEST WIND DIRECTION     E (100)
  HIGHEST GUST SPEED    19   HIGHEST GUST DIRECTION     E (80)
  AVERAGE WIND SPEED     7.9


SKY COVER
  POSSIBLE SUNSHINE  MM
  AVERAGE SKY COVER 0.9


WEATHER CONDITIONS
 THE FOLLOWING WEATHER WAS RECORDED YESTERDAY.
  LIGHT RAIN


RELATIVE HUMIDITY (PERCENT)
 HIGHEST    80           800 PM
 LOWEST     55          1000 AM
 AVERAGE    68

..........................................................


THE NORTH CHARLESTON SC CLIMATE NORMALS FOR TODAY
                         NORMAL    RECORD    YEAR
 MAXIMUM TEMPERATURE (F)   64        81      2013
 MINIMUM TEMPERATURE (F)   42        22      1969


SUNRISE AND SUNSET
DECEMBER  5 2016......SUNRISE   708 AM EST   SUNSET   513 PM EST
DECEMBER  6 2016......SUNRISE   709 AM EST   SUNSET   513 PM EST


-  INDICATES NEGATIVE NUMBERS.
R  INDICATES RECORD WAS SET OR TIED.
MM INDICATES DATA IS MISSING.
T  INDICATES TRACE AMOUNT.




$$
