000
CDUS42 KCHS 140521
CLICHS


CLIMATE REPORT
NATIONAL WEATHER SERVICE CHARLESTON SC
121 AM EDT MON JUL 14 2014


...................................

...THE NORTH CHARLESTON SC CLIMATE SUMMARY FOR JULY 13 2014...

CLIMATE NORMAL PERIOD 1981 TO 2010
CLIMATE RECORD PERIOD 1938 TO 2014


WEATHER ITEM   OBSERVED TIME   RECORD YEAR NORMAL DEPARTURE LAST
                VALUE   (LST)  VALUE       VALUE  FROM      YEAR
                                                  NORMAL
..................................................................
TEMPERATURE (F)
 YESTERDAY
  MAXIMUM         88   1028 AM 101    1986  91     -3       87
  MINIMUM         73    516 AM  63    1974  73      0       75
  AVERAGE         81                        82     -1       81

PRECIPITATION (IN)
  YESTERDAY        1.01          2.73 2010   0.22   0.79     0.06
  MONTH TO DATE    3.17                      2.74   0.43     2.61
  SINCE JUN 1      6.76                      8.39  -1.63    15.93
  SINCE JAN 1     24.01                     24.70  -0.69    39.37

DEGREE DAYS
 HEATING
  YESTERDAY        0                         0      0        0
  MONTH TO DATE    0                         0      0        0
  SINCE JUN 1      0                         1     -1        0
  SINCE JUL 1      0                         0      0        0

 COOLING
  YESTERDAY       16                        17     -1       16
  MONTH TO DATE  236                       218     18      213
  SINCE JUN 1    754                       639    115      677
  SINCE JAN 1   1264                      1001    263     1024
..................................................................


WIND (MPH)
  HIGHEST WIND SPEED    24   HIGHEST WIND DIRECTION    SW (210)
  HIGHEST GUST SPEED    30   HIGHEST GUST DIRECTION    SW (210)
  AVERAGE WIND SPEED     4.2


SKY COVER
  POSSIBLE SUNSHINE  MM
  AVERAGE SKY COVER 0.5


WEATHER CONDITIONS
 THE FOLLOWING WEATHER WAS RECORDED YESTERDAY.
  THUNDERSTORM
  HEAVY RAIN
  LIGHT RAIN
  FOG


RELATIVE HUMIDITY (PERCENT)
 HIGHEST    94           700 AM
 LOWEST     65          1100 AM
 AVERAGE    80

..........................................................


THE NORTH CHARLESTON SC CLIMATE NORMALS FOR TODAY
                         NORMAL    RECORD    YEAR
 MAXIMUM TEMPERATURE (F)   91       101      1986
 MINIMUM TEMPERATURE (F)   73        62      1974


SUNRISE AND SUNSET
JULY 14 2014..........SUNRISE   622 AM EDT   SUNSET   830 PM EDT
JULY 15 2014..........SUNRISE   623 AM EDT   SUNSET   829 PM EDT


-  INDICATES NEGATIVE NUMBERS.
R  INDICATES RECORD WAS SET OR TIED.
MM INDICATES DATA IS MISSING.
T  INDICATES TRACE AMOUNT.




$$
