000
CDUS42 KCHS 280614
CLICHS


CLIMATE REPORT
NATIONAL WEATHER SERVICE CHARLESTON SC
214 AM EDT WED SEP 28 2016


...................................

...THE NORTH CHARLESTON SC CLIMATE SUMMARY FOR SEPTEMBER 27 2016...

CLIMATE NORMAL PERIOD 1981 TO 2010
CLIMATE RECORD PERIOD 1938 TO 2016


WEATHER ITEM   OBSERVED TIME   RECORD YEAR NORMAL DEPARTURE LAST
                VALUE   (LST)  VALUE       VALUE  FROM      YEAR
                                                  NORMAL
..................................................................
TEMPERATURE (F)
 YESTERDAY
  MAXIMUM         89    242 PM  94    1986  82      7       80
  MINIMUM         73   1159 PM  49    1940  64      9       70
  AVERAGE         81                        73      8       75

PRECIPITATION (IN)
  YESTERDAY        T             2.95 2010   0.17  -0.17      T
  MONTH TO DATE   12.05                      5.58   6.47     2.28
  SINCE SEP 1     12.05                      5.58   6.47     2.28
  SINCE JAN 1     44.04                     41.22   2.82    44.13

DEGREE DAYS
 HEATING
  YESTERDAY        0                         0      0        0
  MONTH TO DATE    0                         0      0        0
  SINCE SEP 1      0                         0      0        0
  SINCE JUL 1      0                         0      0        0

 COOLING
  YESTERDAY       16                         8      8       10
  MONTH TO DATE  407                       310     97      338
  SINCE SEP 1    407                       310     97      338
  SINCE JAN 1   2682                      2115    567     2385
..................................................................


WIND (MPH)
  HIGHEST WIND SPEED    12   HIGHEST WIND DIRECTION    SE (150)
  HIGHEST GUST SPEED    14   HIGHEST GUST DIRECTION    SE (140)
  AVERAGE WIND SPEED     4.1


SKY COVER
  POSSIBLE SUNSHINE  MM
  AVERAGE SKY COVER 0.6


WEATHER CONDITIONS
 THE FOLLOWING WEATHER WAS RECORDED YESTERDAY.
  LIGHT RAIN
  FOG


RELATIVE HUMIDITY (PERCENT)
 HIGHEST    93           300 AM
 LOWEST     51           200 PM
 AVERAGE    72

..........................................................


THE NORTH CHARLESTON SC CLIMATE NORMALS FOR TODAY
                         NORMAL    RECORD    YEAR
 MAXIMUM TEMPERATURE (F)   82        94      1986
 MINIMUM TEMPERATURE (F)   63        50      1962
                                             1947


SUNRISE AND SUNSET
SEPTEMBER 28 2016.....SUNRISE   713 AM EDT   SUNSET   708 PM EDT
SEPTEMBER 29 2016.....SUNRISE   713 AM EDT   SUNSET   707 PM EDT


-  INDICATES NEGATIVE NUMBERS.
R  INDICATES RECORD WAS SET OR TIED.
MM INDICATES DATA IS MISSING.
T  INDICATES TRACE AMOUNT.




$$
