000
CDUS42 KCHS 312108
CLICHS


CLIMATE REPORT
NATIONAL WEATHER SERVICE CHARLESTON SC
507 PM EDT TUE MAY 31 2016


...................................

...THE NORTH CHARLESTON SC CLIMATE SUMMARY FOR MAY 31 2016...
VALID TODAY AS OF 500 PM LOCAL TIME.

CLIMATE NORMAL PERIOD 1981 TO 2010
CLIMATE RECORD PERIOD 1938 TO 2016


WEATHER ITEM   OBSERVED TIME   RECORD YEAR NORMAL DEPARTURE LAST
                VALUE   (LST)  VALUE       VALUE  FROM      YEAR
                                                  NORMAL
..................................................................
TEMPERATURE (F)
 TODAY
  MAXIMUM         90    337 PM  98    1953  86      4       88
  MINIMUM         70    541 AM  49    1984  66      4       65
  AVERAGE         80                        76      4       77

PRECIPITATION (IN)
  TODAY            0.00          1.53 1994   0.12  -0.12     0.00
  MONTH TO DATE    6.37                      3.02   3.35     1.36
  SINCE MAR 1     12.17                      9.64   2.53     7.29
  SINCE JAN 1     20.46                     16.31   4.15    15.22

SNOWFALL (IN)
  TODAY            0.0                       0.0    0.0
  SINCE MAR 1      0.0                       0.0    0.0
  SINCE JUL 1      T                         0.5   -0.5

DEGREE DAYS
 HEATING
  TODAY            0                         0      0        0
  MONTH TO DATE    4                         8     -4        4
  SINCE MAR 1    180                       339   -159      210
  SINCE JUL 1   1357                      1975   -618     1947

 COOLING
  TODAY           15                        11      4       12
  MONTH TO DATE  287                       244     43      269
  SINCE MAR 1    487                       355    132      429
  SINCE JAN 1    495                       362    133      433
..................................................................


WIND (MPH)
  HIGHEST WIND SPEED    15   HIGHEST WIND DIRECTION     N (340)
  HIGHEST GUST SPEED    19   HIGHEST GUST DIRECTION     N (350)
  AVERAGE WIND SPEED     7.8


SKY COVER
  POSSIBLE SUNSHINE  MM
  AVERAGE SKY COVER 0.7


WEATHER CONDITIONS
 THE FOLLOWING WEATHER WAS RECORDED TODAY.
  NO SIGNIFICANT WEATHER WAS OBSERVED.


RELATIVE HUMIDITY (PERCENT)
 HIGHEST    93           100 AM
 LOWEST     52           300 PM
 AVERAGE    73

..........................................................


THE NORTH CHARLESTON SC CLIMATE NORMALS FOR TOMORROW
                         NORMAL    RECORD    YEAR
 MAXIMUM TEMPERATURE (F)   86        98      1953
                                             1945
 MINIMUM TEMPERATURE (F)   67        51      1966


SUNRISE AND SUNSET
MAY 31 2016...........SUNRISE   613 AM EDT   SUNSET   823 PM EDT
JUNE  1 2016..........SUNRISE   613 AM EDT   SUNSET   824 PM EDT


-  INDICATES NEGATIVE NUMBERS.
R  INDICATES RECORD WAS SET OR TIED.
MM INDICATES DATA IS MISSING.
T  INDICATES TRACE AMOUNT.



$$
