428
CDUS43 KDVN 260937
CLICID


CLIMATE REPORT
NATIONAL WEATHER SERVICE QUAD CITIES IA IL
436 AM CDT THU MAY 26 2016


...................................

...THE CEDAR RAPIDS IA CLIMATE SUMMARY FOR MAY 25 2016...

CLIMATE NORMAL PERIOD 1981 TO 2010
CLIMATE RECORD PERIOD 1891 TO 2016


WEATHER ITEM   OBSERVED TIME   RECORD YEAR NORMAL DEPARTURE LAST
                VALUE   (LST)  VALUE       VALUE  FROM      YEAR
                                                  NORMAL
..................................................................
TEMPERATURE (F)
 YESTERDAY
  MAXIMUM         82    524 PM  95    1911  74      8       79
  MINIMUM         62    518 AM  28    1925  52     10       63
  AVERAGE         72                        63      9       71

PRECIPITATION (IN)
  YESTERDAY        T            MM      MM   0.14  -0.14     0.07
  MONTH TO DATE    1.34                      3.32  -1.98     2.86
  SINCE MAR 1      6.10                      8.47  -2.37     7.10
  SINCE JAN 1      6.70                     10.61  -3.91     8.43

DEGREE DAYS
 HEATING
  YESTERDAY        0                         4     -4        0
  MONTH TO DATE  187                       173     14      123
  SINCE MAR 1   1338                      1535   -197     1414
  SINCE JUL 1   5649                      6818  -1169     6941

 COOLING
  YESTERDAY        7                         2      5        6
  MONTH TO DATE   22                        27     -5       33
  SINCE MAR 1     25                        34     -9       33
  SINCE JAN 1     25                        34     -9       33
..................................................................


WIND (MPH)
  HIGHEST WIND SPEED    20   HIGHEST WIND DIRECTION    SW (210)
  HIGHEST GUST SPEED    25   HIGHEST GUST DIRECTION     S (190)
  AVERAGE WIND SPEED     8.1


SKY COVER
  POSSIBLE SUNSHINE  MM
  AVERAGE SKY COVER 0.3


WEATHER CONDITIONS
 THE FOLLOWING WEATHER WAS RECORDED YESTERDAY.
  LIGHT RAIN
  FOG


RELATIVE HUMIDITY (PERCENT)
 HIGHEST   100           100 AM
 LOWEST     47           500 PM
 AVERAGE    74

..........................................................


THE CEDAR RAPIDS IA CLIMATE NORMALS FOR TODAY
                         NORMAL    RECORD    YEAR
 MAXIMUM TEMPERATURE (F)   74        96      1978
 MINIMUM TEMPERATURE (F)   53        29      1925


SUNRISE AND SUNSET
MAY 26 2016...........SUNRISE   537 AM CDT   SUNSET   831 PM CDT
MAY 27 2016...........SUNRISE   537 AM CDT   SUNSET   832 PM CDT


-  INDICATES NEGATIVE NUMBERS.
R  INDICATES RECORD WAS SET OR TIED.
MM INDICATES DATA IS MISSING.
T  INDICATES TRACE AMOUNT.




$$
