000
CDUS43 KDVN 210924
CLICID


CLIMATE REPORT
NATIONAL WEATHER SERVICE QUAD CITIES IA IL
422 AM CDT MON APR 21 2014


...................................

...THE CEDAR RAPIDS IA CLIMATE SUMMARY FOR APRIL 20 2014...

CLIMATE NORMAL PERIOD 1981 TO 2010
CLIMATE RECORD PERIOD 1891 TO 2014


WEATHER ITEM   OBSERVED TIME   RECORD YEAR NORMAL DEPARTURE LAST
                VALUE   (LST)  VALUE       VALUE  FROM      YEAR
                                                  NORMAL
..................................................................
TEMPERATURE (F)
 YESTERDAY
  MAXIMUM         81    237 PM  89    1987  63     18       47
  MINIMUM         54    604 AM  27    2013  39     15       27
                                      1928
  AVERAGE         68                        51     17       37

PRECIPITATION (IN)
  YESTERDAY        0.00         MM      MM   0.10  -0.10     0.00
  MONTH TO DATE    4.06                      1.89   2.17     8.52
  SINCE MAR 1      4.45                      3.99   0.46    10.86
  SINCE JAN 1      6.20                      6.13   0.07    12.81

DEGREE DAYS
 HEATING
  YESTERDAY        0                        14    -14       28
  MONTH TO DATE  376                       358     18      442
  SINCE MAR 1   1446                      1239    207     1552
  SINCE JUL 1   7485                      6522    963     6664

 COOLING
  YESTERDAY        3                         0      3        0
  MONTH TO DATE    7                         0      7        0
  SINCE MAR 1      7                         0      7        0
  SINCE JAN 1      7                         0      7        0
..................................................................


WIND (MPH)
  HIGHEST WIND SPEED    23   HIGHEST WIND DIRECTION     S (190)
  HIGHEST GUST SPEED    32   HIGHEST GUST DIRECTION     S (190)
  AVERAGE WIND SPEED    11.7


SKY COVER
  POSSIBLE SUNSHINE  MM
  AVERAGE SKY COVER 0.1


WEATHER CONDITIONS
 THE FOLLOWING WEATHER WAS RECORDED YESTERDAY.
  NO SIGNIFICANT WEATHER WAS OBSERVED.


RELATIVE HUMIDITY (PERCENT)
 HIGHEST    61           700 AM
 LOWEST     30           100 PM
 AVERAGE    46

..........................................................


THE CEDAR RAPIDS IA CLIMATE NORMALS FOR TODAY
                         NORMAL    RECORD    YEAR
 MAXIMUM TEMPERATURE (F)   63        90      1980
 MINIMUM TEMPERATURE (F)   40        23      1934


SUNRISE AND SUNSET
APRIL 21 2014.........SUNRISE   617 AM CDT   SUNSET   754 PM CDT
APRIL 22 2014.........SUNRISE   616 AM CDT   SUNSET   756 PM CDT


-  INDICATES NEGATIVE NUMBERS.
R  INDICATES RECORD WAS SET OR TIED.
MM INDICATES DATA IS MISSING.
T  INDICATES TRACE AMOUNT.




$$
