000
CDUS43 KDVN 300945
CLICID


CLIMATE REPORT
NATIONAL WEATHER SERVICE QUAD CITIES IA IL
445 AM CDT TUE SEP 30 2014


...................................

...THE CEDAR RAPIDS IA CLIMATE SUMMARY FOR SEPTEMBER 29 2014...

CLIMATE NORMAL PERIOD 1981 TO 2010
CLIMATE RECORD PERIOD 1891 TO 2014


WEATHER ITEM   OBSERVED TIME   RECORD YEAR NORMAL DEPARTURE LAST
                VALUE   (LST)  VALUE       VALUE  FROM      YEAR
                                                  NORMAL
..................................................................
TEMPERATURE (F)
 YESTERDAY
  MAXIMUM         82    248 PM  92    1953  69     13       71
  MINIMUM         53    624 AM  27    1984  45      8       41
  AVERAGE         68                        57     11       56

PRECIPITATION (IN)
  YESTERDAY        0.00         MM      MM   0.09  -0.09     0.00
  MONTH TO DATE    3.55                      3.07   0.48     2.19
  SINCE SEP 1      3.55                      3.07   0.48     2.19
  SINCE JAN 1     34.03                     28.37   5.66    31.59

DEGREE DAYS
 HEATING
  YESTERDAY        0                         9     -9        9
  MONTH TO DATE  135                       129      6       77
  SINCE SEP 1    135                       129      6       77
  SINCE JUL 1    154                       148      6       96

 COOLING
  YESTERDAY        3                         1      2        0
  MONTH TO DATE   53                        71    -18      145
  SINCE SEP 1     53                        71    -18      145
  SINCE JAN 1    670                       739    -69      865
..................................................................


WIND (MPH)
  HIGHEST WIND SPEED    16   HIGHEST WIND DIRECTION    NE (50)
  HIGHEST GUST SPEED    22   HIGHEST GUST DIRECTION     W (260)
  AVERAGE WIND SPEED     6.5


SKY COVER
  POSSIBLE SUNSHINE  MM
  AVERAGE SKY COVER 0.2


WEATHER CONDITIONS
 THE FOLLOWING WEATHER WAS RECORDED YESTERDAY.
  FOG
  HAZE


RELATIVE HUMIDITY (PERCENT)
 HIGHEST   100           600 AM
 LOWEST     47           200 PM
 AVERAGE    74

..........................................................


THE CEDAR RAPIDS IA CLIMATE NORMALS FOR TODAY
                         NORMAL    RECORD    YEAR
 MAXIMUM TEMPERATURE (F)   69        91      1994
 MINIMUM TEMPERATURE (F)   45        22      1899


SUNRISE AND SUNSET
SEPTEMBER 30 2014.....SUNRISE   703 AM CDT   SUNSET   650 PM CDT
OCTOBER  1 2014.......SUNRISE   704 AM CDT   SUNSET   648 PM CDT


-  INDICATES NEGATIVE NUMBERS.
R  INDICATES RECORD WAS SET OR TIED.
MM INDICATES DATA IS MISSING.
T  INDICATES TRACE AMOUNT.




$$
