000
CDUS43 KDVN 230906
CLICID


CLIMATE REPORT
NATIONAL WEATHER SERVICE QUAD CITIES IA IL
406 AM CDT SAT JUL 23 2016


...................................

...THE CEDAR RAPIDS IA CLIMATE SUMMARY FOR JULY 22 2016...

CLIMATE NORMAL PERIOD 1981 TO 2010
CLIMATE RECORD PERIOD 1891 TO 2016


WEATHER ITEM   OBSERVED TIME   RECORD YEAR NORMAL DEPARTURE LAST
                VALUE   (LST)  VALUE       VALUE  FROM      YEAR
                                                  NORMAL
..................................................................
TEMPERATURE (F)
 YESTERDAY
  MAXIMUM         88    519 PM 101    1934  83      5       80
  MINIMUM         70    633 AM  44    1947  63      7       56
  AVERAGE         79                        73      6       68

PRECIPITATION (IN)
  YESTERDAY        0.52         MM      MM   0.13   0.39     0.00
  MONTH TO DATE    3.72                      3.30   0.42     1.42
  SINCE JUN 1     12.05                      8.22   3.83    10.27
  SINCE JAN 1     20.71                     19.66   1.05    19.47

DEGREE DAYS
 HEATING
  YESTERDAY        0                         0      0        0
  MONTH TO DATE    3                         0      3        4
  SINCE JUN 1      8                        29    -21       13
  SINCE JUL 1      3                         0      3        4

 COOLING
  YESTERDAY       14                         8      6        3
  MONTH TO DATE  166                       176    -10      140
  SINCE JUN 1    403                       342     61      285
  SINCE JAN 1    463                       391     72      335
..................................................................


WIND (MPH)
  HIGHEST WIND SPEED    20   HIGHEST WIND DIRECTION     E (110)
  HIGHEST GUST SPEED    25   HIGHEST GUST DIRECTION    SE (120)
  AVERAGE WIND SPEED     5.8


SKY COVER
  POSSIBLE SUNSHINE  MM
  AVERAGE SKY COVER 0.4


WEATHER CONDITIONS
 THE FOLLOWING WEATHER WAS RECORDED YESTERDAY.
  THUNDERSTORM
  HEAVY RAIN
  RAIN
  LIGHT RAIN
  FOG


RELATIVE HUMIDITY (PERCENT)
 HIGHEST   100           100 AM
 LOWEST     75           400 PM
 AVERAGE    88

..........................................................


THE CEDAR RAPIDS IA CLIMATE NORMALS FOR TODAY
                         NORMAL    RECORD    YEAR
 MAXIMUM TEMPERATURE (F)   83       104      1901
 MINIMUM TEMPERATURE (F)   63        44      1925


SUNRISE AND SUNSET
JULY 23 2016..........SUNRISE   552 AM CDT   SUNSET   834 PM CDT
JULY 24 2016..........SUNRISE   553 AM CDT   SUNSET   833 PM CDT


-  INDICATES NEGATIVE NUMBERS.
R  INDICATES RECORD WAS SET OR TIED.
MM INDICATES DATA IS MISSING.
T  INDICATES TRACE AMOUNT.




$$
