000
CDUS43 KDVN 290917
CLICID


CLIMATE REPORT
NATIONAL WEATHER SERVICE QUAD CITIES IA IL
415 AM CDT SUN MAR 29 2015


...................................

...THE CEDAR RAPIDS IA CLIMATE SUMMARY FOR MARCH 28 2015...

CLIMATE NORMAL PERIOD 1981 TO 2010
CLIMATE RECORD PERIOD 1891 TO 2015


WEATHER ITEM   OBSERVED TIME   RECORD YEAR NORMAL DEPARTURE LAST
                VALUE   (LST)  VALUE       VALUE  FROM      YEAR
                                                  NORMAL
..................................................................
TEMPERATURE (F)
 YESTERDAY
  MAXIMUM         43    356 PM  81    1968  53    -10       38
  MINIMUM         18    617 AM   9    1970  31    -13       32
  AVERAGE         31                        42    -11       35

PRECIPITATION (IN)
  YESTERDAY        0.00         MM      MM   0.07  -0.07      T
  MONTH TO DATE    0.46                      1.86  -1.40     0.35
  SINCE MAR 1      0.46                      1.86  -1.40     0.35
  SINCE JAN 1      1.79                      4.00  -2.21     2.10

DEGREE DAYS
 HEATING
  YESTERDAY       34                        23     11       30
  MONTH TO DATE  825                       813     12     1015
  SINCE MAR 1    825                       813     12     1015
  SINCE JUL 1   6352                      6096    256     7054

 COOLING
  YESTERDAY        0                         0      0        0
  MONTH TO DATE    0                         0      0        0
  SINCE MAR 1      0                         0      0        0
  SINCE JAN 1      0                         0      0        0
..................................................................


WIND (MPH)
  HIGHEST WIND SPEED    16   HIGHEST WIND DIRECTION     S (160)
  HIGHEST GUST SPEED    22   HIGHEST GUST DIRECTION    SE (130)
  AVERAGE WIND SPEED     9.1


SKY COVER
  POSSIBLE SUNSHINE  MM
  AVERAGE SKY COVER 0.1


WEATHER CONDITIONS
 THE FOLLOWING WEATHER WAS RECORDED YESTERDAY.
  NO SIGNIFICANT WEATHER WAS OBSERVED.


RELATIVE HUMIDITY (PERCENT)
 HIGHEST    77           700 AM
 LOWEST     29           200 PM
 AVERAGE    53

..........................................................


THE CEDAR RAPIDS IA CLIMATE NORMALS FOR TODAY
                         NORMAL    RECORD    YEAR
 MAXIMUM TEMPERATURE (F)   53        88      1986
 MINIMUM TEMPERATURE (F)   31         9      1969


SUNRISE AND SUNSET
MARCH 29 2015.........SUNRISE   655 AM CDT   SUNSET   729 PM CDT
MARCH 30 2015.........SUNRISE   653 AM CDT   SUNSET   730 PM CDT


-  INDICATES NEGATIVE NUMBERS.
R  INDICATES RECORD WAS SET OR TIED.
MM INDICATES DATA IS MISSING.
T  INDICATES TRACE AMOUNT.




$$
