000
CDUS43 KDVN 280911
CLICID


CLIMATE REPORT
NATIONAL WEATHER SERVICE QUAD CITIES IA IL
410 AM CDT SUN AUG 28 2016


...................................

...THE CEDAR RAPIDS IA CLIMATE SUMMARY FOR AUGUST 27 2016...

CLIMATE NORMAL PERIOD 1981 TO 2010
CLIMATE RECORD PERIOD 1891 TO 2016


WEATHER ITEM   OBSERVED TIME   RECORD YEAR NORMAL DEPARTURE LAST
                VALUE   (LST)  VALUE       VALUE  FROM      YEAR
                                                  NORMAL
..................................................................
TEMPERATURE (F)
 YESTERDAY
  MAXIMUM         80    456 PM  97    1995  80      0       73
                                      1955
  MINIMUM         64    419 AM  43    1986  59      5       50
  AVERAGE         72                        70      2       62

PRECIPITATION (IN)
  YESTERDAY        0.38         MM      MM   0.14   0.24     0.00
  MONTH TO DATE    7.61                      3.93   3.68     1.53
  SINCE JUN 1     19.80                     13.31   6.49    15.96
  SINCE JAN 1     28.46                     24.75   3.71    25.16

DEGREE DAYS
 HEATING
  YESTERDAY        0                         1     -1        3
  MONTH TO DATE    1                         8     -7       23
  SINCE JUN 1      9                        41    -32       36
  SINCE JUL 1      4                        12     -8       27

 COOLING
  YESTERDAY        7                         5      2        0
  MONTH TO DATE  221                       180     41      134
  SINCE JUN 1    712                       598    114      500
  SINCE JAN 1    772                       647    125      550
..................................................................


WIND (MPH)
  HIGHEST WIND SPEED    15   HIGHEST WIND DIRECTION     E (80)
  HIGHEST GUST SPEED    18   HIGHEST GUST DIRECTION    NE (60)
  AVERAGE WIND SPEED     6.2


SKY COVER
  POSSIBLE SUNSHINE  MM
  AVERAGE SKY COVER 0.6


WEATHER CONDITIONS
 THE FOLLOWING WEATHER WAS RECORDED YESTERDAY.
  HEAVY RAIN
  LIGHT RAIN
  FOG


RELATIVE HUMIDITY (PERCENT)
 HIGHEST   100           100 AM
 LOWEST     74           400 PM
 AVERAGE    87

..........................................................


THE CEDAR RAPIDS IA CLIMATE NORMALS FOR TODAY
                         NORMAL    RECORD    YEAR
 MAXIMUM TEMPERATURE (F)   80        96      2013
                                             1955
 MINIMUM TEMPERATURE (F)   59        40      1986


SUNRISE AND SUNSET
AUGUST 28 2016........SUNRISE   629 AM CDT   SUNSET   746 PM CDT
AUGUST 29 2016........SUNRISE   630 AM CDT   SUNSET   744 PM CDT


-  INDICATES NEGATIVE NUMBERS.
R  INDICATES RECORD WAS SET OR TIED.
MM INDICATES DATA IS MISSING.
T  INDICATES TRACE AMOUNT.




$$
