000
CDUS43 KDVN 242229
CLICID


CLIMATE REPORT
NATIONAL WEATHER SERVICE QUAD CITIES IA IL
429 PM CST SAT FEB 24 2018


...................................

...THE CEDAR RAPIDS IA CLIMATE SUMMARY FOR FEBRUARY 24 2018...
VALID TODAY AS OF 0400 PM LOCAL TIME.

CLIMATE NORMAL PERIOD 1981 TO 2010
CLIMATE RECORD PERIOD 1891 TO 2018


WEATHER ITEM   OBSERVED TIME   RECORD YEAR NORMAL DEPARTURE LAST
                VALUE   (LST)  VALUE       VALUE  FROM      YEAR
                                                  NORMAL
..................................................................
TEMPERATURE (F)
 TODAY
  MAXIMUM         36    359 PM  67    2002  37     -1       37
  MINIMUM         24    155 AM -12    1993  19      5       22
  AVERAGE         30                        28      2       30

PRECIPITATION (IN)
  TODAY            T            MM      MM   0.05  -0.05     0.07
  MONTH TO DATE    1.42                      1.01   0.41     0.61
  SINCE DEC 1      2.48                      3.35  -0.87     3.36
  SINCE JAN 1      1.87                      1.93  -0.06     2.11

DEGREE DAYS
 HEATING
  TODAY           35                        37     -2       35
  MONTH TO DATE 1057                       990     67      716
  SINCE DEC 1   3709                      3692     17     3250
  SINCE JUL 1   4967                      5138   -171     4167

 COOLING
  TODAY            0                         0      0        0
  MONTH TO DATE    0                         0      0        0
  SINCE DEC 1      0                         0      0        0
  SINCE JAN 1      0                         0      0        0
..................................................................


WIND (MPH)
  HIGHEST WIND SPEED    24   HIGHEST WIND DIRECTION     E (100)
  HIGHEST GUST SPEED    31   HIGHEST GUST DIRECTION     E (110)
  AVERAGE WIND SPEED    12.5


SKY COVER
  POSSIBLE SUNSHINE  MM
  AVERAGE SKY COVER 0.8


WEATHER CONDITIONS
 THE FOLLOWING WEATHER WAS RECORDED TODAY.
  LIGHT RAIN
  LIGHT SNOW
  FOG
  HAZE


RELATIVE HUMIDITY (PERCENT)
 HIGHEST    92           400 PM
 LOWEST     78           500 AM
 AVERAGE    85

..........................................................


THE CEDAR RAPIDS IA CLIMATE NORMALS FOR TOMORROW
                         NORMAL    RECORD    YEAR
 MAXIMUM TEMPERATURE (F)   37        67      2000
 MINIMUM TEMPERATURE (F)   19       -13      1940


SUNRISE AND SUNSET
FEBRUARY 24 2018......SUNRISE   649 AM CST   SUNSET   551 PM CST
FEBRUARY 25 2018......SUNRISE   648 AM CST   SUNSET   552 PM CST


-  INDICATES NEGATIVE NUMBERS.
R  INDICATES RECORD WAS SET OR TIED.
MM INDICATES DATA IS MISSING.
T  INDICATES TRACE AMOUNT.




$$
