966
CDUS43 KDVN 292122
CLICID


CLIMATE REPORT
NATIONAL WEATHER SERVICE QUAD CITIES IA IL
422 PM CDT WED MAR 29 2017


...................................

...THE CEDAR RAPIDS IA CLIMATE SUMMARY FOR MARCH 29 2017...
VALID TODAY AS OF 0400 PM LOCAL TIME.

CLIMATE NORMAL PERIOD 1981 TO 2010
CLIMATE RECORD PERIOD 1891 TO 2017


WEATHER ITEM   OBSERVED TIME   RECORD YEAR NORMAL DEPARTURE LAST
                VALUE   (LST)  VALUE       VALUE  FROM      YEAR
                                                  NORMAL
..................................................................
TEMPERATURE (F)
 TODAY
  MAXIMUM         44    259 PM  88    1986  53     -9       63
  MINIMUM         38   1236 AM   9    1969  31      7       37
  AVERAGE         41                        42     -1       50

PRECIPITATION (IN)
  TODAY            0.18         MM      MM   0.08   0.10     0.00
  MONTH TO DATE    1.68                      1.94  -0.26     1.75
  SINCE MAR 1      1.68                      1.94  -0.26     1.75
  SINCE JAN 1      3.85                      4.08  -0.23     2.35

DEGREE DAYS
 HEATING
  TODAY           24                        23      1       15
  MONTH TO DATE  805                       836    -31      667
  SINCE MAR 1    805                       836    -31      667
  SINCE JUL 1   5081                      6119  -1038     4978

 COOLING
  TODAY            0                         0      0        0
  MONTH TO DATE    0                         0      0        0
  SINCE MAR 1      0                         0      0        0
  SINCE JAN 1      0                         0      0        0
..................................................................


WIND (MPH)
  HIGHEST WIND SPEED    29   HIGHEST WIND DIRECTION     E (80)
  HIGHEST GUST SPEED    35   HIGHEST GUST DIRECTION     E (80)
  AVERAGE WIND SPEED    13.2


SKY COVER
  POSSIBLE SUNSHINE  MM
  AVERAGE SKY COVER 0.8


WEATHER CONDITIONS
 THE FOLLOWING WEATHER WAS RECORDED TODAY.
  RAIN
  LIGHT RAIN
  FOG


RELATIVE HUMIDITY (PERCENT)
 HIGHEST   100           100 AM
 LOWEST     92          1200 AM
 AVERAGE    96

..........................................................


THE CEDAR RAPIDS IA CLIMATE NORMALS FOR TOMORROW
                         NORMAL    RECORD    YEAR
 MAXIMUM TEMPERATURE (F)   54        82      1943
 MINIMUM TEMPERATURE (F)   32         6      1964


SUNRISE AND SUNSET
MARCH 29 2017.........SUNRISE   654 AM CDT   SUNSET   729 PM CDT
MARCH 30 2017.........SUNRISE   653 AM CDT   SUNSET   730 PM CDT


-  INDICATES NEGATIVE NUMBERS.
R  INDICATES RECORD WAS SET OR TIED.
MM INDICATES DATA IS MISSING.
T  INDICATES TRACE AMOUNT.




$$
