000
CDUS41 KCLE 010534
CLICLE


CLIMATE REPORT
NATIONAL WEATHER SERVICE CLEVELAND OH
132 AM EDT SAT AUG 1 2015


...................................

...THE CLEVELAND OH CLIMATE SUMMARY FOR JULY 31 2015...

CLIMATE NORMAL PERIOD 1981 TO 2010
CLIMATE RECORD PERIOD 1871 TO 2015


WEATHER ITEM   OBSERVED TIME   RECORD YEAR NORMAL DEPARTURE LAST
                VALUE   (LST)  VALUE       VALUE  FROM      YEAR
                                                  NORMAL
..................................................................
TEMPERATURE (F)
 YESTERDAY
  MAXIMUM         88    306 PM  97    1955  82      6       77
  MINIMUM         63    302 AM  51    1891  64     -1       58
  AVERAGE         76                        73      3       68

PRECIPITATION (IN)
  YESTERDAY        T                         0.12  -0.12     0.00
  MONTH TO DATE    2.72                      3.46  -0.74     3.99
  SINCE JUN 1     11.24                      6.89   4.35    10.25
  SINCE JAN 1     24.87                     22.03   2.84    26.52

SNOWFALL (IN)
  YESTERDAY        0.0                       0.0    0.0      0.0
  MONTH TO DATE    0.0                       0.0    0.0      0.0
  SINCE JUN 1      0.0                       0.0    0.0      0.0
  SINCE JUL 1      0.0                       0.0    0.0      0.0
  SNOW DEPTH       0

DEGREE DAYS
 HEATING
  YESTERDAY        0                         0      0        0
  MONTH TO DATE    3                         0      3       14
  SINCE JUN 1     33                        46    -13       34
  SINCE JUL 1      3                         4     -1       14

 COOLING
  YESTERDAY       11                         8      3        3
  MONTH TO DATE  210                       265    -55      152
  SINCE JUN 1    357                       433    -76      334
  SINCE JAN 1    478                       492    -14      400
..................................................................


WIND (MPH)
  HIGHEST WIND SPEED    25   HIGHEST WIND DIRECTION     W (250)
  HIGHEST GUST SPEED    31   HIGHEST GUST DIRECTION     W (250)
  AVERAGE WIND SPEED    10.3


SKY COVER
  POSSIBLE SUNSHINE  MM
  AVERAGE SKY COVER 0.2


WEATHER CONDITIONS
 THE FOLLOWING WEATHER WAS RECORDED YESTERDAY.
  LIGHT RAIN


RELATIVE HUMIDITY (PERCENT)
 HIGHEST    78           300 AM
 LOWEST     29           200 PM
 AVERAGE    54

..........................................................


THE CLEVELAND OH CLIMATE NORMALS FOR TODAY
                         NORMAL    RECORD    YEAR
 MAXIMUM TEMPERATURE (F)   82        95      1917
 MINIMUM TEMPERATURE (F)   64        47      1960
                                             1952


SUNRISE AND SUNSET
AUGUST  1 2015........SUNRISE   622 AM EDT   SUNSET   845 PM EDT
AUGUST  2 2015........SUNRISE   623 AM EDT   SUNSET   844 PM EDT


-  INDICATES NEGATIVE NUMBERS.
R  INDICATES RECORD WAS SET OR TIED.
MM INDICATES DATA IS MISSING.
T  INDICATES TRACE AMOUNT.




$$
